/*
MySQL Data Transfer
Source Host: localhost
Source Database: myjeecms
Target Host: localhost
Target Database: myjeecms
Date: 2012-2-14 22:38:36
*/

-- ----------------------------
-- Table structure for jc_acquisition
-- ----------------------------
CREATE TABLE `jc_acquisition` (
  `acquisition_id` int(11) NOT NULL AUTO_INCREMENT,
  `site_id` int(11) NOT NULL,
  `channel_id` int(11) NOT NULL,
  `type_id` int(11) NOT NULL,
  `user_id` int(11) NOT NULL,
  `acq_name` varchar(50) NOT NULL COMMENT '采集名称',
  `start_time` datetime DEFAULT NULL COMMENT '开始时间',
  `end_time` datetime DEFAULT NULL COMMENT '停止时间',
  `status` int(11) NOT NULL DEFAULT '0' COMMENT '当前状态(0:静止;1:采集;2:暂停)',
  `curr_num` int(11) NOT NULL DEFAULT '0' COMMENT '当前号码',
  `curr_item` int(11) NOT NULL DEFAULT '0' COMMENT '当前条数',
  `total_item` int(11) NOT NULL DEFAULT '0' COMMENT '每页总条数',
  `pause_time` int(11) NOT NULL DEFAULT '0' COMMENT '暂停时间(毫秒)',
  `page_encoding` varchar(20) NOT NULL DEFAULT 'GBK' COMMENT '页面编码',
  `plan_list` longtext COMMENT '采集列表',
  `dynamic_addr` varchar(255) DEFAULT NULL COMMENT '动态地址',
  `dynamic_start` int(11) DEFAULT NULL COMMENT '页码开始',
  `dynamic_end` int(11) DEFAULT NULL COMMENT '页码结束',
  `linkset_start` varchar(255) DEFAULT NULL COMMENT '内容链接区开始',
  `linkset_end` varchar(255) DEFAULT NULL COMMENT '内容链接区结束',
  `link_start` varchar(255) DEFAULT NULL COMMENT '内容链接开始',
  `link_end` varchar(255) DEFAULT NULL COMMENT '内容链接结束',
  `title_start` varchar(255) DEFAULT NULL COMMENT '标题开始',
  `title_end` varchar(255) DEFAULT NULL COMMENT '标题结束',
  `keywords_start` varchar(255) DEFAULT NULL COMMENT '关键字开始',
  `keywords_end` varchar(255) DEFAULT NULL COMMENT '关键字结束',
  `description_start` varchar(255) DEFAULT NULL COMMENT '描述开始',
  `description_end` varchar(255) DEFAULT NULL COMMENT '描述结束',
  `content_start` varchar(255) DEFAULT NULL COMMENT '内容开始',
  `content_end` varchar(255) DEFAULT NULL COMMENT '内容结束',
  `pagination_start` varchar(255) DEFAULT NULL COMMENT '内容分页开始',
  `pagination_end` varchar(255) DEFAULT NULL COMMENT '内容分页结束',
  `pagination_repair_url` varchar(255) DEFAULT NULL COMMENT '内容分页补全URL',
  `queue` int(11) NOT NULL DEFAULT '0' COMMENT '队列',
  `repeat_check_type` varchar(20) NOT NULL DEFAULT 'NONE' COMMENT '重复类型',
  PRIMARY KEY (`acquisition_id`),
  KEY `fk_jc_acquisition_channel` (`channel_id`),
  KEY `fk_jc_acquisition_contenttype` (`type_id`),
  KEY `fk_jc_acquisition_site` (`site_id`),
  KEY `fk_jc_acquisition_user` (`user_id`),
  CONSTRAINT `fk_jc_acquisition_channel` FOREIGN KEY (`channel_id`) REFERENCES `jc_channel` (`channel_id`),
  CONSTRAINT `fk_jc_acquisition_contenttype` FOREIGN KEY (`type_id`) REFERENCES `jc_content_type` (`type_id`),
  CONSTRAINT `fk_jc_acquisition_site` FOREIGN KEY (`site_id`) REFERENCES `jc_site` (`site_id`),
  CONSTRAINT `fk_jc_acquisition_user` FOREIGN KEY (`user_id`) REFERENCES `jc_user` (`user_id`)
) ENGINE=InnoDB AUTO_INCREMENT=19 DEFAULT CHARSET=utf8 COMMENT='CMS采集表';

-- ----------------------------
-- Table structure for jc_acquisition_history
-- ----------------------------
CREATE TABLE `jc_acquisition_history` (
  `history_id` int(11) NOT NULL AUTO_INCREMENT,
  `channel_url` varchar(255) NOT NULL DEFAULT '' COMMENT '栏目地址',
  `content_url` varchar(255) NOT NULL DEFAULT '' COMMENT '内容地址',
  `title` varchar(255) DEFAULT NULL COMMENT '标题',
  `description` varchar(20) NOT NULL DEFAULT '' COMMENT '描述',
  `acquisition_id` int(11) DEFAULT NULL COMMENT '采集源',
  `content_id` int(11) DEFAULT NULL COMMENT '内容',
  PRIMARY KEY (`history_id`),
  KEY `fk_acquisition_history_acquisition` (`acquisition_id`),
  CONSTRAINT `fk_jc_history_acquisition` FOREIGN KEY (`acquisition_id`) REFERENCES `jc_acquisition` (`acquisition_id`)
) ENGINE=InnoDB AUTO_INCREMENT=1726 DEFAULT CHARSET=utf8 COMMENT='采集历史记录表';

-- ----------------------------
-- Table structure for jc_acquisition_temp
-- ----------------------------
CREATE TABLE `jc_acquisition_temp` (
  `temp_id` int(11) NOT NULL AUTO_INCREMENT,
  `site_id` int(11) DEFAULT NULL,
  `channel_url` varchar(255) NOT NULL DEFAULT '' COMMENT '栏目地址',
  `content_url` varchar(255) NOT NULL DEFAULT '' COMMENT '内容地址',
  `title` varchar(255) DEFAULT NULL COMMENT '标题',
  `percent` int(3) NOT NULL DEFAULT '0' COMMENT '百分比',
  `description` varchar(20) NOT NULL DEFAULT '' COMMENT '描述',
  `seq` int(3) NOT NULL DEFAULT '0' COMMENT '顺序',
  PRIMARY KEY (`temp_id`),
  KEY `fk_jc_temp_site` (`site_id`),
  CONSTRAINT `fk_jc_temp_site` FOREIGN KEY (`site_id`) REFERENCES `jc_site` (`site_id`)
) ENGINE=InnoDB AUTO_INCREMENT=227 DEFAULT CHARSET=utf8 COMMENT='采集进度临时表';

-- ----------------------------
-- Table structure for jc_advertising
-- ----------------------------
CREATE TABLE `jc_advertising` (
  `advertising_id` int(11) NOT NULL AUTO_INCREMENT,
  `adspace_id` int(11) NOT NULL,
  `site_id` int(11) NOT NULL,
  `ad_name` varchar(100) NOT NULL COMMENT '广告名称',
  `category` varchar(50) NOT NULL COMMENT '广告类型',
  `ad_code` longtext COMMENT '广告代码',
  `ad_weight` int(11) NOT NULL DEFAULT '1' COMMENT '广告权重',
  `display_count` bigint(20) NOT NULL DEFAULT '0' COMMENT '展现次数',
  `click_count` bigint(20) NOT NULL DEFAULT '0' COMMENT '点击次数',
  `start_time` date DEFAULT NULL COMMENT '开始时间',
  `end_time` date DEFAULT NULL COMMENT '结束时间',
  `is_enabled` char(1) NOT NULL DEFAULT '1' COMMENT '是否启用',
  PRIMARY KEY (`advertising_id`),
  KEY `fk_jc_advertising_site` (`site_id`),
  KEY `fk_jc_space_advertising` (`adspace_id`),
  CONSTRAINT `fk_jc_advertising_site` FOREIGN KEY (`site_id`) REFERENCES `jc_site` (`site_id`),
  CONSTRAINT `fk_jc_space_advertising` FOREIGN KEY (`adspace_id`) REFERENCES `jc_advertising_space` (`adspace_id`)
) ENGINE=InnoDB AUTO_INCREMENT=9 DEFAULT CHARSET=utf8 COMMENT='CMS广告表';

-- ----------------------------
-- Table structure for jc_advertising_attr
-- ----------------------------
CREATE TABLE `jc_advertising_attr` (
  `advertising_id` int(11) NOT NULL,
  `attr_name` varchar(50) NOT NULL COMMENT '名称',
  `attr_value` varchar(255) DEFAULT NULL COMMENT '值',
  KEY `fk_jc_params_advertising` (`advertising_id`),
  CONSTRAINT `fk_jc_params_advertising` FOREIGN KEY (`advertising_id`) REFERENCES `jc_advertising` (`advertising_id`)
) ENGINE=InnoDB DEFAULT CHARSET=utf8 COMMENT='CMS广告属性表';

-- ----------------------------
-- Table structure for jc_advertising_space
-- ----------------------------
CREATE TABLE `jc_advertising_space` (
  `adspace_id` int(11) NOT NULL AUTO_INCREMENT,
  `site_id` int(11) NOT NULL,
  `ad_name` varchar(100) NOT NULL COMMENT '名称',
  `description` varchar(255) DEFAULT NULL COMMENT '描述',
  `is_enabled` char(1) NOT NULL COMMENT '是否启用',
  PRIMARY KEY (`adspace_id`),
  KEY `fk_jc_adspace_site` (`site_id`),
  CONSTRAINT `fk_jc_adspace_site` FOREIGN KEY (`site_id`) REFERENCES `jc_site` (`site_id`)
) ENGINE=InnoDB AUTO_INCREMENT=9 DEFAULT CHARSET=utf8 COMMENT='CMS广告版位表';

-- ----------------------------
-- Table structure for jc_channel
-- ----------------------------
CREATE TABLE `jc_channel` (
  `channel_id` int(11) NOT NULL AUTO_INCREMENT,
  `model_id` int(11) NOT NULL COMMENT '模型ID',
  `site_id` int(11) NOT NULL COMMENT '站点ID',
  `parent_id` int(11) DEFAULT NULL COMMENT '父栏目ID',
  `channel_path` varchar(30) DEFAULT NULL COMMENT '访问路径',
  `lft` int(11) NOT NULL DEFAULT '1' COMMENT '树左边',
  `rgt` int(11) NOT NULL DEFAULT '2' COMMENT '树右边',
  `priority` int(11) NOT NULL DEFAULT '10' COMMENT '排列顺序',
  `has_content` tinyint(1) NOT NULL DEFAULT '1' COMMENT '是否有内容',
  `is_display` tinyint(1) NOT NULL DEFAULT '1' COMMENT '是否显示',
  PRIMARY KEY (`channel_id`),
  KEY `fk_jc_channel_model` (`model_id`),
  KEY `fk_jc_channel_parent` (`parent_id`),
  KEY `fk_jc_channel_site` (`site_id`),
  CONSTRAINT `fk_jc_channel_model` FOREIGN KEY (`model_id`) REFERENCES `jc_model` (`model_id`),
  CONSTRAINT `fk_jc_channel_parent` FOREIGN KEY (`parent_id`) REFERENCES `jc_channel` (`channel_id`),
  CONSTRAINT `fk_jc_channel_site` FOREIGN KEY (`site_id`) REFERENCES `jc_site` (`site_id`)
) ENGINE=InnoDB AUTO_INCREMENT=521 DEFAULT CHARSET=utf8 COMMENT='CMS栏目表';

-- ----------------------------
-- Table structure for jc_channel_attr
-- ----------------------------
CREATE TABLE `jc_channel_attr` (
  `channel_id` int(11) NOT NULL,
  `attr_name` varchar(30) NOT NULL COMMENT '名称',
  `attr_value` varchar(255) DEFAULT NULL COMMENT '值',
  KEY `fk_jc_attr_channel` (`channel_id`),
  CONSTRAINT `fk_jc_attr_channel` FOREIGN KEY (`channel_id`) REFERENCES `jc_channel` (`channel_id`)
) ENGINE=InnoDB DEFAULT CHARSET=utf8 COMMENT='CMS栏目扩展属性表';

-- ----------------------------
-- Table structure for jc_channel_ext
-- ----------------------------
CREATE TABLE `jc_channel_ext` (
  `channel_id` int(11) NOT NULL,
  `channel_name` varchar(100) NOT NULL COMMENT '名称',
  `final_step` tinyint(4) DEFAULT '2' COMMENT '终审级别',
  `after_check` tinyint(4) DEFAULT NULL COMMENT '审核后(1:不能修改删除;2:修改后退回;3:修改后不变)',
  `is_static_channel` char(1) NOT NULL DEFAULT '0' COMMENT '是否栏目静态化',
  `is_static_content` char(1) NOT NULL DEFAULT '0' COMMENT '是否内容静态化',
  `is_access_by_dir` char(1) NOT NULL DEFAULT '1' COMMENT '是否使用目录访问',
  `is_list_child` char(1) NOT NULL DEFAULT '0' COMMENT '是否使用子栏目列表',
  `page_size` int(11) NOT NULL DEFAULT '20' COMMENT '每页多少条记录',
  `channel_rule` varchar(150) DEFAULT NULL COMMENT '栏目页生成规则',
  `content_rule` varchar(150) DEFAULT NULL COMMENT '内容页生成规则',
  `link` varchar(255) DEFAULT NULL COMMENT '外部链接',
  `tpl_channel` varchar(100) DEFAULT NULL COMMENT '栏目页模板',
  `tpl_content` varchar(100) DEFAULT NULL COMMENT '内容页模板',
  `title_img` varchar(100) DEFAULT NULL COMMENT '缩略图',
  `content_img` varchar(100) DEFAULT NULL COMMENT '内容图',
  `has_title_img` tinyint(1) NOT NULL DEFAULT '0' COMMENT '内容是否有缩略图',
  `has_content_img` tinyint(1) NOT NULL DEFAULT '0' COMMENT '内容是否有内容图',
  `title_img_width` int(11) NOT NULL DEFAULT '139' COMMENT '内容标题图宽度',
  `title_img_height` int(11) NOT NULL DEFAULT '139' COMMENT '内容标题图高度',
  `content_img_width` int(11) NOT NULL DEFAULT '310' COMMENT '内容内容图宽度',
  `content_img_height` int(11) NOT NULL DEFAULT '310' COMMENT '内容内容图高度',
  `comment_control` int(11) NOT NULL DEFAULT '0' COMMENT '评论(0:匿名;1:会员;2:关闭)',
  `allow_updown` tinyint(1) NOT NULL DEFAULT '1' COMMENT '顶踩(true:开放;false:关闭)',
  `is_blank` tinyint(1) NOT NULL DEFAULT '1' COMMENT '是否新窗口打开',
  `title` varchar(255) DEFAULT NULL COMMENT 'TITLE',
  `keywords` varchar(255) DEFAULT NULL COMMENT 'KEYWORDS',
  `description` varchar(255) DEFAULT NULL COMMENT 'DESCRIPTION',
  PRIMARY KEY (`channel_id`),
  CONSTRAINT `fk_jc_ext_channel` FOREIGN KEY (`channel_id`) REFERENCES `jc_channel` (`channel_id`)
) ENGINE=InnoDB DEFAULT CHARSET=utf8 COMMENT='CMS栏目内容表';

-- ----------------------------
-- Table structure for jc_channel_txt
-- ----------------------------
CREATE TABLE `jc_channel_txt` (
  `channel_id` int(11) NOT NULL,
  `txt` longtext COMMENT '栏目内容',
  `txt1` longtext COMMENT '扩展内容1',
  `txt2` longtext COMMENT '扩展内容2',
  `txt3` longtext COMMENT '扩展内容3',
  PRIMARY KEY (`channel_id`),
  CONSTRAINT `fk_jc_txt_channel` FOREIGN KEY (`channel_id`) REFERENCES `jc_channel` (`channel_id`)
) ENGINE=InnoDB DEFAULT CHARSET=utf8 COMMENT='CMS栏目文本表';

-- ----------------------------
-- Table structure for jc_channel_user
-- ----------------------------
CREATE TABLE `jc_channel_user` (
  `channel_id` int(11) NOT NULL,
  `user_id` int(11) NOT NULL,
  PRIMARY KEY (`channel_id`,`user_id`),
  KEY `fk_jc_channel_user` (`user_id`),
  CONSTRAINT `fk_jc_channel_user` FOREIGN KEY (`user_id`) REFERENCES `jc_user` (`user_id`),
  CONSTRAINT `fk_jc_user_channel` FOREIGN KEY (`channel_id`) REFERENCES `jc_channel` (`channel_id`)
) ENGINE=InnoDB DEFAULT CHARSET=utf8 COMMENT='CMS栏目用户关联表';

-- ----------------------------
-- Table structure for jc_chnl_group_contri
-- ----------------------------
CREATE TABLE `jc_chnl_group_contri` (
  `channel_id` int(11) NOT NULL,
  `group_id` int(11) NOT NULL,
  PRIMARY KEY (`channel_id`,`group_id`),
  KEY `fk_jc_channel_group_c` (`group_id`),
  CONSTRAINT `fk_jc_channel_group_c` FOREIGN KEY (`group_id`) REFERENCES `jc_group` (`group_id`),
  CONSTRAINT `fk_jc_group_channel_c` FOREIGN KEY (`channel_id`) REFERENCES `jc_channel` (`channel_id`)
) ENGINE=InnoDB DEFAULT CHARSET=utf8 COMMENT='CMS栏目投稿会员组关联表';

-- ----------------------------
-- Table structure for jc_chnl_group_view
-- ----------------------------
CREATE TABLE `jc_chnl_group_view` (
  `channel_id` int(11) NOT NULL,
  `group_id` int(11) NOT NULL,
  PRIMARY KEY (`channel_id`,`group_id`),
  KEY `fk_jc_channel_group_v` (`group_id`),
  CONSTRAINT `fk_jc_channel_group_v` FOREIGN KEY (`group_id`) REFERENCES `jc_group` (`group_id`),
  CONSTRAINT `fk_jc_group_channel_v` FOREIGN KEY (`channel_id`) REFERENCES `jc_channel` (`channel_id`)
) ENGINE=InnoDB DEFAULT CHARSET=utf8 COMMENT='CMS栏目浏览会员组关联表';

-- ----------------------------
-- Table structure for jc_comment
-- ----------------------------
CREATE TABLE `jc_comment` (
  `comment_id` int(11) NOT NULL AUTO_INCREMENT,
  `comment_user_id` int(11) DEFAULT NULL COMMENT '评论用户ID',
  `reply_user_id` int(11) DEFAULT NULL COMMENT '回复用户ID',
  `content_id` int(11) NOT NULL COMMENT '内容ID',
  `site_id` int(11) NOT NULL COMMENT '站点ID',
  `create_time` datetime NOT NULL COMMENT '评论时间',
  `reply_time` datetime DEFAULT NULL COMMENT '回复时间',
  `ups` smallint(6) NOT NULL DEFAULT '0' COMMENT '支持数',
  `downs` smallint(6) NOT NULL DEFAULT '0' COMMENT '反对数',
  `is_recommend` tinyint(1) NOT NULL DEFAULT '0' COMMENT '是否推荐',
  `is_checked` tinyint(1) NOT NULL DEFAULT '0' COMMENT '是否审核',
  PRIMARY KEY (`comment_id`),
  KEY `fk_jc_comment_content` (`content_id`),
  KEY `fk_jc_comment_reply` (`reply_user_id`),
  KEY `fk_jc_comment_site` (`site_id`),
  KEY `fk_jc_comment_user` (`comment_user_id`),
  CONSTRAINT `fk_jc_comment_content` FOREIGN KEY (`content_id`) REFERENCES `jc_content` (`content_id`),
  CONSTRAINT `fk_jc_comment_reply` FOREIGN KEY (`reply_user_id`) REFERENCES `jc_user` (`user_id`),
  CONSTRAINT `fk_jc_comment_site` FOREIGN KEY (`site_id`) REFERENCES `jc_site` (`site_id`),
  CONSTRAINT `fk_jc_comment_user` FOREIGN KEY (`comment_user_id`) REFERENCES `jc_user` (`user_id`)
) ENGINE=InnoDB AUTO_INCREMENT=5 DEFAULT CHARSET=utf8 COMMENT='CMS评论表';

-- ----------------------------
-- Table structure for jc_comment_ext
-- ----------------------------
CREATE TABLE `jc_comment_ext` (
  `comment_id` int(11) NOT NULL,
  `ip` varchar(50) DEFAULT NULL COMMENT 'IP地址',
  `text` longtext COMMENT '评论内容',
  `reply` longtext COMMENT '回复内容',
  KEY `fk_jc_ext_comment` (`comment_id`),
  CONSTRAINT `fk_jc_ext_comment` FOREIGN KEY (`comment_id`) REFERENCES `jc_comment` (`comment_id`)
) ENGINE=InnoDB DEFAULT CHARSET=utf8 COMMENT='CMS评论扩展表';

-- ----------------------------
-- Table structure for jc_common_type
-- ----------------------------
CREATE TABLE `jc_common_type` (
  `type_id` int(11) NOT NULL AUTO_INCREMENT,
  `parent_type_id` int(11) DEFAULT NULL COMMENT '父类型ID',
  `type_name` varchar(20) NOT NULL COMMENT '名称',
  `img_width` int(11) DEFAULT '0' COMMENT '图片宽',
  `img_height` int(11) DEFAULT '0' COMMENT '图片高',
  `has_image` tinyint(1) NOT NULL DEFAULT '0' COMMENT '是否有图片',
  `is_disabled` tinyint(1) NOT NULL DEFAULT '0' COMMENT '是否禁用',
  `lft` int(11) DEFAULT '1' COMMENT '树左边',
  `rgt` int(11) DEFAULT '2' COMMENT '树右边',
  `priority` int(11) DEFAULT '10' COMMENT '排列顺序',
  PRIMARY KEY (`type_id`)
) ENGINE=InnoDB AUTO_INCREMENT=102 DEFAULT CHARSET=utf8 COMMENT='CMS公共类型表';

-- ----------------------------
-- Table structure for jc_config_attr
-- ----------------------------
CREATE TABLE `jc_config_attr` (
  `config_id` int(11) NOT NULL,
  `attr_name` varchar(30) NOT NULL COMMENT '名称',
  `attr_value` varchar(255) DEFAULT NULL COMMENT '值',
  KEY `fk_jc_attr_config` (`config_id`),
  CONSTRAINT `fk_jc_attr_config` FOREIGN KEY (`config_id`) REFERENCES `jc_config` (`config_id`)
) ENGINE=InnoDB DEFAULT CHARSET=utf8 COMMENT='CMS配置属性表';

-- ----------------------------
-- Table structure for jc_content
-- ----------------------------
CREATE TABLE `jc_content` (
  `content_id` int(11) NOT NULL AUTO_INCREMENT,
  `channel_id` int(11) NOT NULL COMMENT '栏目ID',
  `user_id` int(11) NOT NULL COMMENT '用户ID',
  `type_id` int(11) NOT NULL COMMENT '属性ID',
  `site_id` int(11) NOT NULL COMMENT '站点ID',
  `sort_date` datetime NOT NULL COMMENT '排序日期',
  `top_level` tinyint(4) NOT NULL DEFAULT '0' COMMENT '固顶级别',
  `has_title_img` tinyint(1) NOT NULL DEFAULT '0' COMMENT '是否有标题图',
  `is_recommend` tinyint(1) NOT NULL DEFAULT '0' COMMENT '是否推荐',
  `status` tinyint(4) NOT NULL DEFAULT '2' COMMENT '状态(0:草稿;1:审核中;2:审核通过;3:回收站)',
  `views_day` int(11) NOT NULL DEFAULT '0' COMMENT '日访问数',
  `comments_day` smallint(6) NOT NULL DEFAULT '0' COMMENT '日评论数',
  `downloads_day` smallint(6) NOT NULL DEFAULT '0' COMMENT '日下载数',
  `ups_day` smallint(6) NOT NULL DEFAULT '0' COMMENT '日顶数',
  PRIMARY KEY (`content_id`),
  KEY `fk_jc_content_site` (`site_id`),
  KEY `fk_jc_content_type` (`type_id`),
  KEY `fk_jc_content_user` (`user_id`),
  KEY `fk_jc_contentchannel` (`channel_id`),
  CONSTRAINT `fk_jc_common_type` FOREIGN KEY (`type_id`) REFERENCES `jc_common_type` (`type_id`),
  CONSTRAINT `fk_jc_contentchannel` FOREIGN KEY (`channel_id`) REFERENCES `jc_channel` (`channel_id`),
  CONSTRAINT `fk_jc_content_site` FOREIGN KEY (`site_id`) REFERENCES `jc_site` (`site_id`),
  CONSTRAINT `fk_jc_content_user` FOREIGN KEY (`user_id`) REFERENCES `jc_user` (`user_id`)
) ENGINE=InnoDB AUTO_INCREMENT=233 DEFAULT CHARSET=utf8 COMMENT='CMS内容表';

-- ----------------------------
-- Table structure for jc_content_attachment
-- ----------------------------
CREATE TABLE `jc_content_attachment` (
  `content_id` int(11) NOT NULL,
  `priority` int(11) NOT NULL COMMENT '排列顺序',
  `attachment_path` varchar(255) NOT NULL COMMENT '附件路径',
  `attachment_name` varchar(100) NOT NULL COMMENT '附件名称',
  `filename` varchar(100) DEFAULT NULL COMMENT '文件名',
  `download_count` int(11) NOT NULL DEFAULT '0' COMMENT '下载次数',
  KEY `fk_jc_attachment_content` (`content_id`),
  CONSTRAINT `fk_jc_attachment_content` FOREIGN KEY (`content_id`) REFERENCES `jc_content` (`content_id`)
) ENGINE=InnoDB DEFAULT CHARSET=utf8 COMMENT='CMS内容附件表';

-- ----------------------------
-- Table structure for jc_content_attr
-- ----------------------------
CREATE TABLE `jc_content_attr` (
  `content_id` int(11) NOT NULL,
  `attr_name` varchar(30) NOT NULL COMMENT '名称',
  `attr_value` text COMMENT '值',
  KEY `fk_jc_attr_content` (`content_id`),
  CONSTRAINT `fk_jc_attr_content` FOREIGN KEY (`content_id`) REFERENCES `jc_content` (`content_id`)
) ENGINE=InnoDB DEFAULT CHARSET=utf8 COMMENT='CMS内容扩展属性表';

-- ----------------------------
-- Table structure for jc_content_channel
-- ----------------------------
CREATE TABLE `jc_content_channel` (
  `channel_id` int(11) NOT NULL,
  `content_id` int(11) NOT NULL,
  PRIMARY KEY (`channel_id`,`content_id`),
  KEY `fk_jc_channel_content` (`content_id`),
  CONSTRAINT `fk_jc_channel_content` FOREIGN KEY (`content_id`) REFERENCES `jc_content` (`content_id`),
  CONSTRAINT `fk_jc_content_channel` FOREIGN KEY (`channel_id`) REFERENCES `jc_channel` (`channel_id`)
) ENGINE=InnoDB DEFAULT CHARSET=utf8 COMMENT='CMS内容栏目关联表';

-- ----------------------------
-- Table structure for jc_content_check
-- ----------------------------
CREATE TABLE `jc_content_check` (
  `content_id` int(11) NOT NULL,
  `check_step` tinyint(4) NOT NULL DEFAULT '0' COMMENT '审核步数',
  `check_opinion` varchar(255) DEFAULT NULL COMMENT '审核意见',
  `is_rejected` tinyint(1) NOT NULL DEFAULT '0' COMMENT '是否退回',
  PRIMARY KEY (`content_id`),
  CONSTRAINT `fk_jc_check_content` FOREIGN KEY (`content_id`) REFERENCES `jc_content` (`content_id`)
) ENGINE=InnoDB DEFAULT CHARSET=utf8 COMMENT='CMS内容审核信息表';

-- ----------------------------
-- Table structure for jc_content_count
-- ----------------------------
CREATE TABLE `jc_content_count` (
  `content_id` int(11) NOT NULL,
  `views` int(11) NOT NULL DEFAULT '0' COMMENT '总访问数',
  `views_month` int(11) NOT NULL DEFAULT '0' COMMENT '月访问数',
  `views_week` int(11) NOT NULL DEFAULT '0' COMMENT '周访问数',
  `views_day` int(11) NOT NULL DEFAULT '0' COMMENT '日访问数',
  `comments` int(11) NOT NULL DEFAULT '0' COMMENT '总评论数',
  `comments_month` int(11) NOT NULL DEFAULT '0' COMMENT '月评论数',
  `comments_week` smallint(6) NOT NULL DEFAULT '0' COMMENT '周评论数',
  `comments_day` smallint(6) NOT NULL DEFAULT '0' COMMENT '日评论数',
  `downloads` int(11) NOT NULL DEFAULT '0' COMMENT '总下载数',
  `downloads_month` int(11) NOT NULL DEFAULT '0' COMMENT '月下载数',
  `downloads_week` smallint(6) NOT NULL DEFAULT '0' COMMENT '周下载数',
  `downloads_day` smallint(6) NOT NULL DEFAULT '0' COMMENT '日下载数',
  `ups` int(11) NOT NULL DEFAULT '0' COMMENT '总顶数',
  `ups_month` int(11) NOT NULL DEFAULT '0' COMMENT '月顶数',
  `ups_week` smallint(6) NOT NULL DEFAULT '0' COMMENT '周顶数',
  `ups_day` smallint(6) NOT NULL DEFAULT '0' COMMENT '日顶数',
  `downs` int(11) NOT NULL DEFAULT '0' COMMENT '总踩数',
  PRIMARY KEY (`content_id`),
  CONSTRAINT `fk_jc_count_content` FOREIGN KEY (`content_id`) REFERENCES `jc_content` (`content_id`)
) ENGINE=InnoDB DEFAULT CHARSET=utf8 COMMENT='CMS内容计数表';

-- ----------------------------
-- Table structure for jc_content_ext
-- ----------------------------
CREATE TABLE `jc_content_ext` (
  `content_id` int(11) NOT NULL,
  `title` varchar(150) NOT NULL COMMENT '标题',
  `short_title` varchar(150) DEFAULT NULL COMMENT '简短标题',
  `author` varchar(100) DEFAULT NULL COMMENT '作者',
  `origin` varchar(100) DEFAULT NULL COMMENT '来源',
  `origin_url` varchar(255) DEFAULT NULL COMMENT '来源链接',
  `description` varchar(255) DEFAULT NULL COMMENT '描述',
  `update_date` datetime DEFAULT NULL COMMENT '更新日期',
  `release_date` datetime NOT NULL COMMENT '发布日期',
  `media_path` varchar(255) DEFAULT NULL COMMENT '媒体路径',
  `media_type` varchar(20) DEFAULT NULL COMMENT '媒体类型',
  `title_color` varchar(10) DEFAULT NULL COMMENT '标题颜色',
  `is_bold` tinyint(1) NOT NULL DEFAULT '0' COMMENT '是否加粗',
  `title_img` varchar(100) DEFAULT NULL COMMENT '标题图片',
  `content_img` varchar(100) DEFAULT NULL COMMENT '内容图片',
  `type_img` varchar(100) DEFAULT NULL COMMENT '类型图片',
  `link` varchar(255) DEFAULT NULL COMMENT '外部链接',
  `tpl_content` varchar(100) DEFAULT NULL COMMENT '指定模板',
  `need_regenerate` tinyint(1) NOT NULL DEFAULT '1' COMMENT '需要重新生成静态页',
  PRIMARY KEY (`content_id`),
  CONSTRAINT `fk_jc_ext_content` FOREIGN KEY (`content_id`) REFERENCES `jc_content` (`content_id`)
) ENGINE=InnoDB DEFAULT CHARSET=utf8 COMMENT='CMS内容扩展表';

-- ----------------------------
-- Table structure for jc_content_group_view
-- ----------------------------
CREATE TABLE `jc_content_group_view` (
  `content_id` int(11) NOT NULL,
  `group_id` int(11) NOT NULL,
  PRIMARY KEY (`content_id`,`group_id`),
  KEY `fk_jc_content_group_v` (`group_id`),
  CONSTRAINT `fk_jc_content_group_v` FOREIGN KEY (`group_id`) REFERENCES `jc_group` (`group_id`),
  CONSTRAINT `fk_jc_group_content_v` FOREIGN KEY (`content_id`) REFERENCES `jc_content` (`content_id`)
) ENGINE=InnoDB DEFAULT CHARSET=utf8 COMMENT='CMS内容浏览会员组关联表';

-- ----------------------------
-- Table structure for jc_content_picture
-- ----------------------------
CREATE TABLE `jc_content_picture` (
  `content_id` int(11) NOT NULL,
  `priority` int(11) NOT NULL COMMENT '排列顺序',
  `img_path` varchar(100) NOT NULL COMMENT '图片地址',
  `description` varchar(255) DEFAULT NULL COMMENT '描述',
  PRIMARY KEY (`content_id`,`priority`),
  CONSTRAINT `fk_jc_picture_content` FOREIGN KEY (`content_id`) REFERENCES `jc_content` (`content_id`)
) ENGINE=InnoDB DEFAULT CHARSET=utf8 COMMENT='CMS内容图片表';

-- ----------------------------
-- Table structure for jc_content_tag
-- ----------------------------
CREATE TABLE `jc_content_tag` (
  `tag_id` int(11) NOT NULL AUTO_INCREMENT,
  `tag_name` varchar(50) NOT NULL COMMENT 'tag名称',
  `ref_counter` int(11) NOT NULL DEFAULT '1' COMMENT '被引用的次数',
  PRIMARY KEY (`tag_id`),
  UNIQUE KEY `ak_tag_name` (`tag_name`)
) ENGINE=InnoDB AUTO_INCREMENT=10826 DEFAULT CHARSET=utf8 COMMENT='CMS内容TAG表';

-- ----------------------------
-- Table structure for jc_content_topic
-- ----------------------------
CREATE TABLE `jc_content_topic` (
  `content_id` int(11) NOT NULL,
  `topic_id` int(11) NOT NULL,
  PRIMARY KEY (`content_id`,`topic_id`),
  KEY `fk_jc_content_topic` (`topic_id`),
  CONSTRAINT `fk_jc_content_topic` FOREIGN KEY (`topic_id`) REFERENCES `jc_topic` (`topic_id`),
  CONSTRAINT `fk_jc_topic_content` FOREIGN KEY (`content_id`) REFERENCES `jc_content` (`content_id`)
) ENGINE=InnoDB DEFAULT CHARSET=utf8 COMMENT='CMS专题内容关联表';

-- ----------------------------
-- Table structure for jc_content_txt
-- ----------------------------
CREATE TABLE `jc_content_txt` (
  `content_id` int(11) NOT NULL,
  `txt` longtext COMMENT '文章内容',
  `txt1` longtext COMMENT '扩展内容1',
  `txt2` longtext COMMENT '扩展内容2',
  `txt3` longtext COMMENT '扩展内容3',
  PRIMARY KEY (`content_id`),
  CONSTRAINT `fk_jc_txt_content` FOREIGN KEY (`content_id`) REFERENCES `jc_content` (`content_id`)
) ENGINE=InnoDB DEFAULT CHARSET=utf8 COMMENT='CMS内容文本表';

-- ----------------------------
-- Table structure for jc_content_type
-- ----------------------------
CREATE TABLE `jc_content_type` (
  `type_id` int(11) NOT NULL,
  `type_name` varchar(20) NOT NULL COMMENT '名称',
  `img_width` int(11) DEFAULT NULL COMMENT '图片宽',
  `img_height` int(11) DEFAULT NULL COMMENT '图片高',
  `has_image` tinyint(1) NOT NULL DEFAULT '0' COMMENT '是否有图片',
  `is_disabled` tinyint(1) NOT NULL DEFAULT '0' COMMENT '是否禁用',
  PRIMARY KEY (`type_id`)
) ENGINE=InnoDB DEFAULT CHARSET=utf8 COMMENT='CMS内容类型表';

-- ----------------------------
-- Table structure for jc_contenttag
-- ----------------------------
CREATE TABLE `jc_contenttag` (
  `content_id` int(11) NOT NULL,
  `tag_id` int(11) NOT NULL,
  `priority` int(11) NOT NULL,
  KEY `fk_jc_content_tag` (`tag_id`),
  KEY `fk_jc_tag_content` (`content_id`),
  CONSTRAINT `fk_jc_content_tag` FOREIGN KEY (`tag_id`) REFERENCES `jc_content_tag` (`tag_id`),
  CONSTRAINT `fk_jc_tag_content` FOREIGN KEY (`content_id`) REFERENCES `jc_content` (`content_id`)
) ENGINE=InnoDB DEFAULT CHARSET=utf8 COMMENT='CMS内容标签关联表';

-- ----------------------------
-- Table structure for jc_friendlink
-- ----------------------------
CREATE TABLE `jc_friendlink` (
  `friendlink_id` int(11) NOT NULL AUTO_INCREMENT,
  `site_id` int(11) NOT NULL,
  `friendlinkctg_id` int(11) NOT NULL,
  `site_name` varchar(150) NOT NULL COMMENT '网站名称',
  `domain` varchar(255) NOT NULL COMMENT '网站地址',
  `logo` varchar(150) DEFAULT NULL COMMENT '图标',
  `email` varchar(100) DEFAULT NULL COMMENT '站长邮箱',
  `description` varchar(255) DEFAULT NULL COMMENT '描述',
  `views` int(11) NOT NULL DEFAULT '0' COMMENT '点击次数',
  `is_enabled` char(1) NOT NULL DEFAULT '1' COMMENT '是否显示',
  `priority` int(11) NOT NULL DEFAULT '10' COMMENT '排列顺序',
  PRIMARY KEY (`friendlink_id`),
  KEY `fk_jc_ctg_friendlink` (`friendlinkctg_id`),
  KEY `fk_jc_friendlink_site` (`site_id`),
  CONSTRAINT `fk_jc_ctg_friendlink` FOREIGN KEY (`friendlinkctg_id`) REFERENCES `jc_friendlink_ctg` (`friendlinkctg_id`),
  CONSTRAINT `fk_jc_friendlink_site` FOREIGN KEY (`site_id`) REFERENCES `jc_site` (`site_id`)
) ENGINE=InnoDB AUTO_INCREMENT=9 DEFAULT CHARSET=utf8 COMMENT='CMS友情链接';

-- ----------------------------
-- Table structure for jc_friendlink_ctg
-- ----------------------------
CREATE TABLE `jc_friendlink_ctg` (
  `friendlinkctg_id` int(11) NOT NULL AUTO_INCREMENT,
  `site_id` int(11) NOT NULL,
  `friendlinkctg_name` varchar(50) NOT NULL COMMENT '名称',
  `priority` int(11) NOT NULL DEFAULT '10' COMMENT '排列顺序',
  PRIMARY KEY (`friendlinkctg_id`),
  KEY `fk_jc_friendlinkctg_site` (`site_id`),
  CONSTRAINT `fk_jc_friendlinkctg_site` FOREIGN KEY (`site_id`) REFERENCES `jc_site` (`site_id`)
) ENGINE=InnoDB AUTO_INCREMENT=3 DEFAULT CHARSET=utf8 COMMENT='CMS友情链接类别';

-- ----------------------------
-- Table structure for jc_group
-- ----------------------------
CREATE TABLE `jc_group` (
  `group_id` int(11) NOT NULL AUTO_INCREMENT,
  `group_name` varchar(100) NOT NULL COMMENT '名称',
  `priority` int(11) NOT NULL DEFAULT '10' COMMENT '排列顺序',
  `need_captcha` tinyint(1) NOT NULL DEFAULT '1' COMMENT '是否需要验证码',
  `need_check` tinyint(1) NOT NULL DEFAULT '1' COMMENT '是否需要审核',
  `allow_per_day` int(11) NOT NULL DEFAULT '4096' COMMENT '每日允许上传KB',
  `allow_max_file` int(11) NOT NULL DEFAULT '1024' COMMENT '每个文件最大KB',
  `allow_suffix` varchar(255) DEFAULT 'jpg,jpeg,gif,png,bmp' COMMENT '允许上传的后缀',
  `is_reg_def` tinyint(1) NOT NULL DEFAULT '0' COMMENT '是否默认会员组',
  PRIMARY KEY (`group_id`)
) ENGINE=InnoDB AUTO_INCREMENT=6 DEFAULT CHARSET=utf8 COMMENT='CMS会员组表';

-- ----------------------------
-- Table structure for jc_guestbook
-- ----------------------------
CREATE TABLE `jc_guestbook` (
  `guestbook_id` int(11) NOT NULL AUTO_INCREMENT,
  `site_id` int(11) NOT NULL,
  `guestbookctg_id` int(11) NOT NULL,
  `member_id` int(11) DEFAULT NULL COMMENT '留言会员',
  `admin_id` int(11) DEFAULT NULL COMMENT '回复管理员',
  `ip` varchar(50) NOT NULL COMMENT '留言IP',
  `create_time` datetime NOT NULL COMMENT '留言时间',
  `replay_time` datetime DEFAULT NULL COMMENT '回复时间',
  `is_checked` tinyint(1) NOT NULL DEFAULT '0' COMMENT '是否审核',
  `is_recommend` tinyint(1) NOT NULL DEFAULT '0' COMMENT '是否推荐',
  PRIMARY KEY (`guestbook_id`),
  KEY `fk_jc_ctg_guestbook` (`guestbookctg_id`),
  KEY `fk_jc_guestbook_admin` (`admin_id`),
  KEY `fk_jc_guestbook_member` (`member_id`),
  KEY `fk_jc_guestbook_site` (`site_id`),
  CONSTRAINT `fk_jc_ctg_guestbook` FOREIGN KEY (`guestbookctg_id`) REFERENCES `jc_guestbook_ctg` (`guestbookctg_id`),
  CONSTRAINT `fk_jc_guestbook_admin` FOREIGN KEY (`admin_id`) REFERENCES `jc_user` (`user_id`),
  CONSTRAINT `fk_jc_guestbook_member` FOREIGN KEY (`member_id`) REFERENCES `jc_user` (`user_id`),
  CONSTRAINT `fk_jc_guestbook_site` FOREIGN KEY (`site_id`) REFERENCES `jc_site` (`site_id`)
) ENGINE=InnoDB AUTO_INCREMENT=5 DEFAULT CHARSET=utf8 COMMENT='CMS留言';

-- ----------------------------
-- Table structure for jc_guestbook_ctg
-- ----------------------------
CREATE TABLE `jc_guestbook_ctg` (
  `guestbookctg_id` int(11) NOT NULL AUTO_INCREMENT,
  `site_id` int(11) NOT NULL,
  `ctg_name` varchar(100) NOT NULL COMMENT '名称',
  `priority` int(11) NOT NULL DEFAULT '10' COMMENT '排列顺序',
  `description` varchar(255) DEFAULT NULL COMMENT '描述',
  PRIMARY KEY (`guestbookctg_id`),
  KEY `fk_jc_guestbookctg_site` (`site_id`),
  CONSTRAINT `fk_jc_guestbookctg_site` FOREIGN KEY (`site_id`) REFERENCES `jc_site` (`site_id`)
) ENGINE=InnoDB AUTO_INCREMENT=2 DEFAULT CHARSET=utf8 COMMENT='CMS留言类别';

-- ----------------------------
-- Table structure for jc_guestbook_ext
-- ----------------------------
CREATE TABLE `jc_guestbook_ext` (
  `guestbook_id` int(11) NOT NULL,
  `title` varchar(255) DEFAULT NULL COMMENT '留言标题',
  `content` longtext COMMENT '留言内容',
  `reply` longtext COMMENT '回复内容',
  `email` varchar(100) DEFAULT NULL COMMENT '电子邮件',
  `phone` varchar(100) DEFAULT NULL COMMENT '电话',
  `qq` varchar(50) DEFAULT NULL COMMENT 'QQ',
  KEY `fk_jc_ext_guestbook` (`guestbook_id`),
  CONSTRAINT `fk_jc_ext_guestbook` FOREIGN KEY (`guestbook_id`) REFERENCES `jc_guestbook` (`guestbook_id`)
) ENGINE=InnoDB DEFAULT CHARSET=utf8 COMMENT='CMS留言内容';

-- ----------------------------
-- Table structure for jc_keyword
-- ----------------------------
CREATE TABLE `jc_keyword` (
  `keyword_id` int(11) NOT NULL AUTO_INCREMENT,
  `site_id` int(11) DEFAULT NULL COMMENT '站点ID',
  `keyword_name` varchar(100) NOT NULL COMMENT '名称',
  `url` varchar(255) NOT NULL COMMENT '链接',
  `is_disabled` tinyint(1) NOT NULL DEFAULT '0' COMMENT '是否禁用',
  PRIMARY KEY (`keyword_id`),
  KEY `fk_jc_keyword_site` (`site_id`),
  CONSTRAINT `fk_jc_keyword_site` FOREIGN KEY (`site_id`) REFERENCES `jc_site` (`site_id`)
) ENGINE=InnoDB AUTO_INCREMENT=2 DEFAULT CHARSET=utf8 COMMENT='CMS内容关键词表';

-- ----------------------------
-- Table structure for jc_log
-- ----------------------------
CREATE TABLE `jc_log` (
  `log_id` int(11) NOT NULL AUTO_INCREMENT,
  `user_id` int(11) DEFAULT NULL,
  `site_id` int(11) DEFAULT NULL,
  `category` int(11) NOT NULL COMMENT '日志类型',
  `log_time` datetime NOT NULL COMMENT '日志时间',
  `ip` varchar(50) DEFAULT NULL COMMENT 'IP地址',
  `url` varchar(255) DEFAULT NULL COMMENT 'URL地址',
  `title` varchar(255) DEFAULT NULL COMMENT '日志标题',
  `content` varchar(255) DEFAULT NULL COMMENT '日志内容',
  PRIMARY KEY (`log_id`),
  KEY `fk_jc_log_site` (`site_id`),
  KEY `fk_jc_log_user` (`user_id`),
  CONSTRAINT `fk_jc_log_site` FOREIGN KEY (`site_id`) REFERENCES `jc_site` (`site_id`),
  CONSTRAINT `fk_jc_log_user` FOREIGN KEY (`user_id`) REFERENCES `jc_user` (`user_id`)
) ENGINE=InnoDB AUTO_INCREMENT=6275 DEFAULT CHARSET=utf8 COMMENT='CMS日志表';

-- ----------------------------
-- Table structure for jc_message
-- ----------------------------
CREATE TABLE `jc_message` (
  `msg_id` int(11) NOT NULL AUTO_INCREMENT COMMENT '消息id',
  `msg_title` varchar(255) NOT NULL DEFAULT '' COMMENT '标题',
  `msg_content` longtext COMMENT '站内信息内容',
  `send_time` timestamp NULL DEFAULT NULL COMMENT '发送时间',
  `msg_send_user` int(11) NOT NULL DEFAULT '1' COMMENT '发信息人',
  `msg_receiver_user` int(11) NOT NULL DEFAULT '0' COMMENT '接收人',
  `site_id` int(11) NOT NULL DEFAULT '1' COMMENT '站点',
  `msg_status` tinyint(1) NOT NULL DEFAULT '0' COMMENT '消息状态0未读，1已读',
  `msg_box` int(2) NOT NULL DEFAULT '1' COMMENT '消息信箱 0收件箱 1发件箱 2草稿箱 3垃圾箱',
  PRIMARY KEY (`msg_id`),
  KEY `fk_jc_message_user_send` (`msg_send_user`),
  KEY `fk_jc_message_user_receiver` (`msg_receiver_user`),
  KEY `fk_jc_message_site` (`site_id`),
  CONSTRAINT `fk_jc_message_site` FOREIGN KEY (`site_id`) REFERENCES `jc_site` (`site_id`),
  CONSTRAINT `fk_jc_message_user_receiver` FOREIGN KEY (`msg_receiver_user`) REFERENCES `jc_user` (`user_id`),
  CONSTRAINT `fk_jc_message_user_send` FOREIGN KEY (`msg_send_user`) REFERENCES `jc_user` (`user_id`)
) ENGINE=InnoDB AUTO_INCREMENT=3 DEFAULT CHARSET=utf8 COMMENT='站内信';

-- ----------------------------
-- Table structure for jc_model
-- ----------------------------
CREATE TABLE `jc_model` (
  `model_id` int(11) NOT NULL,
  `model_name` varchar(100) NOT NULL COMMENT '名称',
  `model_path` varchar(100) NOT NULL COMMENT '路径',
  `tpl_channel_prefix` varchar(20) DEFAULT NULL COMMENT '栏目模板前缀',
  `tpl_content_prefix` varchar(20) DEFAULT NULL COMMENT '内容模板前缀',
  `title_img_width` int(11) NOT NULL DEFAULT '139' COMMENT '栏目标题图宽度',
  `title_img_height` int(11) NOT NULL DEFAULT '139' COMMENT '栏目标题图高度',
  `content_img_width` int(11) NOT NULL DEFAULT '310' COMMENT '栏目内容图宽度',
  `content_img_height` int(11) NOT NULL DEFAULT '310' COMMENT '栏目内容图高度',
  `priority` int(11) NOT NULL DEFAULT '10' COMMENT '排列顺序',
  `has_content` tinyint(1) NOT NULL DEFAULT '1' COMMENT '是否有内容',
  `is_disabled` tinyint(1) NOT NULL DEFAULT '0' COMMENT '是否禁用',
  `is_def` tinyint(1) NOT NULL DEFAULT '0' COMMENT '是否默认模型',
  PRIMARY KEY (`model_id`)
) ENGINE=InnoDB DEFAULT CHARSET=utf8 COMMENT='CMS模型表';

-- ----------------------------
-- Table structure for jc_model_item
-- ----------------------------
CREATE TABLE `jc_model_item` (
  `modelitem_id` int(11) NOT NULL AUTO_INCREMENT,
  `model_id` int(11) NOT NULL,
  `field` varchar(50) NOT NULL COMMENT '字段',
  `item_label` varchar(100) NOT NULL COMMENT '名称',
  `priority` int(11) NOT NULL DEFAULT '70' COMMENT '排列顺序',
  `def_value` varchar(255) DEFAULT NULL COMMENT '默认值',
  `opt_value` varchar(255) DEFAULT NULL COMMENT '可选项',
  `text_size` varchar(20) DEFAULT NULL COMMENT '长度',
  `area_rows` varchar(3) DEFAULT NULL COMMENT '文本行数',
  `area_cols` varchar(3) DEFAULT NULL COMMENT '文本列数',
  `help` varchar(255) DEFAULT NULL COMMENT '帮助信息',
  `help_position` varchar(1) DEFAULT NULL COMMENT '帮助位置',
  `data_type` int(11) NOT NULL DEFAULT '1' COMMENT '数据类型',
  `is_single` tinyint(1) NOT NULL DEFAULT '1' COMMENT '是否独占一行',
  `is_channel` tinyint(1) NOT NULL DEFAULT '1' COMMENT '是否栏目模型项',
  `is_custom` tinyint(1) NOT NULL DEFAULT '1' COMMENT '是否自定义',
  `is_display` tinyint(1) NOT NULL DEFAULT '1' COMMENT '是否显示',
  PRIMARY KEY (`modelitem_id`),
  KEY `fk_jc_item_model` (`model_id`),
  CONSTRAINT `fk_jc_item_model` FOREIGN KEY (`model_id`) REFERENCES `jc_model` (`model_id`)
) ENGINE=InnoDB AUTO_INCREMENT=379 DEFAULT CHARSET=utf8 COMMENT='CMS模型项表';

-- ----------------------------
-- Table structure for jc_receiver_message
-- ----------------------------
CREATE TABLE `jc_receiver_message` (
  `msg_re_id` int(11) NOT NULL AUTO_INCREMENT COMMENT '消息id',
  `msg_title` varchar(255) NOT NULL DEFAULT '' COMMENT '标题',
  `msg_content` longtext COMMENT '站内信息内容',
  `send_time` timestamp NULL DEFAULT NULL COMMENT '发送时间',
  `msg_send_user` int(11) NOT NULL DEFAULT '1' COMMENT '发信息人',
  `msg_receiver_user` int(11) NOT NULL DEFAULT '0' COMMENT '接收人',
  `site_id` int(11) NOT NULL DEFAULT '1' COMMENT '站点',
  `msg_status` tinyint(1) NOT NULL DEFAULT '0' COMMENT '消息状态0未读，1已读',
  `msg_box` int(2) NOT NULL DEFAULT '1' COMMENT '消息信箱 0收件箱 1发件箱 2草稿箱 3垃圾箱',
  `msg_id` int(11) DEFAULT NULL COMMENT '发信的信件id',
  PRIMARY KEY (`msg_re_id`),
  KEY `jc_receiver_message_user_send` (`msg_send_user`),
  KEY `jc_receiver_message_user_receiver` (`msg_receiver_user`),
  KEY `jc_receiver_message_site` (`site_id`),
  KEY `jc_receiver_message_message` (`msg_re_id`),
  KEY `fk_jc_receiver_message_message` (`msg_id`),
  CONSTRAINT `fk_jc_receiver_message_message` FOREIGN KEY (`msg_id`) REFERENCES `jc_message` (`msg_id`),
  CONSTRAINT `fk_jc_receiver_message_site` FOREIGN KEY (`site_id`) REFERENCES `jc_site` (`site_id`),
  CONSTRAINT `fk_jc_receiver_message_user_receiver` FOREIGN KEY (`msg_receiver_user`) REFERENCES `jc_user` (`user_id`),
  CONSTRAINT `fk_jc_receiver_message_user_send` FOREIGN KEY (`msg_send_user`) REFERENCES `jc_user` (`user_id`)
) ENGINE=InnoDB AUTO_INCREMENT=3 DEFAULT CHARSET=utf8 COMMENT='站内信收信表';

-- ----------------------------
-- Table structure for jc_role
-- ----------------------------
CREATE TABLE `jc_role` (
  `role_id` int(11) NOT NULL AUTO_INCREMENT,
  `site_id` int(11) DEFAULT NULL,
  `role_name` varchar(100) NOT NULL COMMENT '角色名称',
  `priority` int(11) NOT NULL DEFAULT '10' COMMENT '排列顺序',
  `is_super` char(1) NOT NULL DEFAULT '0' COMMENT '拥有所有权限',
  PRIMARY KEY (`role_id`),
  KEY `fk_jc_role_site` (`site_id`),
  CONSTRAINT `fk_jc_role_site` FOREIGN KEY (`site_id`) REFERENCES `jc_site` (`site_id`)
) ENGINE=InnoDB AUTO_INCREMENT=2 DEFAULT CHARSET=utf8 COMMENT='CMS角色表';

-- ----------------------------
-- Table structure for jc_role_permission
-- ----------------------------
CREATE TABLE `jc_role_permission` (
  `role_id` int(11) NOT NULL,
  `uri` varchar(100) NOT NULL,
  KEY `fk_jc_permission_role` (`role_id`),
  CONSTRAINT `fk_jc_permission_role` FOREIGN KEY (`role_id`) REFERENCES `jc_role` (`role_id`)
) ENGINE=InnoDB DEFAULT CHARSET=utf8 COMMENT='CMS角色授权表';

-- ----------------------------
-- Table structure for jc_scheduler
-- ----------------------------
CREATE TABLE `jc_scheduler` (
  `scheduler_id` int(11) NOT NULL AUTO_INCREMENT COMMENT '任务主键',
  `site_id` int(11) DEFAULT NULL,
  `associate_id` int(11) DEFAULT NULL COMMENT '相关ID',
  `module_type` varchar(100) DEFAULT NULL COMMENT '模块类型',
  `name` varchar(100) DEFAULT NULL COMMENT '任务名称',
  `start_time` datetime DEFAULT NULL COMMENT '开始时间',
  `end_time` datetime DEFAULT NULL COMMENT '结束时间',
  `status` int(1) NOT NULL DEFAULT '0' COMMENT '当前状态(0:静止;1:采集)',
  `expression` varchar(50) NOT NULL COMMENT '计划表达式',
  PRIMARY KEY (`scheduler_id`)
) ENGINE=InnoDB AUTO_INCREMENT=14 DEFAULT CHARSET=utf8;

-- ----------------------------
-- Table structure for jc_sensitivity
-- ----------------------------
CREATE TABLE `jc_sensitivity` (
  `sensitivity_id` int(11) NOT NULL AUTO_INCREMENT,
  `search` varchar(255) NOT NULL COMMENT '敏感词',
  `replacement` varchar(255) NOT NULL COMMENT '替换词',
  PRIMARY KEY (`sensitivity_id`)
) ENGINE=InnoDB AUTO_INCREMENT=2 DEFAULT CHARSET=utf8 COMMENT='CMS敏感词表';

-- ----------------------------
-- Table structure for jc_site
-- ----------------------------
CREATE TABLE `jc_site` (
  `site_id` int(11) NOT NULL AUTO_INCREMENT,
  `config_id` int(11) NOT NULL COMMENT '配置ID',
  `ftp_upload_id` int(11) DEFAULT NULL COMMENT '上传ftp',
  `domain` varchar(50) NOT NULL COMMENT '域名',
  `site_path` varchar(20) NOT NULL COMMENT '路径',
  `site_name` varchar(100) NOT NULL COMMENT '网站名称',
  `short_name` varchar(100) NOT NULL COMMENT '简短名称',
  `protocol` varchar(20) NOT NULL DEFAULT 'http://' COMMENT '协议',
  `dynamic_suffix` varchar(10) NOT NULL DEFAULT '.jhtml' COMMENT '动态页后缀',
  `static_suffix` varchar(10) NOT NULL DEFAULT '.html' COMMENT '静态页后缀',
  `static_dir` varchar(50) DEFAULT NULL COMMENT '静态页存放目录',
  `is_index_to_root` char(1) NOT NULL DEFAULT '0' COMMENT '是否使用将首页放在根目录下',
  `is_static_index` char(1) NOT NULL DEFAULT '0' COMMENT '是否静态化首页',
  `locale_admin` varchar(10) NOT NULL DEFAULT 'zh_CN' COMMENT '后台本地化',
  `locale_front` varchar(10) NOT NULL DEFAULT 'zh_CN' COMMENT '前台本地化',
  `tpl_solution` varchar(50) NOT NULL DEFAULT 'default' COMMENT '模板方案',
  `final_step` tinyint(4) NOT NULL DEFAULT '2' COMMENT '终审级别',
  `after_check` tinyint(4) NOT NULL DEFAULT '2' COMMENT '审核后(1:不能修改删除;2:修改后退回;3:修改后不变)',
  `is_relative_path` char(1) NOT NULL DEFAULT '1' COMMENT '是否使用相对路径',
  `is_recycle_on` char(1) NOT NULL DEFAULT '1' COMMENT '是否开启回收站',
  `domain_alias` varchar(255) DEFAULT NULL COMMENT '域名别名',
  `domain_redirect` varchar(255) DEFAULT NULL COMMENT '域名重定向',
  PRIMARY KEY (`site_id`),
  UNIQUE KEY `ak_domain` (`domain`),
  KEY `fk_jc_site_config` (`config_id`),
  KEY `fk_jc_site_upload_ftp` (`ftp_upload_id`),
  CONSTRAINT `fk_jc_site_config` FOREIGN KEY (`config_id`) REFERENCES `jc_config` (`config_id`),
  CONSTRAINT `fk_jc_site_upload_ftp` FOREIGN KEY (`ftp_upload_id`) REFERENCES `jo_ftp` (`ftp_id`)
) ENGINE=InnoDB AUTO_INCREMENT=2 DEFAULT CHARSET=utf8 COMMENT='CMS站点表';

-- ----------------------------
-- Table structure for jc_site_attr
-- ----------------------------
CREATE TABLE `jc_site_attr` (
  `site_id` int(11) NOT NULL,
  `attr_name` varchar(30) NOT NULL COMMENT '名称',
  `attr_value` varchar(255) DEFAULT NULL COMMENT '值',
  KEY `fk_jc_attr_site` (`site_id`),
  CONSTRAINT `fk_jc_attr_site` FOREIGN KEY (`site_id`) REFERENCES `jc_site` (`site_id`)
) ENGINE=InnoDB DEFAULT CHARSET=utf8 COMMENT='CMS站点属性表';

-- ----------------------------
-- Table structure for jc_site_cfg
-- ----------------------------
CREATE TABLE `jc_site_cfg` (
  `site_id` int(11) NOT NULL,
  `cfg_name` varchar(30) NOT NULL COMMENT '名称',
  `cfg_value` varchar(255) DEFAULT NULL COMMENT '值',
  KEY `fk_jc_cfg_site` (`site_id`),
  CONSTRAINT `fk_jc_cfg_site` FOREIGN KEY (`site_id`) REFERENCES `jc_site` (`site_id`)
) ENGINE=InnoDB DEFAULT CHARSET=utf8 COMMENT='CMS站点配置表';

-- ----------------------------
-- Table structure for jc_site_model
-- ----------------------------
CREATE TABLE `jc_site_model` (
  `model_id` int(11) NOT NULL AUTO_INCREMENT,
  `field` varchar(50) NOT NULL COMMENT '字段',
  `model_label` varchar(100) NOT NULL COMMENT '名称',
  `priority` int(11) NOT NULL DEFAULT '10' COMMENT '排列顺序',
  `upload_path` varchar(100) DEFAULT NULL COMMENT '上传路径',
  `text_size` varchar(20) DEFAULT NULL COMMENT '长度',
  `area_rows` varchar(3) DEFAULT NULL COMMENT '文本行数',
  `area_cols` varchar(3) DEFAULT NULL COMMENT '文本列数',
  `help` varchar(255) DEFAULT NULL COMMENT '帮助信息',
  `help_position` varchar(1) DEFAULT NULL COMMENT '帮助位置',
  `data_type` int(11) DEFAULT '1' COMMENT '0:编辑器;1:文本框;2:文本区;3:图片;4:附件',
  `is_single` tinyint(1) DEFAULT '1' COMMENT '是否独占一行',
  PRIMARY KEY (`model_id`),
  UNIQUE KEY `ak_field` (`field`)
) ENGINE=InnoDB DEFAULT CHARSET=utf8 COMMENT='CMS站点信息模型表';

-- ----------------------------
-- Table structure for jc_site_txt
-- ----------------------------
CREATE TABLE `jc_site_txt` (
  `site_id` int(11) NOT NULL,
  `txt_name` varchar(30) NOT NULL COMMENT '名称',
  `txt_value` longtext COMMENT '值',
  KEY `fk_jc_txt_site` (`site_id`),
  CONSTRAINT `fk_jc_txt_site` FOREIGN KEY (`site_id`) REFERENCES `jc_site` (`site_id`)
) ENGINE=InnoDB DEFAULT CHARSET=utf8 COMMENT='CMS站点文本表';

-- ----------------------------
-- Table structure for jc_topic
-- ----------------------------
CREATE TABLE `jc_topic` (
  `topic_id` int(11) NOT NULL AUTO_INCREMENT,
  `channel_id` int(11) DEFAULT NULL,
  `topic_name` varchar(150) NOT NULL COMMENT '名称',
  `short_name` varchar(150) DEFAULT NULL COMMENT '简称',
  `keywords` varchar(255) DEFAULT NULL COMMENT '关键字',
  `description` varchar(255) DEFAULT NULL COMMENT '描述',
  `title_img` varchar(100) DEFAULT NULL COMMENT '标题图',
  `content_img` varchar(100) DEFAULT NULL COMMENT '内容图',
  `tpl_content` varchar(100) DEFAULT NULL COMMENT '专题模板',
  `priority` int(11) NOT NULL DEFAULT '10' COMMENT '排列顺序',
  `is_recommend` tinyint(1) NOT NULL DEFAULT '0' COMMENT '是否推??',
  PRIMARY KEY (`topic_id`),
  KEY `fk_jc_topic_channel` (`channel_id`),
  CONSTRAINT `fk_jc_topic_channel` FOREIGN KEY (`channel_id`) REFERENCES `jc_channel` (`channel_id`)
) ENGINE=InnoDB AUTO_INCREMENT=5 DEFAULT CHARSET=utf8 COMMENT='CMS专题表';

-- ----------------------------
-- Table structure for jc_user
-- ----------------------------
CREATE TABLE `jc_user` (
  `user_id` int(11) NOT NULL,
  `group_id` int(11) NOT NULL,
  `username` varchar(100) NOT NULL COMMENT '用户名',
  `email` varchar(100) DEFAULT NULL COMMENT '邮箱',
  `register_time` datetime NOT NULL COMMENT '注册时间',
  `register_ip` varchar(50) NOT NULL DEFAULT '127.0.0.1' COMMENT '注册IP',
  `last_login_time` datetime NOT NULL COMMENT '最后登录时间',
  `last_login_ip` varchar(50) NOT NULL DEFAULT '127.0.0.1' COMMENT '最后登录IP',
  `login_count` int(11) NOT NULL DEFAULT '0' COMMENT '登录次数',
  `rank` int(11) NOT NULL DEFAULT '0' COMMENT '管理员级别',
  `upload_total` bigint(20) NOT NULL DEFAULT '0' COMMENT '上传总大小',
  `upload_size` int(11) NOT NULL DEFAULT '0' COMMENT '上传大小',
  `upload_date` date DEFAULT NULL COMMENT '上传日期',
  `is_admin` tinyint(1) NOT NULL DEFAULT '0' COMMENT '是否管理员',
  `is_viewonly_admin` tinyint(1) NOT NULL DEFAULT '0' COMMENT '是否只读管理员',
  `is_self_admin` tinyint(1) NOT NULL DEFAULT '0' COMMENT '是否只管理自己的数据',
  `is_disabled` tinyint(1) NOT NULL DEFAULT '0' COMMENT '是否禁用',
  PRIMARY KEY (`user_id`),
  UNIQUE KEY `ak_username` (`username`),
  KEY `fk_jc_user_group` (`group_id`),
  CONSTRAINT `fk_jc_user_group` FOREIGN KEY (`group_id`) REFERENCES `jc_group` (`group_id`)
) ENGINE=InnoDB DEFAULT CHARSET=utf8 COMMENT='CMS用户表';

-- ----------------------------
-- Table structure for jc_user_collection
-- ----------------------------
CREATE TABLE `jc_user_collection` (
  `user_id` int(11) NOT NULL DEFAULT '0' COMMENT '用户id',
  `content_id` int(11) NOT NULL DEFAULT '0' COMMENT '内容id',
  PRIMARY KEY (`user_id`,`content_id`),
  KEY `fk_jc_user_collection_con` (`content_id`),
  CONSTRAINT `fk_jc_user_collection_con` FOREIGN KEY (`content_id`) REFERENCES `jc_content` (`content_id`),
  CONSTRAINT `fk_jc_user_collection_user` FOREIGN KEY (`user_id`) REFERENCES `jc_user` (`user_id`)
) ENGINE=InnoDB DEFAULT CHARSET=utf8 COMMENT='用户收藏关联表';

-- ----------------------------
-- Table structure for jc_user_ext
-- ----------------------------
CREATE TABLE `jc_user_ext` (
  `user_id` int(11) NOT NULL,
  `realname` varchar(200) DEFAULT NULL COMMENT '真实姓名',
  `gender` tinyint(1) DEFAULT NULL COMMENT '性别',
  `birthday` datetime DEFAULT NULL COMMENT '出生日期',
  `intro` varchar(255) DEFAULT NULL COMMENT '个人介绍',
  `contact` varchar(200) DEFAULT NULL,
  `address` varchar(500) DEFAULT NULL,
  `comefrom` varchar(150) DEFAULT NULL COMMENT '来自',
  `qq` varchar(100) DEFAULT NULL COMMENT 'QQ',
  `msn` varchar(100) DEFAULT NULL COMMENT 'MSN',
  `phone` varchar(50) DEFAULT NULL COMMENT '电话',
  `mobile` varchar(50) DEFAULT NULL COMMENT '手机',
  `user_img` varchar(255) DEFAULT NULL COMMENT '用户头像',
  `user_signature` varchar(255) DEFAULT NULL COMMENT '用户个性签名',
  PRIMARY KEY (`user_id`),
  CONSTRAINT `fk_jc_ext_user` FOREIGN KEY (`user_id`) REFERENCES `jc_user` (`user_id`)
) ENGINE=InnoDB DEFAULT CHARSET=utf8 COMMENT='CMS用户扩展信息表';

-- ----------------------------
-- Table structure for jc_user_role
-- ----------------------------
CREATE TABLE `jc_user_role` (
  `role_id` int(11) NOT NULL,
  `user_id` int(11) NOT NULL,
  PRIMARY KEY (`role_id`,`user_id`),
  KEY `fk_jc_role_user` (`user_id`),
  CONSTRAINT `fk_jc_role_user` FOREIGN KEY (`user_id`) REFERENCES `jc_user` (`user_id`),
  CONSTRAINT `fk_jc_user_role` FOREIGN KEY (`role_id`) REFERENCES `jc_role` (`role_id`)
) ENGINE=InnoDB DEFAULT CHARSET=utf8 COMMENT='CMS用户角色关联表';

-- ----------------------------
-- Table structure for jc_user_site
-- ----------------------------
CREATE TABLE `jc_user_site` (
  `usersite_id` int(11) NOT NULL AUTO_INCREMENT,
  `user_id` int(11) NOT NULL,
  `site_id` int(11) NOT NULL,
  `check_step` tinyint(4) NOT NULL DEFAULT '1' COMMENT '审核级别',
  `is_all_channel` tinyint(1) NOT NULL DEFAULT '1' COMMENT '是否拥有所有栏目的权限',
  PRIMARY KEY (`usersite_id`),
  KEY `fk_jc_site_user` (`user_id`),
  KEY `fk_jc_user_site` (`site_id`),
  CONSTRAINT `fk_jc_site_user` FOREIGN KEY (`user_id`) REFERENCES `jc_user` (`user_id`),
  CONSTRAINT `fk_jc_user_site` FOREIGN KEY (`site_id`) REFERENCES `jc_site` (`site_id`)
) ENGINE=InnoDB AUTO_INCREMENT=2 DEFAULT CHARSET=utf8 COMMENT='CMS管理员站点表';

-- ----------------------------
-- Table structure for jc_vote_item
-- ----------------------------
CREATE TABLE `jc_vote_item` (
  `voteitem_id` int(11) NOT NULL AUTO_INCREMENT,
  `votetopic_id` int(11) NOT NULL,
  `title` varchar(255) NOT NULL COMMENT '标题',
  `vote_count` int(11) NOT NULL DEFAULT '0' COMMENT '投票数量',
  `priority` int(11) NOT NULL DEFAULT '10' COMMENT '排列顺序',
  PRIMARY KEY (`voteitem_id`),
  KEY `fk_jc_vote_item_topic` (`votetopic_id`),
  CONSTRAINT `fk_jc_vote_item_topic` FOREIGN KEY (`votetopic_id`) REFERENCES `jc_vote_topic` (`votetopic_id`)
) ENGINE=InnoDB AUTO_INCREMENT=9 DEFAULT CHARSET=utf8 COMMENT='CMS投票项';

-- ----------------------------
-- Table structure for jo_authentication
-- ----------------------------
CREATE TABLE `jo_authentication` (
  `authentication_id` char(32) NOT NULL COMMENT '认证ID',
  `userid` int(11) NOT NULL COMMENT '用户ID',
  `username` varchar(100) NOT NULL COMMENT '用户名',
  `email` varchar(100) DEFAULT NULL COMMENT '邮箱',
  `login_time` datetime NOT NULL COMMENT '登录时间',
  `login_ip` varchar(50) NOT NULL COMMENT '登录ip',
  `update_time` datetime NOT NULL COMMENT '更新时间',
  PRIMARY KEY (`authentication_id`)
) ENGINE=InnoDB DEFAULT CHARSET=utf8 COMMENT='认证信息表';

-- ----------------------------
-- Table structure for jo_config
-- ----------------------------
CREATE TABLE `jo_config` (
  `cfg_key` varchar(50) NOT NULL COMMENT '配置KEY',
  `cfg_value` varchar(255) DEFAULT NULL COMMENT '配置VALUE',
  PRIMARY KEY (`cfg_key`)
) ENGINE=InnoDB DEFAULT CHARSET=utf8 COMMENT='配置表';

-- ----------------------------
-- Table structure for jo_ftp
-- ----------------------------
CREATE TABLE `jo_ftp` (
  `ftp_id` int(11) NOT NULL AUTO_INCREMENT,
  `ftp_name` varchar(100) NOT NULL COMMENT '名称',
  `ip` varchar(50) NOT NULL COMMENT 'IP',
  `port` int(11) NOT NULL DEFAULT '21' COMMENT '端口号',
  `username` varchar(100) DEFAULT NULL COMMENT '登录名',
  `password` varchar(100) DEFAULT NULL COMMENT '登陆密码',
  `encoding` varchar(20) NOT NULL DEFAULT 'UTF-8' COMMENT '编码',
  `timeout` int(11) DEFAULT NULL COMMENT '超时时间',
  `ftp_path` varchar(255) DEFAULT NULL COMMENT '路径',
  `url` varchar(255) NOT NULL COMMENT '访问URL',
  PRIMARY KEY (`ftp_id`)
) ENGINE=InnoDB DEFAULT CHARSET=utf8 COMMENT='FTP表';

-- ----------------------------
-- Table structure for jo_template
-- ----------------------------
CREATE TABLE `jo_template` (
  `tpl_name` varchar(150) NOT NULL COMMENT '模板名称',
  `tpl_source` longtext COMMENT '模板内容',
  `last_modified` bigint(20) NOT NULL COMMENT '最后修改时间',
  `is_directory` tinyint(1) NOT NULL DEFAULT '0' COMMENT '是否目录',
  PRIMARY KEY (`tpl_name`)
) ENGINE=InnoDB DEFAULT CHARSET=utf8 COMMENT='模板表';

-- ----------------------------
-- Table structure for jo_upload
-- ----------------------------
CREATE TABLE `jo_upload` (
  `filename` varchar(150) NOT NULL COMMENT '文件名',
  `length` int(11) NOT NULL COMMENT '文件大小(字节)',
  `last_modified` bigint(20) NOT NULL COMMENT '最后修改时间',
  `content` longblob NOT NULL COMMENT '内容',
  PRIMARY KEY (`filename`)
) ENGINE=InnoDB DEFAULT CHARSET=utf8 COMMENT='上传附件表';

-- ----------------------------
-- Records 
-- ----------------------------
INSERT INTO `jc_acquisition` VALUES ('1', '1', '37', '1', '1', '新浪国内新闻', '2011-12-21 08:34:33', '2011-12-21 08:34:36', '0', '0', '0', '0', '500', 'GBK', 'http://roll.news.sina.com.cn/news/gnxw/gdxw1/index.shtml', 'http://roll.news.sina.com.cn/news/gnxw/gdxw1/index_[page].shtml', '2', '5', '<ul class=\"list_009\">', '</ul>', '<li><a href=\"', '\" target=\"_blank\"', '<title>', '_新闻中心_新浪网</title>', '[{\"fields\":\"\",\"filterStart\":\"\",\"filterEnd\":\"\"}]', '4,3,2,1', '', '', ' f_id=\'3\' -->', '<!-- publish_helper_end -->', null, null, null, '0', 'NONE');
INSERT INTO `jc_acquisition` VALUES ('2', '1', '11', '1', '1', '新浪-国内新闻', '2011-12-21 08:34:41', '2011-12-21 08:42:01', '0', '0', '0', '0', '500', 'gb2312', '', 'http://roll.news.sina.com.cn/news/gnxw/gdxw1/index_[page].shtml', '1', '1', 'class=list_009', '', '', '', 'false', 'false', '[{\"fields\":\"\",\"filterStart\":\"\",\"filterEnd\":\"\"}]', null, '', '', 'id=artibody', '', null, null, null, '0', 'NONE');
INSERT INTO `jc_acquisition` VALUES ('4', '1', '11', '1', '1', '本地采集', '2012-02-09 10:19:30', '2012-02-09 10:19:38', '0', '0', '0', '0', '500', 'gb2312', 'http://localhost/v7/list.php?fid=33', '', '2', '10', 'style=margin-left:5px;margin-top:10px;', '', 'http://localhost/v7/', '', 'false', 'true', '[{\"fields\":\"maintitle\",\"filterStart\":\"class=main_title\",\"filterEnd\":\"\"}]', null, '', '', 'id=post1', '', null, null, null, '0', 'NONE');
INSERT INTO `jc_acquisition` VALUES ('6', '1', '11', '1', '1', '美食天下-行业资讯', '2012-02-09 10:13:59', '2012-02-09 10:14:47', '0', '0', '0', '0', '500', 'gb2312', '', 'http://www.meishichina.com/News/HangYe/List_[page].html', '50', '50', 'class=tList', '', 'http://www.meishichina.com/', '', 'false', 'true', '[{\"fields\":\"\",\"filterStart\":\"\",\"filterEnd\":\"\"}]', '4,3', '', '', 'class=content.*', '', null, null, null, '0', 'NONE');
INSERT INTO `jc_acquisition` VALUES ('7', '1', '12', '1', '1', '美食天下-厨房资讯', '2012-02-09 10:12:40', '2012-02-09 10:15:39', '0', '0', '0', '0', '500', 'gb2312', 'http://www.meishichina.com/News/ChuFang/', '', '35', '35', 'class=tList', '', 'http://www.meishichina.com/', '', 'false', 'false', '[{\"fields\":\"\",\"filterStart\":\"\",\"filterEnd\":\"\"}]', '2,1', '', '', 'class=content.*', '', null, null, null, '0', 'NONE');
INSERT INTO `jc_acquisition` VALUES ('10', '1', '79', '1', '1', '美食天下-饮食常识', '2012-01-31 23:07:11', '2012-01-31 23:08:01', '0', '0', '0', '0', '500', 'gb2312', 'http://www.meishichina.com/Health/CommonSense/index.html', '', '2', '10', 'class=pList5', 'class=pic_art_title', 'http://www.meishichina.com/', '', 'false', 'true', '[{\"fields\":\"\",\"filterStart\":\"\",\"filterEnd\":\"\"}]', null, '', '', 'class=content.*', 'iframe', null, null, null, '0', 'NONE');
INSERT INTO `jc_acquisition` VALUES ('11', '1', '73', '1', '1', '美食天下-女性健康', '2012-01-31 23:08:15', '2012-01-31 23:10:48', '0', '0', '0', '0', '500', 'gb2312', 'http://www.meishichina.com/Physique/Woman/', '', '2', '10', 'class=pList5', 'class=pic_art_title', 'http://www.meishichina.com/', '', 'false', 'true', '[{\"fields\":\"\",\"filterStart\":\"\",\"filterEnd\":\"\"}]', null, '', '', 'class=content.*', 'iframe', null, null, null, '0', 'NONE');
INSERT INTO `jc_acquisition` VALUES ('13', '1', '75', '1', '1', '39健康-老人健康', '2012-02-08 21:17:36', '2012-02-08 21:18:03', '0', '0', '0', '0', '500', 'gb2312', '', 'http://oldman.39.net/nutrition/index_[page].html', '2', '2', 'class=listbox', '', '', '', 'false', 'false', '[{\"fields\":\"\",\"filterStart\":\"\",\"filterEnd\":\"\"}]', null, '', '', 'id=contentText', 'IFRAME,align=right', null, null, null, '0', 'NONE');
INSERT INTO `jc_acquisition` VALUES ('14', '1', '73', '1', '1', '39健康-女人健康', '2011-12-23 17:47:50', '2012-02-08 22:26:31', '0', '0', '0', '0', '500', 'gb2312', '', 'http://woman.39.net/nxyy/bjsp/index_[page].html', '2', '2', 'class=newslist', '', '', '', 'false', 'false', '[{\"fields\":\"\",\"filterStart\":\"\",\"filterEnd\":\"\"}]', null, 'class=summary', '', 'id=contentText', 'IFRAME,align=right', null, null, null, '0', 'NONE');
INSERT INTO `jc_acquisition` VALUES ('15', '1', '13', '1', '1', '测试', null, null, '0', '0', '0', '0', '500', 'GBK', '', '', '2', '10', '', '', '', '', 'false', 'false', '[{\"fields\":\"\",\"filterStart\":\"\",\"filterEnd\":\"\"}]', '4,3,2', '', '', '', '', null, null, null, '0', 'NONE');
INSERT INTO `jc_acquisition` VALUES ('16', '1', '67', '1', '1', '测试', null, null, '0', '0', '0', '0', '500', 'GBK', '', '', '2', '10', '', '', '', '', 'false', 'false', '[{\"fields\":\"\",\"filterStart\":\"\",\"filterEnd\":\"\"}]', '', '', '', '', '', null, null, null, '0', 'NONE');
INSERT INTO `jc_acquisition` VALUES ('17', '1', '73', '1', '1', '美食健康-女性健康', '2012-02-11 09:07:20', '2012-02-11 09:08:20', '0', '0', '0', '0', '500', 'utf-8', 'http://health.lady8844.com/317489/index.html', '', '2', '10', 'class=sitlistbox', '', '', '', 'false', 'false', '[{\"fields\":\"\",\"filterStart\":\"\",\"filterEnd\":\"\"}]', '4', 'class=guide_txt', '', 'id=TEXT_CONTENT', '', 'id=content_pagelist', '', null, '0', 'NONE');
INSERT INTO `jc_acquisition` VALUES ('18', '1', '82', '1', '1', '美食健康-女性健康', '2012-02-14 22:34:43', '2012-02-14 22:35:12', '0', '0', '0', '0', '500', 'utf-8', 'http://health.lady8844.com/292301/index.html', '', '2', '10', 'class=sitlistbox', '', '', '', 'false', 'false', '[{\"fields\":\"\",\"filterStart\":\"\",\"filterEnd\":\"\"}]', '4', '', '', 'id=TEXT_CONTENT', '', 'id=content_pagelist', '', '', '0', 'NONE');
INSERT INTO `jc_acquisition_history` VALUES ('1674', 'http://health.lady8844.com/292301/index.html', 'http://health.lady8844.com/yinshi/2011-11-09/1320815375d924010.html', '秋冬御寒先要养胃 美食护胃暖身体', 'SUCCESS', '18', '1126');
INSERT INTO `jc_acquisition_history` VALUES ('1675', 'http://health.lady8844.com/292301/index.html', 'http://health.lady8844.com/baojian/2011-11-11/1320989757d925119.html', '秋冬燥热缠上身 中医养生建议帮到你', 'SUCCESS', '18', '1127');
INSERT INTO `jc_acquisition_history` VALUES ('1676', 'http://health.lady8844.com/292301/index.html', 'http://health.lady8844.com/yinshi/2011-11-07/1320646783d922933.html', '秋补带点凉 重在滋阴 以粥代药更健康', 'SUCCESS', '18', '1128');
INSERT INTO `jc_acquisition_history` VALUES ('1677', 'http://health.lady8844.com/292301/index.html', 'http://health.lady8844.com/yinshi/2011-11-08/1320750981d923861.html', '平价萝卜亦能大补 增强免疫好处多', 'SUCCESS', '18', '1129');
INSERT INTO `jc_acquisition_history` VALUES ('1678', 'http://health.lady8844.com/317489/index.html', 'http://health.lady8844.com/shenghuo/2012-01-20/1327048287d961750.html', '阿胶进补禁忌多 小心补血不成反上火', 'SUCCESS', '17', '1130');
INSERT INTO `jc_acquisition_history` VALUES ('1679', 'http://health.lady8844.com/317489/index.html', 'http://health.lady8844.com/baojian/2012-01-09/1326106345d955388.html', '冬季吃火锅御寒禁忌多 3类火锅谨慎吃', 'SUCCESS', '17', '1131');
INSERT INTO `jc_acquisition_history` VALUES ('1680', 'http://health.lady8844.com/317489/index.html', 'http://health.lady8844.com/yinshi/2012-01-19/1326973943d960888.html', '红枣食疗最养人 避开4误区 营养不伤身', 'SUCCESS', '17', '1132');
INSERT INTO `jc_acquisition_history` VALUES ('1681', 'http://health.lady8844.com/317489/index.html', 'http://health.lady8844.com/yinshi/2012-01-17/1326767759d958934.html', '冬季吃火锅 重视3细节 警惕3隐患', 'SUCCESS', '17', '1133');
INSERT INTO `jc_acquisition_history` VALUES ('1682', 'http://health.lady8844.com/317489/index.html', 'http://health.lady8844.com/yinshi/2012-01-12/1326354994d957056.html', '春节护胃最健康 饮食请坚守八分原则', 'SUCCESS', '17', '1134');
INSERT INTO `jc_acquisition_history` VALUES ('1683', 'http://health.lady8844.com/317489/index.html', 'http://health.lady8844.com/shenghuo/2012-01-10/1326184285d955957.html', '过年送礼莫贪奇 反季节水果致病隐患大', 'SUCCESS', '17', '1135');
INSERT INTO `jc_acquisition_history` VALUES ('1684', 'http://health.lady8844.com/292301/index.html', 'http://health.lady8844.com/yinshi/2011-11-09/1320815375d924010.html', '秋冬御寒先要养胃 美食护胃暖身体', 'SUCCESS', '18', '229');
INSERT INTO `jc_acquisition_history` VALUES ('1685', 'http://health.lady8844.com/292301/index.html', 'http://health.lady8844.com/baojian/2011-11-11/1320989757d925119.html', '秋冬燥热缠上身 中医养生建议帮到你', 'SUCCESS', '18', '230');
INSERT INTO `jc_acquisition_history` VALUES ('1686', 'http://health.lady8844.com/292301/index.html', 'http://health.lady8844.com/yinshi/2011-11-08/1320750981d923861.html', '平价萝卜亦能大补 增强免疫好处多', 'SUCCESS', '18', '231');
INSERT INTO `jc_acquisition_history` VALUES ('1687', 'http://health.lady8844.com/292301/index.html', 'http://health.lady8844.com/yinshi/2011-11-07/1320646783d922933.html', '秋补带点凉 重在滋阴 以粥代药更健康', 'SUCCESS', '18', '232');
INSERT INTO `jc_acquisition_history` VALUES ('1688', 'http://health.lady8844.com/292301/index.html', 'http://health.lady8844.com/baojian/2011-11-03/1320250900d921256.html', '女性秋冬进补重在调血 依体质进补改善虚寒', 'SUCCESS', '18', '233');
INSERT INTO `jc_acquisition_history` VALUES ('1689', 'http://health.lady8844.com/292301/index.html', 'http://health.lady8844.com/yinshi/2011-11-03/1320309290d921589.html', '补血润肺加养颜 平民食材秋冬滋补又省钱', 'SUCCESS', '18', '234');
INSERT INTO `jc_acquisition_history` VALUES ('1690', 'http://health.lady8844.com/292301/index.html', 'http://health.lady8844.com/yinshi/2011-10-26/1319602416d917554.html', '三款清甜甘补汤饮 有效润肺去秋燥', 'SUCCESS', '18', '235');
INSERT INTO `jc_acquisition_history` VALUES ('1691', 'http://health.lady8844.com/292301/index.html', 'http://health.lady8844.com/yinshi/2011-10-26/1319608636d917600.html', '肉的口味营养不同 秋天吃肉依体质功效挑选', 'SUCCESS', '18', '236');
INSERT INTO `jc_acquisition_history` VALUES ('1692', 'http://health.lady8844.com/292301/index.html', 'http://health.lady8844.com/yinshi/2011-10-25/1319530379d916791.html', '羊肉是秋冬进补的好食材 如何吃更养生', 'SUCCESS', '18', '237');
INSERT INTO `jc_acquisition_history` VALUES ('1693', 'http://health.lady8844.com/292301/index.html', 'http://health.lady8844.com/yinshi/2011-10-25/1319513115d916519.html', '秋吃柚橘补益大 营养健康双丰收', 'SUCCESS', '18', '238');
INSERT INTO `jc_acquisition_history` VALUES ('1694', 'http://health.lady8844.com/292301/index.html', 'http://health.lady8844.com/yinshi/2011-10-25/1319504701d916400.html', '秋冬重在养阴 三款佳肴可滋阴润燥', 'SUCCESS', '18', '239');
INSERT INTO `jc_acquisition_history` VALUES ('1695', 'http://health.lady8844.com/292301/index.html', 'http://health.lady8844.com/yinshi/2011-10-14/1318575879d909767.html', '秋补宜吃鱼 3种鱼美味健康最给力', 'SUCCESS', '18', '240');
INSERT INTO `jc_acquisition_history` VALUES ('1696', 'http://health.lady8844.com/292301/index.html', 'http://health.lady8844.com/yinshi/2011-10-21/1319168689d914795.html', '地瓜山药土豆入菜 薯类料理吃尽秋季营养', 'SUCCESS', '18', '241');
INSERT INTO `jc_acquisition_history` VALUES ('1697', 'http://health.lady8844.com/292301/index.html', 'http://health.lady8844.com/yinshi/2011-10-21/1319169910d914811.html', '秋天进补宜吃5食材 滋阴润肺更添活力', 'SUCCESS', '18', '242');
INSERT INTO `jc_acquisition_history` VALUES ('1698', 'http://health.lady8844.com/292301/index.html', 'http://health.lady8844.com/yinshi/2011-10-21/1319184837d915093.html', '秋季养生防三点 四款水果药膳润肺生津更滋养', 'SUCCESS', '18', '243');
INSERT INTO `jc_acquisition_history` VALUES ('1699', 'http://health.lady8844.com/292301/index.html', 'http://health.lady8844.com/yinshi/2011-10-20/1319124994d914659.html', '5款素色营养食谱 秋季轻松清热降火气', 'SUCCESS', '18', '244');
INSERT INTO `jc_acquisition_history` VALUES ('1700', 'http://health.lady8844.com/292301/index.html', 'http://health.lady8844.com/yinshi/2011-10-19/1319019734d914015.html', '秋季舒缓秋燥 9大白色食物入肺生津', 'SUCCESS', '18', '245');
INSERT INTO `jc_acquisition_history` VALUES ('1701', 'http://health.lady8844.com/292301/index.html', 'http://health.lady8844.com/yinshi/2011-10-20/1319076483d914097.html', '秋天吃火锅必备：肉类蔬菜如何挑着吃', 'SUCCESS', '18', '246');
INSERT INTO `jc_acquisition_history` VALUES ('1702', 'http://health.lady8844.com/292301/index.html', 'http://health.lady8844.com/baojian/2011-11-11/1320989757d925119.html', '秋冬燥热缠上身 中医养生建议帮到你', 'SUCCESS', '18', '247');
INSERT INTO `jc_acquisition_history` VALUES ('1703', 'http://health.lady8844.com/292301/index.html', 'http://health.lady8844.com/yinshi/2011-11-09/1320815375d924010.html', '秋冬御寒先要养胃 美食护胃暖身体', 'SUCCESS', '18', '248');
INSERT INTO `jc_acquisition_history` VALUES ('1704', 'http://health.lady8844.com/292301/index.html', 'http://health.lady8844.com/yinshi/2011-11-08/1320750981d923861.html', '平价萝卜亦能大补 增强免疫好处多', 'SUCCESS', '18', '249');
INSERT INTO `jc_acquisition_history` VALUES ('1705', 'http://health.lady8844.com/292301/index.html', 'http://health.lady8844.com/yinshi/2011-11-07/1320646783d922933.html', '秋补带点凉 重在滋阴 以粥代药更健康', 'SUCCESS', '18', '250');
INSERT INTO `jc_acquisition_history` VALUES ('1706', 'http://health.lady8844.com/292301/index.html', 'http://health.lady8844.com/yinshi/2011-11-03/1320309290d921589.html', '补血润肺加养颜 平民食材秋冬滋补又省钱', 'SUCCESS', '18', '251');
INSERT INTO `jc_acquisition_history` VALUES ('1707', 'http://health.lady8844.com/292301/index.html', 'http://health.lady8844.com/baojian/2011-11-03/1320250900d921256.html', '女性秋冬进补重在调血 依体质进补改善虚寒', 'SUCCESS', '18', '252');
INSERT INTO `jc_acquisition_history` VALUES ('1708', 'http://health.lady8844.com/292301/index.html', 'http://health.lady8844.com/yinshi/2011-10-26/1319602416d917554.html', null, 'UNKNOW', '18', null);
INSERT INTO `jc_acquisition_history` VALUES ('1709', 'http://health.lady8844.com/292301/index.html', 'http://health.lady8844.com/yinshi/2011-10-26/1319608636d917600.html', null, 'UNKNOW', '18', null);
INSERT INTO `jc_acquisition_history` VALUES ('1710', 'http://health.lady8844.com/292301/index.html', 'http://health.lady8844.com/yinshi/2011-10-25/1319530379d916791.html', '羊肉是秋冬进补的好食材 如何吃更养生', 'SUCCESS', '18', '255');
INSERT INTO `jc_acquisition_history` VALUES ('1711', 'http://health.lady8844.com/292301/index.html', 'http://health.lady8844.com/yinshi/2011-10-25/1319513115d916519.html', '秋吃柚橘补益大 营养健康双丰收', 'SUCCESS', '18', '256');
INSERT INTO `jc_acquisition_history` VALUES ('1712', 'http://health.lady8844.com/292301/index.html', 'http://health.lady8844.com/yinshi/2011-10-25/1319504701d916400.html', '秋冬重在养阴 三款佳肴可滋阴润燥', 'SUCCESS', '18', '257');
INSERT INTO `jc_acquisition_history` VALUES ('1713', 'http://health.lady8844.com/292301/index.html', 'http://health.lady8844.com/yinshi/2011-10-14/1318575879d909767.html', '秋补宜吃鱼 3种鱼美味健康最给力', 'SUCCESS', '18', '258');
INSERT INTO `jc_acquisition_history` VALUES ('1714', 'http://health.lady8844.com/292301/index.html', 'http://health.lady8844.com/yinshi/2011-10-21/1319169910d914811.html', '秋天进补宜吃5食材 滋阴润肺更添活力', 'SUCCESS', '18', '259');
INSERT INTO `jc_acquisition_history` VALUES ('1715', 'http://health.lady8844.com/292301/index.html', 'http://health.lady8844.com/yinshi/2011-10-21/1319168689d914795.html', '地瓜山药土豆入菜 薯类料理吃尽秋季营养', 'SUCCESS', '18', '260');
INSERT INTO `jc_acquisition_history` VALUES ('1716', 'http://health.lady8844.com/292301/index.html', 'http://health.lady8844.com/yinshi/2011-10-21/1319184837d915093.html', '秋季养生防三点 四款水果药膳润肺生津更滋养', 'SUCCESS', '18', '261');
INSERT INTO `jc_acquisition_history` VALUES ('1717', 'http://health.lady8844.com/292301/index.html', 'http://health.lady8844.com/yinshi/2011-10-20/1319124994d914659.html', '5款素色营养食谱 秋季轻松清热降火气', 'SUCCESS', '18', '262');
INSERT INTO `jc_acquisition_history` VALUES ('1718', 'http://health.lady8844.com/292301/index.html', 'http://health.lady8844.com/yinshi/2011-10-19/1319019734d914015.html', '秋季舒缓秋燥 9大白色食物入肺生津', 'SUCCESS', '18', '263');
INSERT INTO `jc_acquisition_history` VALUES ('1719', 'http://health.lady8844.com/292301/index.html', 'http://health.lady8844.com/baojian/2011-11-11/1320989757d925119.html', '秋冬燥热缠上身 中医养生建议帮到你', 'SUCCESS', '18', '265');
INSERT INTO `jc_acquisition_history` VALUES ('1720', 'http://health.lady8844.com/292301/index.html', 'http://health.lady8844.com/yinshi/2011-11-09/1320815375d924010.html', '秋冬御寒先要养胃 美食护胃暖身体', 'SUCCESS', '18', '266');
INSERT INTO `jc_acquisition_history` VALUES ('1721', 'http://health.lady8844.com/292301/index.html', 'http://health.lady8844.com/yinshi/2011-11-09/1320815375d924010.html', '秋冬御寒先要养胃 美食护胃暖身体', 'SUCCESS', '18', '227');
INSERT INTO `jc_acquisition_history` VALUES ('1722', 'http://health.lady8844.com/292301/index.html', 'http://health.lady8844.com/baojian/2011-11-11/1320989757d925119.html', '秋冬燥热缠上身 中医养生建议帮到你', 'SUCCESS', '18', '228');
INSERT INTO `jc_acquisition_history` VALUES ('1723', 'http://health.lady8844.com/292301/index.html', 'http://health.lady8844.com/yinshi/2011-11-08/1320750981d923861.html', '平价萝卜亦能大补 增强免疫好处多', 'SUCCESS', '18', '229');
INSERT INTO `jc_acquisition_history` VALUES ('1724', 'http://health.lady8844.com/292301/index.html', 'http://health.lady8844.com/yinshi/2011-11-07/1320646783d922933.html', '秋补带点凉 重在滋阴 以粥代药更健康', 'SUCCESS', '18', '230');
INSERT INTO `jc_acquisition_history` VALUES ('1725', 'http://health.lady8844.com/292301/index.html', 'http://health.lady8844.com/yinshi/2011-11-03/1320309290d921589.html', '补血润肺加养颜 平民食材秋冬滋补又省钱', 'SUCCESS', '18', '231');
INSERT INTO `jc_acquisition_temp` VALUES ('185', '1', 'http://health.lady8844.com/292301/index.html', 'http://health.lady8844.com/yinshi/2011-11-09/1320815375d924010.html', '秋冬御寒先要养胃 美食护胃暖身体', '2', 'SUCCESS', '98');
INSERT INTO `jc_acquisition_temp` VALUES ('186', '1', 'http://health.lady8844.com/292301/index.html', 'http://health.lady8844.com/baojian/2011-11-11/1320989757d925119.html', '秋冬燥热缠上身 中医养生建议帮到你', '1', 'SUCCESS', '99');
INSERT INTO `jc_acquisition_temp` VALUES ('187', '1', 'http://health.lady8844.com/292301/index.html', 'http://health.lady8844.com/yinshi/2011-11-08/1320750981d923861.html', '平价萝卜亦能大补 增强免疫好处多', '3', 'SUCCESS', '97');
INSERT INTO `jc_acquisition_temp` VALUES ('188', '1', 'http://health.lady8844.com/292301/index.html', 'http://health.lady8844.com/yinshi/2011-11-07/1320646783d922933.html', '秋补带点凉 重在滋阴 以粥代药更健康', '4', 'SUCCESS', '96');
INSERT INTO `jc_acquisition_temp` VALUES ('189', '1', 'http://health.lady8844.com/292301/index.html', 'http://health.lady8844.com/baojian/2011-11-03/1320250900d921256.html', '女性秋冬进补重在调血 依体质进补改善虚寒', '6', 'SUCCESS', '94');
INSERT INTO `jc_acquisition_temp` VALUES ('190', '1', 'http://health.lady8844.com/292301/index.html', 'http://health.lady8844.com/yinshi/2011-11-03/1320309290d921589.html', '补血润肺加养颜 平民食材秋冬滋补又省钱', '5', 'SUCCESS', '95');
INSERT INTO `jc_acquisition_temp` VALUES ('191', '1', 'http://health.lady8844.com/292301/index.html', 'http://health.lady8844.com/yinshi/2011-10-26/1319602416d917554.html', '三款清甜甘补汤饮 有效润肺去秋燥', '8', 'SUCCESS', '92');
INSERT INTO `jc_acquisition_temp` VALUES ('192', '1', 'http://health.lady8844.com/292301/index.html', 'http://health.lady8844.com/yinshi/2011-10-26/1319608636d917600.html', '肉的口味营养不同 秋天吃肉依体质功效挑选', '7', 'SUCCESS', '93');
INSERT INTO `jc_acquisition_temp` VALUES ('193', '1', 'http://health.lady8844.com/292301/index.html', 'http://health.lady8844.com/yinshi/2011-10-25/1319530379d916791.html', '羊肉是秋冬进补的好食材 如何吃更养生', '9', 'SUCCESS', '91');
INSERT INTO `jc_acquisition_temp` VALUES ('194', '1', 'http://health.lady8844.com/292301/index.html', 'http://health.lady8844.com/yinshi/2011-10-25/1319513115d916519.html', '秋吃柚橘补益大 营养健康双丰收', '10', 'SUCCESS', '90');
INSERT INTO `jc_acquisition_temp` VALUES ('195', '1', 'http://health.lady8844.com/292301/index.html', 'http://health.lady8844.com/yinshi/2011-10-25/1319504701d916400.html', '秋冬重在养阴 三款佳肴可滋阴润燥', '11', 'SUCCESS', '89');
INSERT INTO `jc_acquisition_temp` VALUES ('196', '1', 'http://health.lady8844.com/292301/index.html', 'http://health.lady8844.com/yinshi/2011-10-14/1318575879d909767.html', '秋补宜吃鱼 3种鱼美味健康最给力', '12', 'SUCCESS', '88');
INSERT INTO `jc_acquisition_temp` VALUES ('197', '1', 'http://health.lady8844.com/292301/index.html', 'http://health.lady8844.com/yinshi/2011-10-21/1319168689d914795.html', '地瓜山药土豆入菜 薯类料理吃尽秋季营养', '14', 'SUCCESS', '86');
INSERT INTO `jc_acquisition_temp` VALUES ('198', '1', 'http://health.lady8844.com/292301/index.html', 'http://health.lady8844.com/yinshi/2011-10-21/1319169910d914811.html', '秋天进补宜吃5食材 滋阴润肺更添活力', '13', 'SUCCESS', '87');
INSERT INTO `jc_acquisition_temp` VALUES ('199', '1', 'http://health.lady8844.com/292301/index.html', 'http://health.lady8844.com/yinshi/2011-10-21/1319184837d915093.html', '秋季养生防三点 四款水果药膳润肺生津更滋养', '15', 'SUCCESS', '85');
INSERT INTO `jc_acquisition_temp` VALUES ('200', '1', 'http://health.lady8844.com/292301/index.html', 'http://health.lady8844.com/yinshi/2011-10-20/1319124994d914659.html', '5款素色营养食谱 秋季轻松清热降火气', '16', 'SUCCESS', '84');
INSERT INTO `jc_acquisition_temp` VALUES ('201', '1', 'http://health.lady8844.com/292301/index.html', 'http://health.lady8844.com/yinshi/2011-10-19/1319019734d914015.html', '秋季舒缓秋燥 9大白色食物入肺生津', '17', 'SUCCESS', '83');
INSERT INTO `jc_acquisition_temp` VALUES ('202', '1', 'http://health.lady8844.com/292301/index.html', 'http://health.lady8844.com/yinshi/2011-10-20/1319076483d914097.html', '秋天吃火锅必备：肉类蔬菜如何挑着吃', '18', 'SUCCESS', '82');
INSERT INTO `jc_acquisition_temp` VALUES ('203', '1', 'http://health.lady8844.com/292301/index.html', 'http://health.lady8844.com/baojian/2011-11-11/1320989757d925119.html', '秋冬燥热缠上身 中医养生建议帮到你', '1', 'SUCCESS', '99');
INSERT INTO `jc_acquisition_temp` VALUES ('204', '1', 'http://health.lady8844.com/292301/index.html', 'http://health.lady8844.com/yinshi/2011-11-09/1320815375d924010.html', '秋冬御寒先要养胃 美食护胃暖身体', '2', 'SUCCESS', '98');
INSERT INTO `jc_acquisition_temp` VALUES ('205', '1', 'http://health.lady8844.com/292301/index.html', 'http://health.lady8844.com/yinshi/2011-11-08/1320750981d923861.html', '平价萝卜亦能大补 增强免疫好处多', '3', 'SUCCESS', '97');
INSERT INTO `jc_acquisition_temp` VALUES ('206', '1', 'http://health.lady8844.com/292301/index.html', 'http://health.lady8844.com/yinshi/2011-11-07/1320646783d922933.html', '秋补带点凉 重在滋阴 以粥代药更健康', '4', 'SUCCESS', '96');
INSERT INTO `jc_acquisition_temp` VALUES ('207', '1', 'http://health.lady8844.com/292301/index.html', 'http://health.lady8844.com/yinshi/2011-11-03/1320309290d921589.html', '补血润肺加养颜 平民食材秋冬滋补又省钱', '5', 'SUCCESS', '95');
INSERT INTO `jc_acquisition_temp` VALUES ('208', '1', 'http://health.lady8844.com/292301/index.html', 'http://health.lady8844.com/baojian/2011-11-03/1320250900d921256.html', '女性秋冬进补重在调血 依体质进补改善虚寒', '6', 'SUCCESS', '94');
INSERT INTO `jc_acquisition_temp` VALUES ('209', '1', 'http://health.lady8844.com/292301/index.html', 'http://health.lady8844.com/yinshi/2011-10-26/1319602416d917554.html', null, '8', 'UNKNOW', '92');
INSERT INTO `jc_acquisition_temp` VALUES ('210', '1', 'http://health.lady8844.com/292301/index.html', 'http://health.lady8844.com/yinshi/2011-10-26/1319608636d917600.html', null, '7', 'UNKNOW', '93');
INSERT INTO `jc_acquisition_temp` VALUES ('211', '1', 'http://health.lady8844.com/292301/index.html', 'http://health.lady8844.com/yinshi/2011-10-25/1319530379d916791.html', '羊肉是秋冬进补的好食材 如何吃更养生', '9', 'SUCCESS', '91');
INSERT INTO `jc_acquisition_temp` VALUES ('212', '1', 'http://health.lady8844.com/292301/index.html', 'http://health.lady8844.com/yinshi/2011-10-25/1319513115d916519.html', '秋吃柚橘补益大 营养健康双丰收', '10', 'SUCCESS', '90');
INSERT INTO `jc_acquisition_temp` VALUES ('213', '1', 'http://health.lady8844.com/292301/index.html', 'http://health.lady8844.com/yinshi/2011-10-25/1319504701d916400.html', '秋冬重在养阴 三款佳肴可滋阴润燥', '11', 'SUCCESS', '89');
INSERT INTO `jc_acquisition_temp` VALUES ('214', '1', 'http://health.lady8844.com/292301/index.html', 'http://health.lady8844.com/yinshi/2011-10-14/1318575879d909767.html', '秋补宜吃鱼 3种鱼美味健康最给力', '12', 'SUCCESS', '88');
INSERT INTO `jc_acquisition_temp` VALUES ('215', '1', 'http://health.lady8844.com/292301/index.html', 'http://health.lady8844.com/yinshi/2011-10-21/1319169910d914811.html', '秋天进补宜吃5食材 滋阴润肺更添活力', '13', 'SUCCESS', '87');
INSERT INTO `jc_acquisition_temp` VALUES ('216', '1', 'http://health.lady8844.com/292301/index.html', 'http://health.lady8844.com/yinshi/2011-10-21/1319168689d914795.html', '地瓜山药土豆入菜 薯类料理吃尽秋季营养', '14', 'SUCCESS', '86');
INSERT INTO `jc_acquisition_temp` VALUES ('217', '1', 'http://health.lady8844.com/292301/index.html', 'http://health.lady8844.com/yinshi/2011-10-21/1319184837d915093.html', '秋季养生防三点 四款水果药膳润肺生津更滋养', '15', 'SUCCESS', '85');
INSERT INTO `jc_acquisition_temp` VALUES ('218', '1', 'http://health.lady8844.com/292301/index.html', 'http://health.lady8844.com/yinshi/2011-10-20/1319124994d914659.html', '5款素色营养食谱 秋季轻松清热降火气', '16', 'SUCCESS', '84');
INSERT INTO `jc_acquisition_temp` VALUES ('219', '1', 'http://health.lady8844.com/292301/index.html', 'http://health.lady8844.com/yinshi/2011-10-19/1319019734d914015.html', '秋季舒缓秋燥 9大白色食物入肺生津', '17', 'SUCCESS', '83');
INSERT INTO `jc_acquisition_temp` VALUES ('220', '1', 'http://health.lady8844.com/292301/index.html', 'http://health.lady8844.com/baojian/2011-11-11/1320989757d925119.html', '秋冬燥热缠上身 中医养生建议帮到你', '1', 'SUCCESS', '99');
INSERT INTO `jc_acquisition_temp` VALUES ('221', '1', 'http://health.lady8844.com/292301/index.html', 'http://health.lady8844.com/yinshi/2011-11-09/1320815375d924010.html', '秋冬御寒先要养胃 美食护胃暖身体', '2', 'SUCCESS', '98');
INSERT INTO `jc_acquisition_temp` VALUES ('222', '1', 'http://health.lady8844.com/292301/index.html', 'http://health.lady8844.com/yinshi/2011-11-09/1320815375d924010.html', '秋冬御寒先要养胃 美食护胃暖身体', '2', 'SUCCESS', '98');
INSERT INTO `jc_acquisition_temp` VALUES ('223', '1', 'http://health.lady8844.com/292301/index.html', 'http://health.lady8844.com/baojian/2011-11-11/1320989757d925119.html', '秋冬燥热缠上身 中医养生建议帮到你', '1', 'SUCCESS', '99');
INSERT INTO `jc_acquisition_temp` VALUES ('224', '1', 'http://health.lady8844.com/292301/index.html', 'http://health.lady8844.com/yinshi/2011-11-08/1320750981d923861.html', '平价萝卜亦能大补 增强免疫好处多', '3', 'SUCCESS', '97');
INSERT INTO `jc_acquisition_temp` VALUES ('225', '1', 'http://health.lady8844.com/292301/index.html', 'http://health.lady8844.com/yinshi/2011-11-07/1320646783d922933.html', '秋补带点凉 重在滋阴 以粥代药更健康', '4', 'SUCCESS', '96');
INSERT INTO `jc_acquisition_temp` VALUES ('226', '1', 'http://health.lady8844.com/292301/index.html', 'http://health.lady8844.com/yinshi/2011-11-03/1320309290d921589.html', '补血润肺加养颜 平民食材秋冬滋补又省钱', '5', 'SUCCESS', '95');
INSERT INTO `jc_advertising` VALUES ('1', '1', '1', 'banner', 'image', null, '1', '142', '0', null, null, '1');
INSERT INTO `jc_advertising` VALUES ('2', '2', '1', '通栏广告1', 'image', null, '1', '2024', '2', null, null, '1');
INSERT INTO `jc_advertising` VALUES ('3', '3', '1', '视频广告上', 'image', null, '1', '371', '0', null, null, '1');
INSERT INTO `jc_advertising` VALUES ('4', '4', '1', '视频广告下', 'image', null, '1', '0', '0', null, null, '1');
INSERT INTO `jc_advertising` VALUES ('5', '5', '1', '留言板本周热点广告', 'image', null, '1', '28', '0', null, null, '1');
INSERT INTO `jc_advertising` VALUES ('6', '7', '1', '右侧广告', 'image', null, '1', '259', '0', null, null, '1');
INSERT INTO `jc_advertising` VALUES ('7', '6', '1', '中部700广告', 'image', null, '1', '232', '0', null, null, '1');
INSERT INTO `jc_advertising` VALUES ('8', '8', '1', '左侧245广告', 'image', null, '1', '53', '0', null, null, '1');
INSERT INTO `jc_advertising_attr` VALUES ('1', 'image_title', '查看JEECMS官方网站');
INSERT INTO `jc_advertising_attr` VALUES ('1', 'image_url', '/r/cms/www/red/img/banner.gif');
INSERT INTO `jc_advertising_attr` VALUES ('1', 'image_target', '_blank');
INSERT INTO `jc_advertising_attr` VALUES ('1', 'image_link', 'http://www.jeecms.com');
INSERT INTO `jc_advertising_attr` VALUES ('1', 'image_width', '735');
INSERT INTO `jc_advertising_attr` VALUES ('1', 'image_height', '70');
INSERT INTO `jc_advertising_attr` VALUES ('2', 'image_title', 'JEECMS官方网站');
INSERT INTO `jc_advertising_attr` VALUES ('2', 'image_url', '/r/cms/www/red/img/banner1.jpg');
INSERT INTO `jc_advertising_attr` VALUES ('2', 'image_target', '_blank');
INSERT INTO `jc_advertising_attr` VALUES ('2', 'image_link', 'http://www.jeecms.com');
INSERT INTO `jc_advertising_attr` VALUES ('2', 'image_width', '980');
INSERT INTO `jc_advertising_attr` VALUES ('2', 'image_height', '60');
INSERT INTO `jc_advertising_attr` VALUES ('3', 'image_height', '89');
INSERT INTO `jc_advertising_attr` VALUES ('3', 'image_link', 'http://');
INSERT INTO `jc_advertising_attr` VALUES ('3', 'image_target', '_blank');
INSERT INTO `jc_advertising_attr` VALUES ('3', 'image_url', '/u/cms/www/201112/17144805im1p.jpg');
INSERT INTO `jc_advertising_attr` VALUES ('3', 'image_width', '980');
INSERT INTO `jc_advertising_attr` VALUES ('4', 'image_height', '90');
INSERT INTO `jc_advertising_attr` VALUES ('4', 'image_link', 'http://');
INSERT INTO `jc_advertising_attr` VALUES ('4', 'image_target', '_blank');
INSERT INTO `jc_advertising_attr` VALUES ('4', 'image_url', '/u/cms/www/201112/17145028j3bj.jpg');
INSERT INTO `jc_advertising_attr` VALUES ('4', 'image_width', '980');
INSERT INTO `jc_advertising_attr` VALUES ('5', 'image_height', '109');
INSERT INTO `jc_advertising_attr` VALUES ('5', 'image_link', 'http://3x.jeecms.com');
INSERT INTO `jc_advertising_attr` VALUES ('5', 'image_target', '_blank');
INSERT INTO `jc_advertising_attr` VALUES ('5', 'image_url', '/u/cms/www/201112/18155751wi1k.gif');
INSERT INTO `jc_advertising_attr` VALUES ('5', 'image_width', '215');
INSERT INTO `jc_advertising_attr` VALUES ('6', 'image_url', '/u/cms/www/201112/31221529p4ln.gif');
INSERT INTO `jc_advertising_attr` VALUES ('6', 'image_width', '250');
INSERT INTO `jc_advertising_attr` VALUES ('6', 'image_height', '80');
INSERT INTO `jc_advertising_attr` VALUES ('6', 'image_target', '_blank');
INSERT INTO `jc_advertising_attr` VALUES ('6', 'image_link', 'http://');
INSERT INTO `jc_advertising_attr` VALUES ('7', 'image_url', '/u/cms/www/201112/3122175790oy.gif');
INSERT INTO `jc_advertising_attr` VALUES ('7', 'image_width', '700');
INSERT INTO `jc_advertising_attr` VALUES ('7', 'image_height', '80');
INSERT INTO `jc_advertising_attr` VALUES ('7', 'image_target', '_blank');
INSERT INTO `jc_advertising_attr` VALUES ('7', 'image_link', 'http://');
INSERT INTO `jc_advertising_attr` VALUES ('8', 'image_title', '美食汇-汇天下美食');
INSERT INTO `jc_advertising_attr` VALUES ('8', 'image_url', '/u/cms/www/201201/10085946rovi.gif');
INSERT INTO `jc_advertising_attr` VALUES ('8', 'image_width', '245');
INSERT INTO `jc_advertising_attr` VALUES ('8', 'image_height', '100');
INSERT INTO `jc_advertising_attr` VALUES ('8', 'image_target', '_blank');
INSERT INTO `jc_advertising_attr` VALUES ('8', 'image_link', 'http://www.meishih.com');
INSERT INTO `jc_advertising_space` VALUES ('1', '1', '页头banner', '全站页头banner', '1');
INSERT INTO `jc_advertising_space` VALUES ('2', '1', '通栏广告', '页面中间通栏广告', '1');
INSERT INTO `jc_advertising_space` VALUES ('3', '1', '视频广告上', '', '1');
INSERT INTO `jc_advertising_space` VALUES ('4', '1', '视频广告下', '', '1');
INSERT INTO `jc_advertising_space` VALUES ('5', '1', '留言板本周热点广告', '', '1');
INSERT INTO `jc_advertising_space` VALUES ('6', '1', '中部700广告', '中部700广告', '1');
INSERT INTO `jc_advertising_space` VALUES ('7', '1', '右侧广告', '右侧广告', '1');
INSERT INTO `jc_advertising_space` VALUES ('8', '1', '左侧245广告', '左侧245广告', '1');
INSERT INTO `jc_channel` VALUES ('1', '1', '1', null, 'news', '1', '28', '1', '1', '1');
INSERT INTO `jc_channel` VALUES ('9', '4', '1', null, 'download', '29', '38', '11', '1', '1');
INSERT INTO `jc_channel` VALUES ('10', '2', '1', null, 'about', '39', '40', '14', '0', '0');
INSERT INTO `jc_channel` VALUES ('11', '1', '1', '1', 'news/food', '2', '3', '1', '1', '1');
INSERT INTO `jc_channel` VALUES ('12', '1', '1', '1', 'news/cookroom', '4', '5', '2', '1', '1');
INSERT INTO `jc_channel` VALUES ('13', '1', '1', '1', 'news/eat', '6', '7', '3', '1', '1');
INSERT INTO `jc_channel` VALUES ('14', '1', '1', '1', 'news/knowledge', '8', '9', '9', '1', '1');
INSERT INTO `jc_channel` VALUES ('15', '3', '1', '1', 'photo', '10', '11', '14', '1', '1');
INSERT INTO `jc_channel` VALUES ('37', '4', '1', '9', 'system', '30', '31', '10', '1', '1');
INSERT INTO `jc_channel` VALUES ('38', '4', '1', '9', 'network', '32', '33', '10', '1', '1');
INSERT INTO `jc_channel` VALUES ('39', '4', '1', '9', 'media', '34', '35', '10', '1', '1');
INSERT INTO `jc_channel` VALUES ('40', '1', '1', '1', 'news/skill', '12', '13', '13', '1', '1');
INSERT INTO `jc_channel` VALUES ('41', '1', '1', '1', 'news/preserveoneshealth', '14', '15', '11', '1', '1');
INSERT INTO `jc_channel` VALUES ('42', '5', '1', null, 'picture', '41', '48', '6', '1', '1');
INSERT INTO `jc_channel` VALUES ('43', '5', '1', '42', 'wyty', '42', '43', '10', '1', '1');
INSERT INTO `jc_channel` VALUES ('44', '5', '1', '42', 'mrzx', '44', '45', '10', '1', '1');
INSERT INTO `jc_channel` VALUES ('45', '5', '1', '42', 'whxy', '46', '47', '10', '1', '1');
INSERT INTO `jc_channel` VALUES ('46', '6', '1', null, 'veido', '49', '62', '4', '1', '1');
INSERT INTO `jc_channel` VALUES ('47', '3', '1', null, 'works', '63', '70', '12', '1', '1');
INSERT INTO `jc_channel` VALUES ('48', '7', '1', null, 'product', '71', '126', '13', '1', '1');
INSERT INTO `jc_channel` VALUES ('49', '6', '1', '46', 'video/homely', '50', '51', '10', '1', '1');
INSERT INTO `jc_channel` VALUES ('50', '6', '1', '46', 'video/gastronomy', '52', '53', '10', '1', '1');
INSERT INTO `jc_channel` VALUES ('51', '6', '1', '46', 'video/diy', '54', '55', '10', '1', '1');
INSERT INTO `jc_channel` VALUES ('52', '6', '1', '46', 'video/nosh', '56', '57', '10', '1', '1');
INSERT INTO `jc_channel` VALUES ('53', '3', '1', '47', 'fjfg', '64', '69', '10', '1', '1');
INSERT INTO `jc_channel` VALUES ('54', '3', '1', '53', 'tiankong', '65', '66', '10', '1', '1');
INSERT INTO `jc_channel` VALUES ('55', '3', '1', '53', 'dong', '67', '68', '10', '1', '1');
INSERT INTO `jc_channel` VALUES ('56', '7', '1', '48', 'product/provision', '72', '73', '10', '1', '1');
INSERT INTO `jc_channel` VALUES ('57', '4', '1', '9', 'syzs', '36', '37', '10', '1', '1');
INSERT INTO `jc_channel` VALUES ('64', '2', '1', null, 'copyright', '129', '130', '15', '0', '1');
INSERT INTO `jc_channel` VALUES ('65', '2', '1', null, 'cooperate', '131', '132', '16', '0', '1');
INSERT INTO `jc_channel` VALUES ('66', '1', '1', '1', 'news/statute', '16', '17', '12', '1', '1');
INSERT INTO `jc_channel` VALUES ('67', '1', '1', '1', 'news/consume', '18', '19', '4', '1', '1');
INSERT INTO `jc_channel` VALUES ('68', '1', '1', '1', 'news/amenity', '20', '21', '8', '1', '1');
INSERT INTO `jc_channel` VALUES ('69', '1', '1', '1', 'news/cosmetician', '22', '23', '5', '1', '1');
INSERT INTO `jc_channel` VALUES ('70', '1', '1', '1', 'news/security', '24', '25', '6', '1', '1');
INSERT INTO `jc_channel` VALUES ('71', '1', '1', '1', 'news/exhibition', '26', '27', '7', '1', '1');
INSERT INTO `jc_channel` VALUES ('72', '10', '1', null, 'health', '133', '162', '5', '1', '1');
INSERT INTO `jc_channel` VALUES ('73', '10', '1', '72', 'health/female', '134', '135', '10', '1', '1');
INSERT INTO `jc_channel` VALUES ('74', '10', '1', '72', 'health/virile', '136', '137', '10', '1', '1');
INSERT INTO `jc_channel` VALUES ('75', '10', '1', '72', 'health/old', '138', '139', '10', '1', '1');
INSERT INTO `jc_channel` VALUES ('76', '10', '1', '72', 'health/foster', '140', '141', '10', '1', '1');
INSERT INTO `jc_channel` VALUES ('77', '10', '1', '72', 'health/psychotherapy', '142', '143', '10', '1', '1');
INSERT INTO `jc_channel` VALUES ('78', '10', '1', '72', 'health/hygienical', '144', '145', '10', '1', '1');
INSERT INTO `jc_channel` VALUES ('79', '10', '1', '72', 'health/commonsense', '146', '147', '10', '1', '1');
INSERT INTO `jc_channel` VALUES ('80', '10', '1', '72', 'health/hairdressing', '148', '149', '10', '1', '1');
INSERT INTO `jc_channel` VALUES ('81', '10', '1', '72', 'health/monther', '150', '151', '10', '1', '1');
INSERT INTO `jc_channel` VALUES ('82', '10', '1', '72', 'health/cook', '152', '153', '10', '1', '1');
INSERT INTO `jc_channel` VALUES ('83', '10', '1', '72', 'health/archives', '154', '155', '10', '1', '1');
INSERT INTO `jc_channel` VALUES ('84', '10', '1', '72', 'health/enchiridion', '156', '157', '10', '1', '1');
INSERT INTO `jc_channel` VALUES ('85', '10', '1', '72', 'health/ailment', '158', '159', '10', '1', '1');
INSERT INTO `jc_channel` VALUES ('86', '10', '1', '72', 'health/drug', '160', '161', '10', '1', '1');
INSERT INTO `jc_channel` VALUES ('170', '6', '1', '46', 'video/regimen', '58', '59', '10', '1', '1');
INSERT INTO `jc_channel` VALUES ('171', '6', '1', '46', 'video/feature', '60', '61', '10', '1', '1');
INSERT INTO `jc_channel` VALUES ('494', '7', '1', '48', 'product/cookingoil', '74', '75', '10', '1', '1');
INSERT INTO `jc_channel` VALUES ('495', '7', '1', '48', 'product/spice', '76', '77', '10', '1', '1');
INSERT INTO `jc_channel` VALUES ('496', '7', '1', '48', 'product/fleshy', '78', '79', '10', '1', '1');
INSERT INTO `jc_channel` VALUES ('497', '7', '1', '48', 'product/lacteal', '80', '81', '10', '1', '1');
INSERT INTO `jc_channel` VALUES ('498', '7', '1', '48', 'product/drink', '82', '83', '10', '1', '1');
INSERT INTO `jc_channel` VALUES ('499', '7', '1', '48', 'product/facility', '84', '85', '10', '1', '1');
INSERT INTO `jc_channel` VALUES ('500', '7', '1', '48', 'product/cooky', '86', '87', '10', '1', '1');
INSERT INTO `jc_channel` VALUES ('501', '7', '1', '48', 'product/tin', '88', '89', '10', '1', '1');
INSERT INTO `jc_channel` VALUES ('502', '7', '1', '48', 'product/freezing', '90', '91', '10', '1', '1');
INSERT INTO `jc_channel` VALUES ('503', '7', '1', '48', 'product/pace', '92', '93', '10', '1', '1');
INSERT INTO `jc_channel` VALUES ('504', '7', '1', '48', 'product/yam', '94', '95', '10', '1', '1');
INSERT INTO `jc_channel` VALUES ('505', '7', '1', '48', 'product/sirup', '96', '97', '10', '1', '1');
INSERT INTO `jc_channel` VALUES ('506', '7', '1', '48', 'product/camellia', '98', '99', '10', '1', '1');
INSERT INTO `jc_channel` VALUES ('507', '7', '1', '48', 'product/inebriant', '100', '101', '10', '1', '1');
INSERT INTO `jc_channel` VALUES ('508', '7', '1', '48', 'product/vegetable', '102', '103', '10', '1', '1');
INSERT INTO `jc_channel` VALUES ('509', '7', '1', '48', 'product/fruit', '104', '105', '10', '1', '1');
INSERT INTO `jc_channel` VALUES ('510', '7', '1', '48', 'product/roasted', '106', '107', '10', '1', '1');
INSERT INTO `jc_channel` VALUES ('511', '7', '1', '48', 'product/eggs', '108', '109', '10', '1', '1');
INSERT INTO `jc_channel` VALUES ('512', '7', '1', '48', 'product/cocoa', '110', '111', '10', '1', '1');
INSERT INTO `jc_channel` VALUES ('513', '7', '1', '48', 'product/sugar', '112', '113', '10', '1', '1');
INSERT INTO `jc_channel` VALUES ('514', '7', '1', '48', 'product/aqueous', '114', '115', '10', '1', '1');
INSERT INTO `jc_channel` VALUES ('515', '7', '1', '48', 'product/diastase', '116', '117', '10', '1', '1');
INSERT INTO `jc_channel` VALUES ('516', '7', '1', '48', 'product/kuchen', '118', '119', '10', '1', '1');
INSERT INTO `jc_channel` VALUES ('517', '7', '1', '48', 'product/fabaceous', '120', '121', '10', '1', '1');
INSERT INTO `jc_channel` VALUES ('518', '7', '1', '48', 'product/comb', '122', '123', '10', '1', '1');
INSERT INTO `jc_channel` VALUES ('519', '7', '1', '48', 'product/mannerism', '124', '125', '10', '1', '1');
INSERT INTO `jc_channel` VALUES ('520', '7', '1', '48', 'product/rest', '126', '127', '10', '1', '1');
INSERT INTO `jc_channel_ext` VALUES ('1', '美食资讯', null, null, '1', '1', '1', '0', '20', null, null, null, '/WEB-INF/t/cms/www/red/channel/新闻频道_首页.html', '/WEB-INF/t/cms/www/red/content/新闻内容.html', null, null, '1', '1', '139', '139', '310', '310', '0', '1', '0', '美食资讯', '美食资讯,资讯频道,食品行业新闻,餐饮行业新闻,消费新闻,美食汇', '美食汇资讯频道，打造权威的食品行业、餐饮行业新闻信息中心。');
INSERT INTO `jc_channel_ext` VALUES ('9', '美食期刊', null, null, '0', '0', '1', '0', '20', null, null, null, '/WEB-INF/t/cms/www/red/channel/下载频道_首页.html', '/WEB-INF/t/cms/www/red/content/下载内容.html', null, null, '1', '1', '139', '139', '310', '310', '0', '1', '0', '美食期刊,下载美食期刊', '美食期刊,下载美食期刊', '美食期刊,下载中心,下载美食期刊');
INSERT INTO `jc_channel_ext` VALUES ('10', '关于我们', null, null, '0', '0', '1', '0', '20', null, null, null, '/WEB-INF/t/cms/www/red/alone/单页.html', null, null, null, '0', '0', '139', '139', '310', '310', '0', '1', '0', '关于我们', '关于我们', '关于我们');
INSERT INTO `jc_channel_ext` VALUES ('11', '食品行业资讯', null, null, '1', '1', '1', '0', '20', null, null, null, '/WEB-INF/t/cms/www/red/channel/新闻频道_列表.html', '/WEB-INF/t/cms/www/red/content/新闻内容.html', null, null, '1', '1', '139', '139', '310', '310', '0', '1', '0', '食品行业资讯', '食品行业资讯', '食品行业资讯');
INSERT INTO `jc_channel_ext` VALUES ('12', '厨房行业资讯', null, null, '1', '1', '1', '0', '20', null, null, null, '/WEB-INF/t/cms/www/red/channel/新闻频道_列表.html', '/WEB-INF/t/cms/www/red/content/新闻内容.html', null, null, '1', '1', '139', '139', '310', '310', '0', '1', '0', '厨房行业资讯', '厨房行业资讯', '厨房行业资讯');
INSERT INTO `jc_channel_ext` VALUES ('13', '餐饮资讯', null, null, '1', '1', '1', '0', '20', null, null, null, '/WEB-INF/t/cms/www/red/channel/新闻频道_列表.html', '/WEB-INF/t/cms/www/red/content/新闻内容.html', null, null, '1', '1', '139', '139', '310', '310', '0', '1', '0', '餐饮资讯', '餐饮资讯', '餐饮资讯');
INSERT INTO `jc_channel_ext` VALUES ('14', '生活常识', null, null, '1', '1', '1', '0', '20', null, null, null, '/WEB-INF/t/cms/www/red/channel/新闻频道_列表.html', '/WEB-INF/t/cms/www/red/content/新闻内容.html', null, null, '1', '1', '139', '139', '310', '310', '0', '1', '0', '生活常识', '生活常识', '生活常识');
INSERT INTO `jc_channel_ext` VALUES ('15', '图片新闻', null, null, '0', '0', '1', '0', '20', null, null, null, '/WEB-INF/t/cms/www/red/channel/作品频道_列表.html', '/WEB-INF/t/cms/www/red/content/作品内容.html', null, null, '1', '0', '139', '139', '310', '310', '0', '1', '0', '图片新闻', '图片新闻', '图片新闻');
INSERT INTO `jc_channel_ext` VALUES ('37', '系统软件', null, null, '0', '0', '1', '0', '20', null, null, null, '/WEB-INF/t/cms/www/red/channel/下载频道_列表.html', null, null, null, '1', '1', '48', '48', '139', '98', '0', '1', '0', '系统软件', '系统软件', '系统软件');
INSERT INTO `jc_channel_ext` VALUES ('38', '网络游戏', null, null, '0', '0', '1', '0', '20', null, null, null, '/WEB-INF/t/cms/www/red/channel/下载频道_列表.html', null, null, null, '1', '1', '48', '48', '139', '98', '0', '1', '0', '网络游戏', '网络工具', '网络游戏');
INSERT INTO `jc_channel_ext` VALUES ('39', '媒体工具', null, null, '0', '0', '1', '0', '20', null, null, null, '/WEB-INF/t/cms/www/red/channel/下载频道_列表.html', null, null, null, '1', '1', '48', '48', '139', '98', '0', '1', '0', '媒体工具', '媒体工具', '媒体工具');
INSERT INTO `jc_channel_ext` VALUES ('40', '烹饪技巧', null, null, '1', '1', '1', '0', '20', null, null, null, '/WEB-INF/t/cms/www/red/channel/新闻频道_列表.html', '/WEB-INF/t/cms/www/red/content/新闻内容.html', null, null, '1', '1', '139', '139', '310', '310', '0', '1', '0', '烹饪技巧', '烹饪技巧', '烹饪技巧');
INSERT INTO `jc_channel_ext` VALUES ('41', '饮食养性', null, null, '1', '1', '1', '0', '20', null, null, null, '/WEB-INF/t/cms/www/red/channel/新闻频道_列表.html', '/WEB-INF/t/cms/www/red/content/新闻内容.html', null, null, '1', '1', '139', '139', '310', '310', '0', '1', '0', '饮食养性', '饮食养性', '饮食养性');
INSERT INTO `jc_channel_ext` VALUES ('42', '美食图库', null, null, '1', '1', '1', '0', '20', null, null, null, '/WEB-INF/t/cms/www/red/channel/图库频道_首页.html', '/WEB-INF/t/cms/www/red/content/图库内容.html', null, null, '1', '1', '139', '139', '310', '310', '0', '1', '0', '美食图库', '美食图库,美食图片,食材图片', '美食图库,美食图片,食材图片');
INSERT INTO `jc_channel_ext` VALUES ('43', '文娱体育', null, null, '0', '0', '0', '0', '20', null, null, null, '/WEB-INF/t/cms/www/red/channel/图库频道_列表.html', '/WEB-INF/t/cms/www/red/content/图库内容.html', null, null, '1', '0', '67', '50', '310', '310', '0', '1', '0', null, null, null);
INSERT INTO `jc_channel_ext` VALUES ('44', '美容资讯', null, null, '0', '0', '0', '0', '20', null, null, null, '/WEB-INF/t/cms/www/red/channel/图库频道_列表.html', '/WEB-INF/t/cms/www/red/content/图库内容.html', null, null, '0', '0', '139', '139', '310', '310', '0', '1', '0', null, null, null);
INSERT INTO `jc_channel_ext` VALUES ('45', '文化 校园', null, null, '0', '0', '0', '0', '20', null, null, null, '/WEB-INF/t/cms/www/red/channel/图库频道_列表.html', '/WEB-INF/t/cms/www/red/content/图库内容.html', null, null, '0', '0', '139', '139', '310', '310', '0', '1', '0', null, null, null);
INSERT INTO `jc_channel_ext` VALUES ('46', '美食视频', null, null, '1', '1', '1', '0', '20', null, null, null, '/WEB-INF/t/cms/www/red/channel/视频频道_首页.html', '/WEB-INF/t/cms/www/red/content/视频内容.html', null, null, '1', '1', '139', '139', '310', '310', '0', '1', '0', '美食视频', '美食视频,美食做法,美食教程', '美食视频,美食做法,美食教程');
INSERT INTO `jc_channel_ext` VALUES ('47', '美食作品', null, null, '0', '0', '1', '0', '20', null, null, null, '/WEB-INF/t/cms/www/red/channel/作品频道_首页.html', '/WEB-INF/t/cms/www/red/content/作品内容.html', null, null, '1', '1', '139', '139', '310', '310', '0', '1', '0', '美食作品', '美食作品', '美食作品,网友原创美食作品');
INSERT INTO `jc_channel_ext` VALUES ('48', '美食产品', null, null, '1', '1', '1', '0', '20', null, null, null, '/WEB-INF/t/cms/www/red/channel/产品频道_首页.html', '/WEB-INF/t/cms/www/red/content/产品内容.html', null, null, '1', '1', '139', '139', '310', '310', '0', '1', '0', '美食产品', '美食产品', '美食产品,美食相关菜谱');
INSERT INTO `jc_channel_ext` VALUES ('49', '家常系列', null, null, '1', '1', '1', '0', '20', null, null, null, '/WEB-INF/t/cms/www/red/channel/视频频道_列表.html', '/WEB-INF/t/cms/www/red/content/视频内容.html', null, null, '1', '1', '139', '139', '310', '310', '0', '1', '0', '家常系列', '家常系列', '家常系列');
INSERT INTO `jc_channel_ext` VALUES ('50', '美容系列', null, null, '1', '1', '1', '0', '20', null, null, null, '/WEB-INF/t/cms/www/red/channel/视频频道_列表.html', '/WEB-INF/t/cms/www/red/content/视频内容.html', null, null, '1', '0', '139', '139', '310', '310', '0', '1', '0', '美容系列', '美容系列', '美容系列');
INSERT INTO `jc_channel_ext` VALUES ('51', 'DIY系列', null, null, '1', '1', '1', '0', '20', null, null, null, '/WEB-INF/t/cms/www/red/channel/视频频道_列表.html', '/WEB-INF/t/cms/www/red/content/视频内容.html', null, null, '1', '1', '139', '139', '310', '310', '0', '1', '0', 'DIY系列', 'DIY系列', 'DIY系列');
INSERT INTO `jc_channel_ext` VALUES ('52', '小吃系列', null, null, '1', '1', '1', '0', '20', null, null, null, '/WEB-INF/t/cms/www/red/channel/视频频道_列表.html', '/WEB-INF/t/cms/www/red/content/视频内容.html', null, null, '1', '1', '139', '139', '310', '310', '0', '1', '0', '小吃系列', '小吃系列', '小吃系列');
INSERT INTO `jc_channel_ext` VALUES ('53', '风景风光类', null, null, '0', '0', '1', '0', '20', null, null, null, '/WEB-INF/t/cms/www/red/channel/作品频道_列表.html', '/WEB-INF/t/cms/www/red/content/作品内容.html', null, null, '0', '0', '139', '139', '310', '310', '0', '1', '0', null, null, null);
INSERT INTO `jc_channel_ext` VALUES ('54', '蓝天白云绿地', null, null, '0', '0', '1', '0', '20', null, null, null, '/WEB-INF/t/cms/www/red/channel/作品频道_列表.html', '/WEB-INF/t/cms/www/red/content/作品内容.html', null, null, '0', '0', '139', '139', '310', '310', '0', '1', '0', null, null, null);
INSERT INTO `jc_channel_ext` VALUES ('55', '冬雪系列', null, null, '0', '0', '1', '0', '20', null, null, null, '/WEB-INF/t/cms/www/red/channel/作品频道_列表.html', '/WEB-INF/t/cms/www/red/content/作品内容.html', null, null, '0', '0', '139', '139', '310', '310', '0', '1', '0', null, null, null);
INSERT INTO `jc_channel_ext` VALUES ('56', '粮食加工品', null, null, '1', '1', '1', '0', '20', null, null, null, '/WEB-INF/t/cms/www/red/channel/产品频道_列表.html', '/WEB-INF/t/cms/www/red/content/产品内容.html', null, null, '1', '1', '139', '139', '310', '310', '0', '1', '0', '粮食加工品', '粮食加工品', '粮食加工品');
INSERT INTO `jc_channel_ext` VALUES ('57', '实用助手', null, null, '0', '0', '1', '0', '20', null, null, null, '/WEB-INF/t/cms/www/red/channel/下载频道_首页.html', '/WEB-INF/t/cms/www/red/content/下载内容.html', null, null, '1', '1', '48', '48', '180', '120', '0', '1', '0', null, null, null);
INSERT INTO `jc_channel_ext` VALUES ('64', '版权与免职', null, null, '0', '0', '1', '0', '20', null, null, null, '/WEB-INF/t/cms/www/red/alone/单页.html', null, null, null, '0', '0', '139', '139', '310', '310', '0', '1', '0', '版权与免职', '版权与免职', '版权与免职');
INSERT INTO `jc_channel_ext` VALUES ('65', '广告与合作', null, null, '0', '0', '1', '0', '20', null, null, null, '/WEB-INF/t/cms/www/red/alone/单页.html', null, null, null, '0', '0', '139', '139', '310', '310', '0', '1', '0', '广告与合作', '广告与合作', '广告与合作');
INSERT INTO `jc_channel_ext` VALUES ('66', '政策法规', null, null, '1', '1', '1', '0', '20', null, null, null, '/WEB-INF/t/cms/www/red/channel/新闻频道_列表.html', '/WEB-INF/t/cms/www/red/content/新闻内容.html', null, null, '1', '1', '139', '139', '310', '310', '0', '1', '0', '政策法规', '政策法规', '政策法规');
INSERT INTO `jc_channel_ext` VALUES ('67', '消费资讯', null, null, '1', '1', '1', '0', '20', null, null, null, '/WEB-INF/t/cms/www/red/channel/新闻频道_列表.html', '/WEB-INF/t/cms/www/red/content/新闻内容.html', null, null, '1', '1', '139', '139', '310', '310', '0', '1', '0', '消费资讯', '消费资讯', '消费资讯');
INSERT INTO `jc_channel_ext` VALUES ('68', '饮食礼仪', null, null, '1', '1', '1', '0', '20', null, null, null, '/WEB-INF/t/cms/www/red/channel/新闻频道_列表.html', '/WEB-INF/t/cms/www/red/content/新闻内容.html', null, null, '1', '1', '139', '139', '310', '310', '0', '1', '0', '饮食礼仪', '饮食礼仪', '饮食礼仪');
INSERT INTO `jc_channel_ext` VALUES ('69', '美容保健', null, null, '1', '1', '1', '0', '20', null, null, null, '/WEB-INF/t/cms/www/red/channel/新闻频道_列表.html', '/WEB-INF/t/cms/www/red/content/新闻内容.html', null, null, '1', '1', '139', '139', '310', '310', '0', '1', '0', '美容保健', '美容保健', '美容保健');
INSERT INTO `jc_channel_ext` VALUES ('70', '质量安全', null, null, '1', '1', '1', '0', '20', null, null, null, '/WEB-INF/t/cms/www/red/channel/新闻频道_列表.html', '/WEB-INF/t/cms/www/red/content/新闻内容.html', null, null, '1', '1', '139', '139', '310', '310', '0', '1', '0', '质量安全', '质量安全', '质量安全');
INSERT INTO `jc_channel_ext` VALUES ('71', '展会信息', null, null, '1', '1', '1', '0', '20', null, null, null, '/WEB-INF/t/cms/www/red/channel/新闻频道_列表.html', '/WEB-INF/t/cms/www/red/content/新闻内容.html', null, null, '1', '1', '139', '139', '310', '310', '0', '1', '0', '展会信息', '展会信息', '展会信息');
INSERT INTO `jc_channel_ext` VALUES ('72', '饮食健康', null, null, '1', '1', '1', '0', '20', null, null, null, '/WEB-INF/t/cms/www/red/channel/健康频道_首页.html', null, null, null, '1', '1', '139', '139', '310', '310', '0', '1', '0', '饮食健康', '饮食健康,健康生活,健康美食', '饮食健康,健康生活,健康美食');
INSERT INTO `jc_channel_ext` VALUES ('73', '女性健康', null, null, '1', '1', '1', '0', '20', null, null, null, '/WEB-INF/t/cms/www/red/channel/健康频道_列表.html', '/WEB-INF/t/cms/www/red/content/健康内容.html', null, null, '1', '1', '139', '139', '310', '310', '0', '1', '0', '女性健康', '女性健康', '女性健康');
INSERT INTO `jc_channel_ext` VALUES ('74', '男性健康', null, null, '1', '1', '1', '0', '20', null, null, null, '/WEB-INF/t/cms/www/red/channel/健康频道_列表.html', '/WEB-INF/t/cms/www/red/content/健康内容.html', null, null, '1', '1', '139', '139', '310', '310', '0', '1', '0', '男性健康', '男性健康', '男性健康');
INSERT INTO `jc_channel_ext` VALUES ('75', '老年健康', null, null, '1', '1', '1', '0', '20', null, null, null, '/WEB-INF/t/cms/www/red/channel/健康频道_列表.html', '/WEB-INF/t/cms/www/red/content/健康内容.html', null, null, '1', '1', '139', '139', '310', '310', '0', '1', '0', '老年健康', '老年健康', '老年健康');
INSERT INTO `jc_channel_ext` VALUES ('76', '育儿健康', null, null, '1', '1', '1', '0', '20', null, null, null, '/WEB-INF/t/cms/www/red/channel/健康频道_列表.html', '/WEB-INF/t/cms/www/red/content/健康内容.html', null, null, '1', '1', '139', '139', '310', '310', '0', '1', '0', '育儿健康', '育儿健康', '育儿健康');
INSERT INTO `jc_channel_ext` VALUES ('77', '心理健康', null, null, '1', '1', '1', '0', '20', null, null, null, '/WEB-INF/t/cms/www/red/channel/健康频道_列表.html', '/WEB-INF/t/cms/www/red/content/健康内容.html', null, null, '1', '1', '139', '139', '310', '310', '0', '1', '0', '心理健康', '心理健康', '心理健康');
INSERT INTO `jc_channel_ext` VALUES ('78', '家庭保健', null, null, '1', '1', '1', '0', '20', null, null, null, '/WEB-INF/t/cms/www/red/channel/健康频道_列表.html', '/WEB-INF/t/cms/www/red/content/健康内容.html', null, null, '1', '1', '139', '139', '310', '310', '0', '1', '0', '家庭保健', '家庭保健', '家庭保健');
INSERT INTO `jc_channel_ext` VALUES ('79', '饮食常识', null, null, '1', '1', '1', '0', '20', null, null, null, '/WEB-INF/t/cms/www/red/channel/健康频道_列表.html', '/WEB-INF/t/cms/www/red/content/健康内容.html', null, null, '1', '1', '139', '139', '310', '310', '0', '1', '0', '饮食常识', '饮食常识', '饮食常识');
INSERT INTO `jc_channel_ext` VALUES ('80', '瘦身美容', null, null, '1', '1', '1', '0', '20', null, null, null, '/WEB-INF/t/cms/www/red/channel/健康频道_列表.html', '/WEB-INF/t/cms/www/red/content/健康内容.html', null, null, '1', '1', '139', '139', '310', '310', '0', '1', '0', '瘦身美容', '瘦身美容', '瘦身美容');
INSERT INTO `jc_channel_ext` VALUES ('81', '母婴饮食', null, null, '1', '1', '1', '0', '20', null, null, null, '/WEB-INF/t/cms/www/red/channel/健康频道_列表.html', '/WEB-INF/t/cms/www/red/content/健康内容.html', null, null, '1', '1', '139', '139', '310', '310', '0', '1', '0', '母婴饮食', '母婴饮食', '母婴饮食');
INSERT INTO `jc_channel_ext` VALUES ('82', '食疗食补', null, null, '1', '1', '1', '0', '20', null, null, null, '/WEB-INF/t/cms/www/red/channel/健康频道_列表.html', '/WEB-INF/t/cms/www/red/content/健康内容.html', null, null, '1', '1', '139', '139', '310', '310', '0', '1', '0', '食疗食补', '食疗食补', '食疗食补');
INSERT INTO `jc_channel_ext` VALUES ('83', '食物档案', null, null, '1', '1', '1', '0', '20', null, null, null, '/WEB-INF/t/cms/www/red/channel/健康频道_列表.html', '/WEB-INF/t/cms/www/red/content/健康内容.html', null, null, '1', '1', '139', '139', '310', '310', '0', '1', '0', '食物档案', '食物档案', '食物档案');
INSERT INTO `jc_channel_ext` VALUES ('84', '营养手册', null, null, '1', '1', '1', '0', '20', null, null, null, '/WEB-INF/t/cms/www/red/channel/健康频道_列表.html', '/WEB-INF/t/cms/www/red/content/健康内容.html', null, null, '1', '1', '139', '139', '310', '310', '0', '1', '0', '营养手册', '营养手册', '营养手册');
INSERT INTO `jc_channel_ext` VALUES ('85', '常见疾病', null, null, '1', '1', '1', '0', '20', null, null, null, '/WEB-INF/t/cms/www/red/channel/健康频道_列表.html', '/WEB-INF/t/cms/www/red/content/健康内容.html', null, null, '1', '1', '139', '139', '310', '310', '0', '1', '0', '常见疾病', '常见疾病', '常见疾病');
INSERT INTO `jc_channel_ext` VALUES ('86', '草药大全', null, null, '1', '1', '1', '1', '20', null, null, null, '/WEB-INF/t/cms/www/red/channel/健康频道_列表.html', '/WEB-INF/t/cms/www/red/content/健康内容.html', null, null, '0', '1', '139', '139', '310', '310', '0', '1', '0', '草药大全', '草药大全', '草药大全');
INSERT INTO `jc_channel_ext` VALUES ('170', '养生系列', null, null, '1', '1', '1', '0', '20', null, null, null, '/WEB-INF/t/cms/www/red/channel/视频频道_列表.html', '/WEB-INF/t/cms/www/red/content/视频内容.html', null, null, '1', '1', '139', '139', '310', '310', '0', '1', '0', '养生系列', '养生系列', '养生系列');
INSERT INTO `jc_channel_ext` VALUES ('171', '特色系列', null, null, '1', '1', '1', '0', '20', null, null, null, '/WEB-INF/t/cms/www/red/channel/视频频道_列表.html', '/WEB-INF/t/cms/www/red/content/视频内容.html', null, null, '1', '1', '139', '139', '310', '310', '0', '1', '0', '特色系列', '特色系列', '特色系列');
INSERT INTO `jc_channel_ext` VALUES ('494', '食用油、油脂及其制品', null, null, '1', '1', '1', '0', '20', null, null, null, '/WEB-INF/t/cms/www/red/channel/产品频道_列表.html', '/WEB-INF/t/cms/www/red/content/产品内容.html', null, null, '1', '1', '139', '139', '310', '310', '0', '1', '0', '食用油、油脂及其制品', '食用油、油脂及其制品', '食用油、油脂及其制品');
INSERT INTO `jc_channel_ext` VALUES ('495', '调味品', null, null, '1', '1', '1', '0', '20', null, null, null, '/WEB-INF/t/cms/www/red/channel/产品频道_列表.html', '/WEB-INF/t/cms/www/red/content/产品内容.html', null, null, '1', '1', '139', '139', '310', '310', '0', '1', '0', '调味品', '调味品', '调味品');
INSERT INTO `jc_channel_ext` VALUES ('496', '肉制品', null, null, '1', '1', '1', '0', '20', null, null, null, '/WEB-INF/t/cms/www/red/channel/产品频道_列表.html', '/WEB-INF/t/cms/www/red/content/产品内容.html', null, null, '1', '1', '139', '139', '310', '310', '0', '1', '0', '肉制品', '肉制品', '肉制品');
INSERT INTO `jc_channel_ext` VALUES ('497', '乳制品', null, null, '1', '1', '1', '0', '20', null, null, null, '/WEB-INF/t/cms/www/red/channel/产品频道_列表.html', '/WEB-INF/t/cms/www/red/content/产品内容.html', null, null, '1', '1', '139', '139', '310', '310', '0', '1', '0', '乳制品', '乳制品', '乳制品');
INSERT INTO `jc_channel_ext` VALUES ('498', '饮料', null, null, '1', '1', '1', '0', '20', null, null, null, '/WEB-INF/t/cms/www/red/channel/产品频道_列表.html', '/WEB-INF/t/cms/www/red/content/产品内容.html', null, null, '1', '1', '139', '139', '310', '310', '0', '1', '0', '饮料', '饮料', '饮料');
INSERT INTO `jc_channel_ext` VALUES ('499', '方便食品', null, null, '1', '1', '1', '0', '20', null, null, null, '/WEB-INF/t/cms/www/red/channel/产品频道_列表.html', '/WEB-INF/t/cms/www/red/content/产品内容.html', null, null, '1', '1', '139', '139', '310', '310', '0', '1', '0', '方便食品', '方便食品', '方便食品');
INSERT INTO `jc_channel_ext` VALUES ('500', '饼干', null, null, '1', '1', '1', '0', '20', null, null, null, '/WEB-INF/t/cms/www/red/channel/产品频道_列表.html', '/WEB-INF/t/cms/www/red/content/产品内容.html', null, null, '1', '1', '139', '139', '310', '310', '0', '1', '0', '饼干', '饼干', '饼干');
INSERT INTO `jc_channel_ext` VALUES ('501', '罐头', null, null, '1', '1', '1', '0', '20', null, null, null, '/WEB-INF/t/cms/www/red/channel/产品频道_列表.html', '/WEB-INF/t/cms/www/red/content/产品内容.html', null, null, '1', '1', '139', '139', '310', '310', '0', '1', '0', '罐头', '罐头', '罐头');
INSERT INTO `jc_channel_ext` VALUES ('502', '冷冻饮品', null, null, '1', '1', '1', '0', '20', null, null, null, '/WEB-INF/t/cms/www/red/channel/产品频道_列表.html', '/WEB-INF/t/cms/www/red/content/产品内容.html', null, null, '1', '1', '139', '139', '310', '310', '0', '1', '0', '冷冻饮品', '冷冻饮品', '冷冻饮品');
INSERT INTO `jc_channel_ext` VALUES ('503', '速冻食品', null, null, '1', '1', '1', '0', '20', null, null, null, '/WEB-INF/t/cms/www/red/channel/产品频道_列表.html', '/WEB-INF/t/cms/www/red/content/产品内容.html', null, null, '1', '1', '139', '139', '310', '310', '0', '1', '0', '速冻食品', '速冻食品', '速冻食品');
INSERT INTO `jc_channel_ext` VALUES ('504', '薯类和膨化食品', null, null, '1', '1', '1', '0', '20', null, null, null, '/WEB-INF/t/cms/www/red/channel/产品频道_列表.html', '/WEB-INF/t/cms/www/red/content/产品内容.html', null, null, '1', '1', '139', '139', '310', '310', '0', '1', '0', '薯类和膨化食品', '薯类和膨化食品', '薯类和膨化食品');
INSERT INTO `jc_channel_ext` VALUES ('505', '糖果制品(含巧克力及制品)', null, null, '1', '1', '1', '0', '20', null, null, null, '/WEB-INF/t/cms/www/red/channel/产品频道_列表.html', '/WEB-INF/t/cms/www/red/content/产品内容.html', null, null, '1', '1', '139', '139', '310', '310', '0', '1', '0', '糖果制品(含巧克力及制品)', '糖果制品(含巧克力及制品)', '糖果制品(含巧克力及制品)');
INSERT INTO `jc_channel_ext` VALUES ('506', '茶叶及相关制品', null, null, '1', '1', '1', '0', '20', null, null, null, '/WEB-INF/t/cms/www/red/channel/产品频道_列表.html', '/WEB-INF/t/cms/www/red/content/产品内容.html', null, null, '1', '1', '139', '139', '310', '310', '0', '1', '0', '茶叶及相关制品', '茶叶及相关制品', '茶叶及相关制品');
INSERT INTO `jc_channel_ext` VALUES ('507', '酒类', null, null, '1', '1', '1', '0', '20', null, null, null, '/WEB-INF/t/cms/www/red/channel/产品频道_列表.html', '/WEB-INF/t/cms/www/red/content/产品内容.html', null, null, '1', '1', '139', '139', '310', '310', '0', '1', '0', '酒类', '酒类', '酒类');
INSERT INTO `jc_channel_ext` VALUES ('508', '蔬菜制品', null, null, '1', '1', '1', '0', '20', null, null, null, '/WEB-INF/t/cms/www/red/channel/产品频道_列表.html', '/WEB-INF/t/cms/www/red/content/产品内容.html', null, null, '1', '1', '139', '139', '310', '310', '0', '1', '0', '蔬菜制品', '蔬菜制品', '蔬菜制品');
INSERT INTO `jc_channel_ext` VALUES ('509', '水果制品', null, null, '1', '1', '1', '0', '20', null, null, null, '/WEB-INF/t/cms/www/red/channel/产品频道_列表.html', '/WEB-INF/t/cms/www/red/content/产品内容.html', null, null, '1', '1', '139', '139', '310', '310', '0', '1', '0', '水果制品', '水果制品', '水果制品');
INSERT INTO `jc_channel_ext` VALUES ('510', '炒货食品及坚果制品', null, null, '1', '1', '1', '0', '20', null, null, null, '/WEB-INF/t/cms/www/red/channel/产品频道_列表.html', '/WEB-INF/t/cms/www/red/content/产品内容.html', null, null, '1', '1', '139', '139', '310', '310', '0', '1', '0', '炒货食品及坚果制品', '炒货食品及坚果制品', '炒货食品及坚果制品');
INSERT INTO `jc_channel_ext` VALUES ('511', '蛋制品', null, null, '1', '1', '1', '0', '20', null, null, null, '/WEB-INF/t/cms/www/red/channel/产品频道_列表.html', '/WEB-INF/t/cms/www/red/content/产品内容.html', null, null, '1', '1', '139', '139', '310', '310', '0', '1', '0', '蛋制品', '蛋制品', '蛋制品');
INSERT INTO `jc_channel_ext` VALUES ('512', '可可及制品焙烤咖啡', null, null, '1', '1', '1', '0', '20', null, null, null, '/WEB-INF/t/cms/www/red/channel/产品频道_列表.html', '/WEB-INF/t/cms/www/red/content/产品内容.html', null, null, '1', '1', '139', '139', '310', '310', '0', '1', '0', '可可及制品焙烤咖啡', '可可及制品焙烤咖啡', '可可及制品焙烤咖啡');
INSERT INTO `jc_channel_ext` VALUES ('513', '食糖', null, null, '1', '1', '1', '0', '20', null, null, null, '/WEB-INF/t/cms/www/red/channel/产品频道_列表.html', '/WEB-INF/t/cms/www/red/content/产品内容.html', null, null, '1', '1', '139', '139', '310', '310', '0', '1', '0', '食糖', '食糖', '食糖');
INSERT INTO `jc_channel_ext` VALUES ('514', '水产制品', null, null, '1', '1', '1', '0', '20', null, null, null, '/WEB-INF/t/cms/www/red/channel/产品频道_列表.html', '/WEB-INF/t/cms/www/red/content/产品内容.html', null, null, '1', '1', '139', '139', '310', '310', '0', '1', '0', '水产制品', '水产制品', '水产制品');
INSERT INTO `jc_channel_ext` VALUES ('515', '淀粉及淀粉制品', null, null, '1', '1', '1', '0', '20', null, null, null, '/WEB-INF/t/cms/www/red/channel/产品频道_列表.html', '/WEB-INF/t/cms/www/red/content/产品内容.html', null, null, '1', '1', '139', '139', '310', '310', '0', '1', '0', '淀粉及淀粉制品', '淀粉及淀粉制品', '淀粉及淀粉制品');
INSERT INTO `jc_channel_ext` VALUES ('516', '糕点食品', null, null, '1', '1', '1', '0', '20', null, null, null, '/WEB-INF/t/cms/www/red/channel/产品频道_列表.html', '/WEB-INF/t/cms/www/red/content/产品内容.html', null, null, '1', '1', '139', '139', '310', '310', '0', '1', '0', '糕点食品', '糕点食品', '糕点食品');
INSERT INTO `jc_channel_ext` VALUES ('517', '豆制品', null, null, '1', '1', '1', '0', '20', null, null, null, '/WEB-INF/t/cms/www/red/channel/产品频道_列表.html', '/WEB-INF/t/cms/www/red/content/产品内容.html', null, null, '1', '1', '139', '139', '310', '310', '0', '1', '0', '豆制品', '豆制品', '豆制品');
INSERT INTO `jc_channel_ext` VALUES ('518', '蜂产品', null, null, '1', '1', '1', '0', '20', null, null, null, '/WEB-INF/t/cms/www/red/channel/产品频道_列表.html', '/WEB-INF/t/cms/www/red/content/产品内容.html', null, null, '1', '1', '139', '139', '310', '310', '0', '1', '0', '蜂产品', '蜂产品', '蜂产品');
INSERT INTO `jc_channel_ext` VALUES ('519', '特殊膳食食品', null, null, '1', '1', '1', '0', '20', null, null, null, '/WEB-INF/t/cms/www/red/channel/产品频道_列表.html', '/WEB-INF/t/cms/www/red/content/产品内容.html', null, null, '1', '1', '139', '139', '310', '310', '0', '1', '0', '特殊膳食食品', '特殊膳食食品', '特殊膳食食品');
INSERT INTO `jc_channel_ext` VALUES ('520', '其它食品', null, null, '1', '1', '1', '0', '20', null, null, null, '/WEB-INF/t/cms/www/red/channel/产品频道_列表.html', '/WEB-INF/t/cms/www/red/content/产品内容.html', null, null, '1', '1', '139', '139', '310', '310', '0', '1', '0', '其它食品', '其它食品', '其它食品');
INSERT INTO `jc_channel_txt` VALUES ('10', '<p><font size=\"2\">&nbsp;&nbsp;&nbsp; JEECMS是JavaEE版网站管理系统（Java Enterprise Edition Content Manage System）的简称。</font></p>\r\n<p><font size=\"2\">&nbsp;&nbsp;&nbsp;&nbsp;Java凭借其强大、稳定、安全、高效等多方面的优势，一直是企业级应用的首选。在国外基于JavaEE技术的CMS已经发展的相当成熟，但授权费昂贵，一般需几十万一套；而国内在这方面一直比较薄弱，至今没有一款基于JavaEE技术的开源免费CMS产品。这次我们本着&quot;大气开源，诚信图强&quot;的原则将我们开发的这套JEECMS系统源码完全公布，希望能为国内JavaEE技术的发展尽自己的一份力量。</font></p>\r\n<p><font size=\"2\">&nbsp;&nbsp;&nbsp;&nbsp;JEECMS使用目前java主流技术架构：hibernate3+spring3+freemarker。AJAX使用jquery和json实现。视图层并没有使用传统的 JSP技术，而是使用更为专业、灵活、高效freemarker。 数据库使用MYSQL，并可支持orcale、DB2、SQLServer等主流数据库。应用服务器使用tomcat，并支持其他weblogic、 websphere等应用服务器。</font></p>\r\n<p><font size=\"2\">&nbsp;&nbsp;&nbsp;&nbsp;JEECMS并不是一个只追求技术之先进，而不考虑用户实际使用的象牙塔CMS。系统的设计宗旨就是从用户的需求出发，提供最便利、合理的使用方式，懂html就能建站，从设计上满足搜索引擎优化，最小性能消耗满足小网站要求、可扩展群集满足大网站需要。</font></p>\r\n<p><font size=\"2\">&nbsp;&nbsp;&nbsp;&nbsp;很多人觉得java、jsp难掌握，技术门槛高。jeecms具有强大的模板机制。所有前台页面均由模板生成，通过在线编辑模板轻松调整页面显示。模板内容不涉及任何java和jsp技术，只需掌握html语法和jeecms标签即可完成动态网页制作。</font></p>\r\n<p><font size=\"2\">&nbsp;&nbsp;&nbsp;&nbsp;强大、灵活的标签。提供两种风格的标签，一种风格的标签封装了大量互联网上常见的显示样式，通过调整参数就可实现文章列表、图文混排、图文滚动、跑马灯、焦点图等效果。这种标签的优势在于页面制作简单、效率高，对js、css、html不够精通和希望快速建站的用户非常适用。并且各种效果的内容不使用js生成，对搜索引擎非常友好。另一种风格的标签只负责读取数据，由用户自己控制显示内容和显示方式，想到什么就能做到什么，对于技术能力高和追求个性化的用户，可谓如鱼得水。</font></p>\r\n<p><font size=\"2\">&nbsp;&nbsp;&nbsp;&nbsp;采用完全生成静态页面技术，加快页面访问速度，提升搜索引擎友好性；采用扁平的、可自定义的路径结构。对于有特别需求者，可自定义页面后缀，如.php,.asp,.aspx等。</font></p>\r\n<p><font size=\"2\">&nbsp;&nbsp;&nbsp;&nbsp;站群设计，对于大型的网站，往往需要通过次级域名建立子站群，各个子站后台管理权限可以分离，程序和附件分离，前台用户实现单点登录，大规模网站轻松建设。</font></p>', null, null, null);
INSERT INTO `jc_channel_txt` VALUES ('64', '<div class=\"content\">\r\n<h3>版权声明</h3>\r\n<p>美食汇 (MeiShiH.Com)   上所有刊登内容，以及所提供的信息资料，目的是为了更好地服务访问者，本网站不保证所有信息、文本、图形、链接及其它项目的绝对准确性和完整性，仅供访问  者参照使用。在网站中，由用户发表的文章或图片仅代表作者本人观点，与本网站立场无关，作者文责自负。</p>\r\n<p>未经美食汇(MeiShiH.Com)的明确许可，任何人不得盗链本站下载资源；不得复制或仿造本网站或者在非美食汇   (MeiShiH.Com)所属的服务器上建立镜像，美食汇  (MeiShiH.Com)对其自行开发的或和他人共同开发的所有内容、技术手段和服务拥有全部知识产权，任何人不得侵害或破坏，也不得擅自使 用。</p>\r\n<p>凡以任何方式登陆本网站或直接、间接使用本网站资料者，视为自愿接受本网站声明的约束。本声明未涉及的问题参见国家有关法律法规，当本声明与国家法律法规冲突时，以国家法律法规为准。</p>\r\n<h3>免责声明</h3>\r\n<p><strong>总则</strong></p>\r\n<p>用户在接受美食汇网站服务之前，请务必仔细阅读本条款并同意本声明。</p>\r\n<p>用户直接或通过各类方式（如站外API、RSS引用等）间接使用美食汇服务和数据的行为，都将被视作已无条件接受本声明所涉全部内容；若用户对本声明的任何条款有异议，请停止使用美食汇所提供的全部服务。</p>\r\n<p><strong>第一条</strong></p>\r\n<p>用户以各种方式使用美食汇服务和数据（包括但不限于发表、宣传介绍、转载、浏览及利用美食汇网站或美食汇用户发布内容）的过程中，不得以任何方式利用美食汇直接或间接从事违反中国法律、以及社会公德的行为，且用户应当恪守下述承诺：</p>\r\n<ol>\r\n    <li>发布、转载或提供的内容符合中国法律、社会公德；</li>\r\n    <li>不得干扰、损害和侵犯美食汇的各种合法权利与利益；</li>\r\n    <li>遵守美食汇网站以及与之相关的网络服务的协议、指导原则、管理细则等；</li>\r\n</ol>\r\n<p>美食汇网站有权对违反上述承诺的内容予以删除。</p>\r\n<p><strong>第二条</strong></p>\r\n<p>1.美食汇  网站仅为用户发布的内容提供存储空间，美食汇不对用户发表、转载的内容提供任何形式的保证：不保证内容满足您的要求，不保证美食汇的服务不会  中断。因网络状况、通讯线路、第三方网站或管理部门的要求等任何原因而导致您不能正常使用美食汇，美食汇网站不承担任何法律责任。</p>\r\n<p>2.   用户在美食汇网站发表的内容（包含但不限于美食汇网站目前各产品功能里的内容）仅表明其个人的立场和观点，并不代表美食汇的立场或观点。作为内容的  发表者，需自行对所发表内容负责，因所发表内容引发的一切纠纷，由该内容的发表者承担全部法律及连带责任。美食汇不承担任何法律及连带责任。</p>\r\n<p>3. 用户在美食汇发布侵犯他人知识产权或其他合法权益的内容，美食汇有权予以删除，并保留移交司法机关处理的权利。</p>\r\n<p>4. 用户在美食汇网站发表的所有内容，除非美食汇收到相反通知，否则将视为该用户在本网站上载或发布的内容的版权拥有人。用户在本网站上载或发布内容即视为其同意授予美食汇所有上述内容基于网站推广上的使用权、复制权、网络传播权。</p>\r\n<p>5. 个人或单位如认为美食汇网站上存在侵犯自身合法权益的内容，应准备好具有法律效应的证明材料，及时与美食汇取得联系，以便美食汇网站迅速做出处理。</p>\r\n<h3>附则</h3>\r\n<p>对版权声明、免责声明的解释、修改及更新权均属于美食汇所有。</p>\r\n</div>\r\n<p>&nbsp;</p>', null, null, null);
INSERT INTO `jc_channel_txt` VALUES ('65', '<h4>广告优势</h4>\r\n<p>美食汇创建于2012年，目前已经成长为中文美食网站一流品牌。在美食网站中有着极高的认知度与美誉度。</p>\r\n<p>网站受众群体以20-35岁女性为主，有浓厚的家庭感，注重家庭成员的饮食与健康保健。此目标用户消费欲望强烈，并拥有家庭日常消费主导权。</p>\r\n<h4>广告形式与内容</h4>\r\n<ul>\r\n    <li>投放广告内容需经美食汇同意，并无色情、赌博犯罪、广告联盟以及易引发访客反感的其它内容。</li>\r\n    <li>形式为图片与Flash，不得包含弹窗、恶意代码，视频广告另议。</li>\r\n    <li>广告内容必须健康，有价值，无虚假广告。</li>\r\n</ul>\r\n<p>如果您有广告投放、产品与品牌营销的需求，请联系我们：</p>\r\n<p>QQ:164863067</p>\r\n<p>电话：13882253362</p>', null, null, null);
INSERT INTO `jc_chnl_group_contri` VALUES ('42', '1');
INSERT INTO `jc_chnl_group_contri` VALUES ('43', '1');
INSERT INTO `jc_chnl_group_contri` VALUES ('44', '1');
INSERT INTO `jc_chnl_group_contri` VALUES ('45', '1');
INSERT INTO `jc_chnl_group_contri` VALUES ('47', '1');
INSERT INTO `jc_chnl_group_contri` VALUES ('53', '1');
INSERT INTO `jc_chnl_group_contri` VALUES ('54', '1');
INSERT INTO `jc_chnl_group_contri` VALUES ('55', '1');
INSERT INTO `jc_chnl_group_contri` VALUES ('72', '1');
INSERT INTO `jc_chnl_group_contri` VALUES ('73', '1');
INSERT INTO `jc_chnl_group_contri` VALUES ('74', '1');
INSERT INTO `jc_chnl_group_contri` VALUES ('75', '1');
INSERT INTO `jc_chnl_group_contri` VALUES ('76', '1');
INSERT INTO `jc_chnl_group_contri` VALUES ('77', '1');
INSERT INTO `jc_chnl_group_contri` VALUES ('78', '1');
INSERT INTO `jc_chnl_group_contri` VALUES ('79', '1');
INSERT INTO `jc_chnl_group_contri` VALUES ('80', '1');
INSERT INTO `jc_chnl_group_contri` VALUES ('81', '1');
INSERT INTO `jc_chnl_group_contri` VALUES ('82', '1');
INSERT INTO `jc_chnl_group_contri` VALUES ('83', '1');
INSERT INTO `jc_chnl_group_contri` VALUES ('84', '1');
INSERT INTO `jc_chnl_group_contri` VALUES ('85', '1');
INSERT INTO `jc_chnl_group_contri` VALUES ('86', '1');
INSERT INTO `jc_chnl_group_contri` VALUES ('42', '2');
INSERT INTO `jc_chnl_group_contri` VALUES ('43', '2');
INSERT INTO `jc_chnl_group_contri` VALUES ('44', '2');
INSERT INTO `jc_chnl_group_contri` VALUES ('45', '2');
INSERT INTO `jc_chnl_group_contri` VALUES ('46', '2');
INSERT INTO `jc_chnl_group_contri` VALUES ('47', '2');
INSERT INTO `jc_chnl_group_contri` VALUES ('48', '2');
INSERT INTO `jc_chnl_group_contri` VALUES ('49', '2');
INSERT INTO `jc_chnl_group_contri` VALUES ('50', '2');
INSERT INTO `jc_chnl_group_contri` VALUES ('51', '2');
INSERT INTO `jc_chnl_group_contri` VALUES ('52', '2');
INSERT INTO `jc_chnl_group_contri` VALUES ('53', '2');
INSERT INTO `jc_chnl_group_contri` VALUES ('54', '2');
INSERT INTO `jc_chnl_group_contri` VALUES ('55', '2');
INSERT INTO `jc_chnl_group_contri` VALUES ('56', '2');
INSERT INTO `jc_chnl_group_contri` VALUES ('72', '2');
INSERT INTO `jc_chnl_group_contri` VALUES ('73', '2');
INSERT INTO `jc_chnl_group_contri` VALUES ('74', '2');
INSERT INTO `jc_chnl_group_contri` VALUES ('75', '2');
INSERT INTO `jc_chnl_group_contri` VALUES ('76', '2');
INSERT INTO `jc_chnl_group_contri` VALUES ('77', '2');
INSERT INTO `jc_chnl_group_contri` VALUES ('78', '2');
INSERT INTO `jc_chnl_group_contri` VALUES ('79', '2');
INSERT INTO `jc_chnl_group_contri` VALUES ('80', '2');
INSERT INTO `jc_chnl_group_contri` VALUES ('81', '2');
INSERT INTO `jc_chnl_group_contri` VALUES ('82', '2');
INSERT INTO `jc_chnl_group_contri` VALUES ('83', '2');
INSERT INTO `jc_chnl_group_contri` VALUES ('84', '2');
INSERT INTO `jc_chnl_group_contri` VALUES ('85', '2');
INSERT INTO `jc_chnl_group_contri` VALUES ('86', '2');
INSERT INTO `jc_chnl_group_contri` VALUES ('170', '2');
INSERT INTO `jc_chnl_group_contri` VALUES ('171', '2');
INSERT INTO `jc_chnl_group_contri` VALUES ('494', '2');
INSERT INTO `jc_chnl_group_contri` VALUES ('495', '2');
INSERT INTO `jc_chnl_group_contri` VALUES ('496', '2');
INSERT INTO `jc_chnl_group_contri` VALUES ('497', '2');
INSERT INTO `jc_chnl_group_contri` VALUES ('498', '2');
INSERT INTO `jc_chnl_group_contri` VALUES ('499', '2');
INSERT INTO `jc_chnl_group_contri` VALUES ('500', '2');
INSERT INTO `jc_chnl_group_contri` VALUES ('501', '2');
INSERT INTO `jc_chnl_group_contri` VALUES ('502', '2');
INSERT INTO `jc_chnl_group_contri` VALUES ('503', '2');
INSERT INTO `jc_chnl_group_contri` VALUES ('504', '2');
INSERT INTO `jc_chnl_group_contri` VALUES ('505', '2');
INSERT INTO `jc_chnl_group_contri` VALUES ('506', '2');
INSERT INTO `jc_chnl_group_contri` VALUES ('507', '2');
INSERT INTO `jc_chnl_group_contri` VALUES ('508', '2');
INSERT INTO `jc_chnl_group_contri` VALUES ('509', '2');
INSERT INTO `jc_chnl_group_contri` VALUES ('510', '2');
INSERT INTO `jc_chnl_group_contri` VALUES ('511', '2');
INSERT INTO `jc_chnl_group_contri` VALUES ('512', '2');
INSERT INTO `jc_chnl_group_contri` VALUES ('513', '2');
INSERT INTO `jc_chnl_group_contri` VALUES ('514', '2');
INSERT INTO `jc_chnl_group_contri` VALUES ('515', '2');
INSERT INTO `jc_chnl_group_contri` VALUES ('516', '2');
INSERT INTO `jc_chnl_group_contri` VALUES ('517', '2');
INSERT INTO `jc_chnl_group_contri` VALUES ('518', '2');
INSERT INTO `jc_chnl_group_contri` VALUES ('519', '2');
INSERT INTO `jc_chnl_group_contri` VALUES ('520', '2');
INSERT INTO `jc_chnl_group_contri` VALUES ('1', '3');
INSERT INTO `jc_chnl_group_contri` VALUES ('11', '3');
INSERT INTO `jc_chnl_group_contri` VALUES ('12', '3');
INSERT INTO `jc_chnl_group_contri` VALUES ('13', '3');
INSERT INTO `jc_chnl_group_contri` VALUES ('14', '3');
INSERT INTO `jc_chnl_group_contri` VALUES ('40', '3');
INSERT INTO `jc_chnl_group_contri` VALUES ('41', '3');
INSERT INTO `jc_chnl_group_contri` VALUES ('42', '3');
INSERT INTO `jc_chnl_group_contri` VALUES ('46', '3');
INSERT INTO `jc_chnl_group_contri` VALUES ('47', '3');
INSERT INTO `jc_chnl_group_contri` VALUES ('48', '3');
INSERT INTO `jc_chnl_group_contri` VALUES ('49', '3');
INSERT INTO `jc_chnl_group_contri` VALUES ('50', '3');
INSERT INTO `jc_chnl_group_contri` VALUES ('51', '3');
INSERT INTO `jc_chnl_group_contri` VALUES ('52', '3');
INSERT INTO `jc_chnl_group_contri` VALUES ('66', '3');
INSERT INTO `jc_chnl_group_contri` VALUES ('67', '3');
INSERT INTO `jc_chnl_group_contri` VALUES ('68', '3');
INSERT INTO `jc_chnl_group_contri` VALUES ('69', '3');
INSERT INTO `jc_chnl_group_contri` VALUES ('70', '3');
INSERT INTO `jc_chnl_group_contri` VALUES ('71', '3');
INSERT INTO `jc_chnl_group_contri` VALUES ('72', '3');
INSERT INTO `jc_chnl_group_contri` VALUES ('73', '3');
INSERT INTO `jc_chnl_group_contri` VALUES ('74', '3');
INSERT INTO `jc_chnl_group_contri` VALUES ('75', '3');
INSERT INTO `jc_chnl_group_contri` VALUES ('76', '3');
INSERT INTO `jc_chnl_group_contri` VALUES ('77', '3');
INSERT INTO `jc_chnl_group_contri` VALUES ('78', '3');
INSERT INTO `jc_chnl_group_contri` VALUES ('79', '3');
INSERT INTO `jc_chnl_group_contri` VALUES ('80', '3');
INSERT INTO `jc_chnl_group_contri` VALUES ('81', '3');
INSERT INTO `jc_chnl_group_contri` VALUES ('82', '3');
INSERT INTO `jc_chnl_group_contri` VALUES ('83', '3');
INSERT INTO `jc_chnl_group_contri` VALUES ('84', '3');
INSERT INTO `jc_chnl_group_contri` VALUES ('85', '3');
INSERT INTO `jc_chnl_group_contri` VALUES ('86', '3');
INSERT INTO `jc_chnl_group_contri` VALUES ('170', '3');
INSERT INTO `jc_chnl_group_contri` VALUES ('171', '3');
INSERT INTO `jc_chnl_group_contri` VALUES ('494', '3');
INSERT INTO `jc_chnl_group_contri` VALUES ('495', '3');
INSERT INTO `jc_chnl_group_contri` VALUES ('496', '3');
INSERT INTO `jc_chnl_group_contri` VALUES ('497', '3');
INSERT INTO `jc_chnl_group_contri` VALUES ('498', '3');
INSERT INTO `jc_chnl_group_contri` VALUES ('499', '3');
INSERT INTO `jc_chnl_group_contri` VALUES ('500', '3');
INSERT INTO `jc_chnl_group_contri` VALUES ('501', '3');
INSERT INTO `jc_chnl_group_contri` VALUES ('502', '3');
INSERT INTO `jc_chnl_group_contri` VALUES ('503', '3');
INSERT INTO `jc_chnl_group_contri` VALUES ('504', '3');
INSERT INTO `jc_chnl_group_contri` VALUES ('505', '3');
INSERT INTO `jc_chnl_group_contri` VALUES ('506', '3');
INSERT INTO `jc_chnl_group_contri` VALUES ('507', '3');
INSERT INTO `jc_chnl_group_contri` VALUES ('508', '3');
INSERT INTO `jc_chnl_group_contri` VALUES ('509', '3');
INSERT INTO `jc_chnl_group_contri` VALUES ('510', '3');
INSERT INTO `jc_chnl_group_contri` VALUES ('511', '3');
INSERT INTO `jc_chnl_group_contri` VALUES ('512', '3');
INSERT INTO `jc_chnl_group_contri` VALUES ('513', '3');
INSERT INTO `jc_chnl_group_contri` VALUES ('514', '3');
INSERT INTO `jc_chnl_group_contri` VALUES ('515', '3');
INSERT INTO `jc_chnl_group_contri` VALUES ('516', '3');
INSERT INTO `jc_chnl_group_contri` VALUES ('517', '3');
INSERT INTO `jc_chnl_group_contri` VALUES ('518', '3');
INSERT INTO `jc_chnl_group_contri` VALUES ('519', '3');
INSERT INTO `jc_chnl_group_contri` VALUES ('520', '3');
INSERT INTO `jc_chnl_group_contri` VALUES ('1', '4');
INSERT INTO `jc_chnl_group_contri` VALUES ('11', '4');
INSERT INTO `jc_chnl_group_contri` VALUES ('12', '4');
INSERT INTO `jc_chnl_group_contri` VALUES ('13', '4');
INSERT INTO `jc_chnl_group_contri` VALUES ('14', '4');
INSERT INTO `jc_chnl_group_contri` VALUES ('15', '4');
INSERT INTO `jc_chnl_group_contri` VALUES ('40', '4');
INSERT INTO `jc_chnl_group_contri` VALUES ('41', '4');
INSERT INTO `jc_chnl_group_contri` VALUES ('48', '4');
INSERT INTO `jc_chnl_group_contri` VALUES ('56', '4');
INSERT INTO `jc_chnl_group_contri` VALUES ('66', '4');
INSERT INTO `jc_chnl_group_contri` VALUES ('67', '4');
INSERT INTO `jc_chnl_group_contri` VALUES ('68', '4');
INSERT INTO `jc_chnl_group_contri` VALUES ('69', '4');
INSERT INTO `jc_chnl_group_contri` VALUES ('70', '4');
INSERT INTO `jc_chnl_group_contri` VALUES ('71', '4');
INSERT INTO `jc_chnl_group_contri` VALUES ('72', '4');
INSERT INTO `jc_chnl_group_contri` VALUES ('73', '4');
INSERT INTO `jc_chnl_group_contri` VALUES ('74', '4');
INSERT INTO `jc_chnl_group_contri` VALUES ('75', '4');
INSERT INTO `jc_chnl_group_contri` VALUES ('76', '4');
INSERT INTO `jc_chnl_group_contri` VALUES ('77', '4');
INSERT INTO `jc_chnl_group_contri` VALUES ('78', '4');
INSERT INTO `jc_chnl_group_contri` VALUES ('79', '4');
INSERT INTO `jc_chnl_group_contri` VALUES ('80', '4');
INSERT INTO `jc_chnl_group_contri` VALUES ('81', '4');
INSERT INTO `jc_chnl_group_contri` VALUES ('82', '4');
INSERT INTO `jc_chnl_group_contri` VALUES ('83', '4');
INSERT INTO `jc_chnl_group_contri` VALUES ('84', '4');
INSERT INTO `jc_chnl_group_contri` VALUES ('85', '4');
INSERT INTO `jc_chnl_group_contri` VALUES ('86', '4');
INSERT INTO `jc_chnl_group_contri` VALUES ('494', '4');
INSERT INTO `jc_chnl_group_contri` VALUES ('495', '4');
INSERT INTO `jc_chnl_group_contri` VALUES ('496', '4');
INSERT INTO `jc_chnl_group_contri` VALUES ('497', '4');
INSERT INTO `jc_chnl_group_contri` VALUES ('498', '4');
INSERT INTO `jc_chnl_group_contri` VALUES ('499', '4');
INSERT INTO `jc_chnl_group_contri` VALUES ('500', '4');
INSERT INTO `jc_chnl_group_contri` VALUES ('501', '4');
INSERT INTO `jc_chnl_group_contri` VALUES ('502', '4');
INSERT INTO `jc_chnl_group_contri` VALUES ('503', '4');
INSERT INTO `jc_chnl_group_contri` VALUES ('504', '4');
INSERT INTO `jc_chnl_group_contri` VALUES ('505', '4');
INSERT INTO `jc_chnl_group_contri` VALUES ('506', '4');
INSERT INTO `jc_chnl_group_contri` VALUES ('507', '4');
INSERT INTO `jc_chnl_group_contri` VALUES ('508', '4');
INSERT INTO `jc_chnl_group_contri` VALUES ('509', '4');
INSERT INTO `jc_chnl_group_contri` VALUES ('510', '4');
INSERT INTO `jc_chnl_group_contri` VALUES ('511', '4');
INSERT INTO `jc_chnl_group_contri` VALUES ('512', '4');
INSERT INTO `jc_chnl_group_contri` VALUES ('513', '4');
INSERT INTO `jc_chnl_group_contri` VALUES ('514', '4');
INSERT INTO `jc_chnl_group_contri` VALUES ('515', '4');
INSERT INTO `jc_chnl_group_contri` VALUES ('516', '4');
INSERT INTO `jc_chnl_group_contri` VALUES ('517', '4');
INSERT INTO `jc_chnl_group_contri` VALUES ('518', '4');
INSERT INTO `jc_chnl_group_contri` VALUES ('519', '4');
INSERT INTO `jc_chnl_group_contri` VALUES ('520', '4');
INSERT INTO `jc_chnl_group_contri` VALUES ('1', '5');
INSERT INTO `jc_chnl_group_contri` VALUES ('11', '5');
INSERT INTO `jc_chnl_group_contri` VALUES ('12', '5');
INSERT INTO `jc_chnl_group_contri` VALUES ('13', '5');
INSERT INTO `jc_chnl_group_contri` VALUES ('14', '5');
INSERT INTO `jc_chnl_group_contri` VALUES ('15', '5');
INSERT INTO `jc_chnl_group_contri` VALUES ('40', '5');
INSERT INTO `jc_chnl_group_contri` VALUES ('41', '5');
INSERT INTO `jc_chnl_group_contri` VALUES ('48', '5');
INSERT INTO `jc_chnl_group_contri` VALUES ('56', '5');
INSERT INTO `jc_chnl_group_contri` VALUES ('66', '5');
INSERT INTO `jc_chnl_group_contri` VALUES ('67', '5');
INSERT INTO `jc_chnl_group_contri` VALUES ('68', '5');
INSERT INTO `jc_chnl_group_contri` VALUES ('69', '5');
INSERT INTO `jc_chnl_group_contri` VALUES ('70', '5');
INSERT INTO `jc_chnl_group_contri` VALUES ('71', '5');
INSERT INTO `jc_chnl_group_contri` VALUES ('72', '5');
INSERT INTO `jc_chnl_group_contri` VALUES ('73', '5');
INSERT INTO `jc_chnl_group_contri` VALUES ('74', '5');
INSERT INTO `jc_chnl_group_contri` VALUES ('75', '5');
INSERT INTO `jc_chnl_group_contri` VALUES ('76', '5');
INSERT INTO `jc_chnl_group_contri` VALUES ('77', '5');
INSERT INTO `jc_chnl_group_contri` VALUES ('78', '5');
INSERT INTO `jc_chnl_group_contri` VALUES ('79', '5');
INSERT INTO `jc_chnl_group_contri` VALUES ('80', '5');
INSERT INTO `jc_chnl_group_contri` VALUES ('81', '5');
INSERT INTO `jc_chnl_group_contri` VALUES ('82', '5');
INSERT INTO `jc_chnl_group_contri` VALUES ('83', '5');
INSERT INTO `jc_chnl_group_contri` VALUES ('84', '5');
INSERT INTO `jc_chnl_group_contri` VALUES ('85', '5');
INSERT INTO `jc_chnl_group_contri` VALUES ('86', '5');
INSERT INTO `jc_chnl_group_contri` VALUES ('494', '5');
INSERT INTO `jc_chnl_group_contri` VALUES ('495', '5');
INSERT INTO `jc_chnl_group_contri` VALUES ('496', '5');
INSERT INTO `jc_chnl_group_contri` VALUES ('497', '5');
INSERT INTO `jc_chnl_group_contri` VALUES ('498', '5');
INSERT INTO `jc_chnl_group_contri` VALUES ('499', '5');
INSERT INTO `jc_chnl_group_contri` VALUES ('500', '5');
INSERT INTO `jc_chnl_group_contri` VALUES ('501', '5');
INSERT INTO `jc_chnl_group_contri` VALUES ('502', '5');
INSERT INTO `jc_chnl_group_contri` VALUES ('503', '5');
INSERT INTO `jc_chnl_group_contri` VALUES ('504', '5');
INSERT INTO `jc_chnl_group_contri` VALUES ('505', '5');
INSERT INTO `jc_chnl_group_contri` VALUES ('506', '5');
INSERT INTO `jc_chnl_group_contri` VALUES ('507', '5');
INSERT INTO `jc_chnl_group_contri` VALUES ('508', '5');
INSERT INTO `jc_chnl_group_contri` VALUES ('509', '5');
INSERT INTO `jc_chnl_group_contri` VALUES ('510', '5');
INSERT INTO `jc_chnl_group_contri` VALUES ('511', '5');
INSERT INTO `jc_chnl_group_contri` VALUES ('512', '5');
INSERT INTO `jc_chnl_group_contri` VALUES ('513', '5');
INSERT INTO `jc_chnl_group_contri` VALUES ('515', '5');
INSERT INTO `jc_chnl_group_contri` VALUES ('516', '5');
INSERT INTO `jc_chnl_group_contri` VALUES ('517', '5');
INSERT INTO `jc_chnl_group_contri` VALUES ('518', '5');
INSERT INTO `jc_chnl_group_contri` VALUES ('519', '5');
INSERT INTO `jc_chnl_group_contri` VALUES ('520', '5');
INSERT INTO `jc_comment` VALUES ('2', '1', null, '49', '1', '2011-12-19 11:13:45', null, '0', '0', '1', '1');
INSERT INTO `jc_comment` VALUES ('4', '1', null, '226', '1', '2011-12-19 14:20:54', null, '0', '0', '1', '1');
INSERT INTO `jc_comment_ext` VALUES ('2', '192.168.0.1', '观察了一会，见没什么动静才回家，但直到零点以后才睡着，“总是担心床会摇晃！”', '');
INSERT INTO `jc_comment_ext` VALUES ('4', '192.168.0.200', '真的吗？\r\n', '');
INSERT INTO `jc_common_type` VALUES ('1', '6', '普通', '100', '100', '0', '0', '1', '0', '10');
INSERT INTO `jc_common_type` VALUES ('2', '6', '图文', '143', '98', '1', '0', '1', '0', '10');
INSERT INTO `jc_common_type` VALUES ('3', '6', '焦点', '280', '200', '1', '0', '1', '0', '10');
INSERT INTO `jc_common_type` VALUES ('4', '6', '头条', '0', '0', '0', '0', '1', '0', '10');
INSERT INTO `jc_common_type` VALUES ('5', '6', '视频', '139', '139', '0', '0', '1', '0', '10');
INSERT INTO `jc_common_type` VALUES ('6', null, '文章类型', '0', '0', '0', '0', '1', '0', '10');
INSERT INTO `jc_common_type` VALUES ('7', null, '工艺类型', '0', '0', '0', '0', '1', '0', '10');
INSERT INTO `jc_common_type` VALUES ('8', null, '口味类型', '0', '0', '0', '0', '1', '0', '10');
INSERT INTO `jc_common_type` VALUES ('9', null, '难度类型', '0', '0', '0', '0', '1', '0', '10');
INSERT INTO `jc_common_type` VALUES ('10', null, '时间类型', '0', '0', '0', '0', '1', '0', '10');
INSERT INTO `jc_common_type` VALUES ('11', '7', '煮', '139', '139', '0', '0', '1', '0', '10');
INSERT INTO `jc_common_type` VALUES ('12', '7', '炒', '139', '139', '0', '0', '1', '0', '10');
INSERT INTO `jc_common_type` VALUES ('13', '7', '蒸', '139', '139', '0', '0', '1', '0', '10');
INSERT INTO `jc_common_type` VALUES ('14', '7', '烧', '0', '0', '0', '0', '1', '0', '10');
INSERT INTO `jc_common_type` VALUES ('15', '7', '拌', '0', '0', '0', '0', '1', '0', '10');
INSERT INTO `jc_common_type` VALUES ('16', '7', '炖', '0', '0', '0', '0', '1', '0', '10');
INSERT INTO `jc_common_type` VALUES ('17', '7', '炸', '0', '0', '0', '0', '1', '0', '10');
INSERT INTO `jc_common_type` VALUES ('18', '7', '煎', '0', '0', '0', '0', '1', '0', '10');
INSERT INTO `jc_common_type` VALUES ('19', '7', '烘焙', '0', '0', '0', '0', '1', '0', '10');
INSERT INTO `jc_common_type` VALUES ('20', '7', '烤', '0', '0', '0', '0', '1', '0', '10');
INSERT INTO `jc_common_type` VALUES ('21', '7', '酱', '0', '0', '0', '0', '1', '0', '10');
INSERT INTO `jc_common_type` VALUES ('22', '7', '焖', '0', '0', '0', '0', '1', '0', '10');
INSERT INTO `jc_common_type` VALUES ('23', '7', '烩', '0', '0', '0', '0', '1', '0', '10');
INSERT INTO `jc_common_type` VALUES ('24', '7', '扒', '0', '0', '0', '0', '1', '0', '10');
INSERT INTO `jc_common_type` VALUES ('25', '7', '爆', '0', '0', '0', '0', '1', '0', '10');
INSERT INTO `jc_common_type` VALUES ('26', '7', '卤', '0', '0', '0', '0', '1', '0', '10');
INSERT INTO `jc_common_type` VALUES ('27', '7', '砂锅', '0', '0', '0', '0', '1', '0', '10');
INSERT INTO `jc_common_type` VALUES ('28', '7', '炝', '0', '0', '0', '0', '1', '0', '10');
INSERT INTO `jc_common_type` VALUES ('29', '7', '腌', '0', '0', '0', '0', '1', '0', '10');
INSERT INTO `jc_common_type` VALUES ('30', '7', '冻', '0', '0', '0', '0', '1', '0', '10');
INSERT INTO `jc_common_type` VALUES ('31', '7', '熘', '0', '0', '0', '0', '1', '0', '10');
INSERT INTO `jc_common_type` VALUES ('32', '7', '熏', '0', '0', '0', '0', '1', '0', '10');
INSERT INTO `jc_common_type` VALUES ('33', '7', '汆', '0', '0', '0', '0', '1', '0', '10');
INSERT INTO `jc_common_type` VALUES ('34', '7', '拔丝', '0', '0', '0', '0', '1', '0', '10');
INSERT INTO `jc_common_type` VALUES ('35', '7', '煲', '0', '0', '0', '0', '1', '0', '10');
INSERT INTO `jc_common_type` VALUES ('36', '7', '榨汁', '0', '0', '0', '0', '1', '0', '10');
INSERT INTO `jc_common_type` VALUES ('37', '7', '灼', '0', '0', '0', '0', '1', '0', '10');
INSERT INTO `jc_common_type` VALUES ('38', '7', '烙', '0', '0', '0', '0', '1', '0', '10');
INSERT INTO `jc_common_type` VALUES ('39', '7', '微波', '0', '0', '0', '0', '1', '0', '10');
INSERT INTO `jc_common_type` VALUES ('40', '7', '泡', '0', '0', '0', '0', '1', '0', '10');
INSERT INTO `jc_common_type` VALUES ('41', '7', '腊', '0', '0', '0', '0', '1', '0', '10');
INSERT INTO `jc_common_type` VALUES ('42', '7', '糖蘸', '0', '0', '0', '0', '1', '0', '10');
INSERT INTO `jc_common_type` VALUES ('43', '7', '干锅', '0', '0', '0', '0', '1', '0', '10');
INSERT INTO `jc_common_type` VALUES ('44', '7', '焗', '0', '0', '0', '0', '1', '0', '10');
INSERT INTO `jc_common_type` VALUES ('45', '7', '干煸', '0', '0', '0', '0', '1', '0', '10');
INSERT INTO `jc_common_type` VALUES ('46', '7', '煨', '0', '0', '0', '0', '1', '0', '10');
INSERT INTO `jc_common_type` VALUES ('47', '7', '其他', '0', '0', '0', '0', '1', '0', '10');
INSERT INTO `jc_common_type` VALUES ('48', '8', '咸鲜', '0', '0', '0', '0', '1', '0', '10');
INSERT INTO `jc_common_type` VALUES ('49', '8', '家常', '0', '0', '0', '0', '1', '0', '10');
INSERT INTO `jc_common_type` VALUES ('50', '8', '甜', '0', '0', '0', '0', '1', '0', '10');
INSERT INTO `jc_common_type` VALUES ('51', '8', '香辣', '0', '0', '0', '0', '1', '0', '10');
INSERT INTO `jc_common_type` VALUES ('52', '8', '酸甜', '0', '0', '0', '0', '1', '0', '10');
INSERT INTO `jc_common_type` VALUES ('53', '8', '酸辣', '0', '0', '0', '0', '1', '0', '10');
INSERT INTO `jc_common_type` VALUES ('54', '8', '麻辣', '0', '0', '0', '0', '1', '0', '10');
INSERT INTO `jc_common_type` VALUES ('55', '8', '苦香', '0', '0', '0', '0', '1', '0', '10');
INSERT INTO `jc_common_type` VALUES ('56', '8', '五香', '0', '0', '0', '0', '1', '0', '10');
INSERT INTO `jc_common_type` VALUES ('57', '8', '酱香', '0', '0', '0', '0', '1', '0', '10');
INSERT INTO `jc_common_type` VALUES ('58', '8', '奶香', '0', '0', '0', '0', '1', '0', '10');
INSERT INTO `jc_common_type` VALUES ('59', '8', '咖喱', '0', '0', '0', '0', '1', '0', '10');
INSERT INTO `jc_common_type` VALUES ('60', '8', '蒜香', '0', '0', '0', '0', '1', '0', '10');
INSERT INTO `jc_common_type` VALUES ('61', '8', '鱼香', '0', '0', '0', '0', '1', '0', '10');
INSERT INTO `jc_common_type` VALUES ('62', '8', '茄汁', '0', '0', '0', '0', '1', '0', '10');
INSERT INTO `jc_common_type` VALUES ('63', '8', '葱香', '0', '0', '0', '0', '1', '0', '10');
INSERT INTO `jc_common_type` VALUES ('64', '8', '椒麻', '0', '0', '0', '0', '1', '0', '10');
INSERT INTO `jc_common_type` VALUES ('65', '8', '姜汁', '0', '0', '0', '0', '1', '0', '10');
INSERT INTO `jc_common_type` VALUES ('66', '8', '怪', '0', '0', '0', '0', '1', '0', '10');
INSERT INTO `jc_common_type` VALUES ('67', '8', '果', '0', '0', '0', '0', '1', '0', '10');
INSERT INTO `jc_common_type` VALUES ('68', '8', '芥末', '0', '0', '0', '0', '1', '0', '10');
INSERT INTO `jc_common_type` VALUES ('69', '8', '红油', '0', '0', '0', '0', '1', '0', '10');
INSERT INTO `jc_common_type` VALUES ('70', '8', '豆瓣', '0', '0', '0', '0', '1', '0', '10');
INSERT INTO `jc_common_type` VALUES ('71', '8', '麻酱', '0', '0', '0', '0', '1', '0', '10');
INSERT INTO `jc_common_type` VALUES ('72', '8', '黑椒', '0', '0', '0', '0', '1', '0', '10');
INSERT INTO `jc_common_type` VALUES ('73', '8', '酸', '0', '0', '0', '0', '1', '0', '10');
INSERT INTO `jc_common_type` VALUES ('74', '8', '糊辣', '0', '0', '0', '0', '1', '0', '10');
INSERT INTO `jc_common_type` VALUES ('76', '9', '新手尝试', '0', '0', '0', '0', '1', '0', '10');
INSERT INTO `jc_common_type` VALUES ('77', '9', '初级入门', '0', '0', '0', '0', '1', '0', '10');
INSERT INTO `jc_common_type` VALUES ('78', '9', '初中水平', '0', '0', '0', '0', '1', '0', '10');
INSERT INTO `jc_common_type` VALUES ('79', '9', '中级掌勺', '0', '0', '0', '0', '1', '0', '10');
INSERT INTO `jc_common_type` VALUES ('80', '9', '高级厨师', '0', '0', '0', '0', '1', '0', '10');
INSERT INTO `jc_common_type` VALUES ('81', '9', '厨神级', '0', '0', '0', '0', '1', '0', '10');
INSERT INTO `jc_common_type` VALUES ('82', '10', '5分钟', '0', '0', '0', '0', '1', '0', '10');
INSERT INTO `jc_common_type` VALUES ('83', '10', '10分钟', '0', '0', '0', '0', '1', '0', '10');
INSERT INTO `jc_common_type` VALUES ('84', '10', '15分钟', '0', '0', '0', '0', '1', '0', '10');
INSERT INTO `jc_common_type` VALUES ('85', '10', '30分钟', '0', '0', '0', '0', '1', '0', '10');
INSERT INTO `jc_common_type` VALUES ('86', '10', '60分钟', '0', '0', '0', '0', '1', '0', '10');
INSERT INTO `jc_common_type` VALUES ('87', '10', '90分钟', '0', '0', '0', '0', '1', '0', '10');
INSERT INTO `jc_common_type` VALUES ('88', '10', '2小时', '0', '0', '0', '0', '1', '0', '10');
INSERT INTO `jc_common_type` VALUES ('89', '10', '数小时', '0', '0', '0', '0', '1', '0', '10');
INSERT INTO `jc_common_type` VALUES ('90', '10', '一天', '0', '0', '0', '0', '1', '0', '10');
INSERT INTO `jc_common_type` VALUES ('91', '10', '数天', '0', '0', '0', '0', '1', '0', '10');
INSERT INTO `jc_common_type` VALUES ('93', null, '商机类型', '139', '139', '0', '0', '1', '16', null);
INSERT INTO `jc_common_type` VALUES ('95', '93', '供应', '139', '139', '0', '0', '2', '3', null);
INSERT INTO `jc_common_type` VALUES ('96', '93', '采购', '139', '139', '0', '0', '4', '5', null);
INSERT INTO `jc_common_type` VALUES ('97', '93', '招商', '139', '139', '0', '0', '6', '7', null);
INSERT INTO `jc_common_type` VALUES ('98', '93', '代理', '139', '139', '0', '0', '8', '9', null);
INSERT INTO `jc_common_type` VALUES ('99', '93', '加盟', '139', '139', '0', '0', '10', '11', null);
INSERT INTO `jc_common_type` VALUES ('100', '93', '合作', '139', '139', '0', '0', '12', '13', null);
INSERT INTO `jc_common_type` VALUES ('101', '93', '投资', '139', '139', '0', '0', '14', '15', null);
INSERT INTO `jc_config_attr` VALUES ('1', 'password_min_len', '3');
INSERT INTO `jc_config_attr` VALUES ('1', 'username_reserved', '*admin*');
INSERT INTO `jc_config_attr` VALUES ('1', 'register_on', 'true');
INSERT INTO `jc_config_attr` VALUES ('1', 'member_on', 'true');
INSERT INTO `jc_config_attr` VALUES ('1', 'username_min_len', '3');
INSERT INTO `jc_config_attr` VALUES ('1', 'version', 'jeecms-3.1.1-final');
INSERT INTO `jc_config_attr` VALUES ('1', 'user_img_height', '98');
INSERT INTO `jc_config_attr` VALUES ('1', 'user_img_width', '143');
INSERT INTO `jc_content` VALUES ('34', '11', '1', '4', '1', '2011-01-03 21:38:30', '0', '0', '1', '2', '0', '0', '0', '0');
INSERT INTO `jc_content` VALUES ('35', '11', '1', '1', '1', '2011-01-03 21:38:31', '0', '0', '0', '2', '0', '0', '0', '0');
INSERT INTO `jc_content` VALUES ('36', '11', '1', '1', '1', '2011-01-03 21:38:32', '0', '0', '0', '2', '0', '0', '0', '0');
INSERT INTO `jc_content` VALUES ('37', '11', '1', '1', '1', '2011-01-03 21:38:33', '0', '0', '1', '2', '0', '0', '0', '0');
INSERT INTO `jc_content` VALUES ('38', '11', '1', '1', '1', '2011-01-03 21:38:35', '0', '0', '0', '2', '0', '0', '0', '0');
INSERT INTO `jc_content` VALUES ('39', '11', '1', '4', '1', '2011-01-03 21:38:36', '0', '0', '0', '2', '0', '0', '0', '0');
INSERT INTO `jc_content` VALUES ('40', '11', '1', '1', '1', '2011-01-03 21:38:38', '0', '0', '0', '2', '0', '0', '0', '0');
INSERT INTO `jc_content` VALUES ('41', '11', '1', '1', '1', '2011-01-03 21:38:39', '0', '0', '0', '2', '0', '0', '0', '0');
INSERT INTO `jc_content` VALUES ('42', '11', '1', '1', '1', '2011-01-03 21:38:40', '0', '0', '1', '2', '0', '0', '0', '0');
INSERT INTO `jc_content` VALUES ('43', '11', '1', '1', '1', '2011-01-03 21:38:42', '0', '0', '1', '2', '0', '0', '0', '0');
INSERT INTO `jc_content` VALUES ('44', '11', '1', '1', '1', '2011-01-03 21:38:45', '0', '0', '0', '2', '0', '0', '0', '0');
INSERT INTO `jc_content` VALUES ('45', '11', '1', '1', '1', '2011-01-03 21:38:48', '0', '0', '0', '2', '0', '0', '0', '0');
INSERT INTO `jc_content` VALUES ('46', '11', '1', '1', '1', '2011-01-03 21:38:49', '0', '0', '0', '2', '0', '0', '0', '0');
INSERT INTO `jc_content` VALUES ('47', '11', '1', '1', '1', '2011-01-03 21:38:51', '0', '0', '1', '2', '0', '0', '0', '0');
INSERT INTO `jc_content` VALUES ('48', '11', '1', '1', '1', '2011-01-03 21:38:53', '0', '0', '0', '2', '0', '0', '0', '0');
INSERT INTO `jc_content` VALUES ('49', '11', '1', '1', '1', '2011-01-03 21:38:54', '0', '0', '1', '2', '0', '0', '0', '0');
INSERT INTO `jc_content` VALUES ('54', '12', '1', '1', '1', '2011-01-04 11:02:52', '0', '0', '0', '2', '0', '0', '0', '0');
INSERT INTO `jc_content` VALUES ('55', '12', '1', '1', '1', '2011-01-04 11:04:16', '0', '0', '0', '2', '0', '0', '0', '0');
INSERT INTO `jc_content` VALUES ('56', '12', '1', '1', '1', '2011-01-04 11:06:23', '0', '0', '0', '2', '0', '0', '0', '0');
INSERT INTO `jc_content` VALUES ('57', '12', '1', '2', '1', '2011-01-04 11:07:34', '0', '0', '0', '2', '0', '0', '0', '0');
INSERT INTO `jc_content` VALUES ('58', '13', '1', '1', '1', '2011-01-04 11:10:12', '0', '0', '0', '2', '0', '0', '0', '0');
INSERT INTO `jc_content` VALUES ('59', '13', '1', '1', '1', '2011-01-04 11:12:15', '0', '0', '0', '2', '0', '0', '0', '0');
INSERT INTO `jc_content` VALUES ('60', '13', '1', '1', '1', '2011-01-04 11:13:25', '0', '0', '1', '2', '0', '0', '0', '0');
INSERT INTO `jc_content` VALUES ('61', '13', '1', '1', '1', '2011-01-04 11:14:40', '0', '0', '0', '2', '0', '0', '0', '0');
INSERT INTO `jc_content` VALUES ('62', '13', '1', '1', '1', '2011-01-04 11:16:01', '0', '0', '0', '2', '0', '0', '0', '0');
INSERT INTO `jc_content` VALUES ('63', '14', '1', '1', '1', '2011-01-04 11:17:04', '0', '0', '1', '2', '0', '0', '0', '0');
INSERT INTO `jc_content` VALUES ('64', '14', '1', '1', '1', '2011-01-04 11:18:39', '0', '0', '0', '2', '0', '0', '0', '0');
INSERT INTO `jc_content` VALUES ('65', '14', '1', '1', '1', '2011-01-04 11:19:33', '0', '0', '0', '2', '0', '0', '0', '0');
INSERT INTO `jc_content` VALUES ('66', '14', '1', '1', '1', '2011-01-04 11:20:15', '0', '0', '0', '2', '0', '0', '0', '0');
INSERT INTO `jc_content` VALUES ('112', '41', '1', '1', '1', '2011-01-04 13:43:07', '0', '0', '0', '2', '0', '0', '0', '0');
INSERT INTO `jc_content` VALUES ('115', '41', '1', '1', '1', '2011-01-04 13:44:49', '0', '0', '0', '2', '0', '0', '0', '0');
INSERT INTO `jc_content` VALUES ('116', '41', '1', '1', '1', '2011-01-04 13:46:10', '0', '0', '0', '2', '0', '0', '0', '0');
INSERT INTO `jc_content` VALUES ('117', '41', '1', '1', '1', '2011-01-04 13:48:04', '0', '0', '0', '2', '0', '0', '0', '0');
INSERT INTO `jc_content` VALUES ('172', '39', '1', '1', '1', '2011-01-04 14:34:23', '0', '1', '0', '2', '0', '0', '0', '0');
INSERT INTO `jc_content` VALUES ('173', '39', '1', '1', '1', '2011-01-04 14:44:02', '0', '1', '0', '2', '0', '0', '1', '0');
INSERT INTO `jc_content` VALUES ('174', '37', '1', '1', '1', '2011-01-04 14:44:59', '0', '1', '0', '2', '0', '0', '1', '0');
INSERT INTO `jc_content` VALUES ('176', '15', '1', '2', '1', '2011-01-04 14:55:11', '0', '1', '0', '2', '0', '0', '0', '0');
INSERT INTO `jc_content` VALUES ('177', '15', '1', '2', '1', '2011-01-04 14:56:38', '0', '1', '0', '2', '0', '0', '0', '0');
INSERT INTO `jc_content` VALUES ('178', '15', '1', '2', '1', '2011-01-04 14:57:29', '0', '1', '0', '2', '0', '0', '0', '0');
INSERT INTO `jc_content` VALUES ('179', '15', '1', '2', '1', '2011-01-04 14:58:20', '0', '1', '0', '2', '0', '0', '0', '0');
INSERT INTO `jc_content` VALUES ('180', '15', '1', '2', '1', '2011-01-04 14:59:06', '0', '1', '0', '2', '0', '0', '0', '0');
INSERT INTO `jc_content` VALUES ('181', '15', '1', '2', '1', '2011-01-04 14:59:48', '0', '1', '0', '2', '0', '0', '0', '0');
INSERT INTO `jc_content` VALUES ('182', '15', '1', '2', '1', '2011-01-04 15:00:32', '0', '1', '0', '2', '0', '0', '0', '0');
INSERT INTO `jc_content` VALUES ('183', '15', '1', '2', '1', '2011-01-04 15:01:43', '0', '1', '0', '2', '0', '0', '0', '0');
INSERT INTO `jc_content` VALUES ('184', '15', '1', '2', '1', '2011-01-04 15:03:31', '0', '1', '0', '2', '0', '0', '0', '0');
INSERT INTO `jc_content` VALUES ('185', '15', '1', '2', '1', '2011-01-04 15:04:31', '0', '1', '0', '2', '0', '0', '0', '0');
INSERT INTO `jc_content` VALUES ('186', '15', '1', '2', '1', '2011-01-04 15:05:34', '0', '1', '0', '2', '0', '0', '0', '0');
INSERT INTO `jc_content` VALUES ('187', '15', '1', '2', '1', '2011-01-04 15:06:52', '0', '1', '0', '2', '0', '0', '0', '0');
INSERT INTO `jc_content` VALUES ('188', '13', '1', '3', '1', '2011-01-04 15:13:44', '0', '0', '0', '2', '0', '0', '0', '0');
INSERT INTO `jc_content` VALUES ('189', '43', '1', '3', '1', '2011-12-17 14:06:55', '0', '1', '1', '2', '0', '0', '0', '0');
INSERT INTO `jc_content` VALUES ('190', '43', '1', '3', '1', '2011-12-17 14:12:57', '0', '1', '1', '2', '0', '0', '0', '0');
INSERT INTO `jc_content` VALUES ('191', '43', '1', '2', '1', '2011-12-17 14:16:07', '0', '1', '1', '2', '0', '0', '0', '0');
INSERT INTO `jc_content` VALUES ('192', '51', '1', '2', '1', '2011-12-17 15:45:32', '0', '0', '0', '2', '0', '0', '0', '0');
INSERT INTO `jc_content` VALUES ('193', '51', '1', '2', '1', '2011-12-17 16:11:27', '0', '0', '0', '2', '0', '0', '0', '0');
INSERT INTO `jc_content` VALUES ('194', '51', '1', '2', '1', '2011-12-17 16:11:41', '0', '0', '0', '2', '0', '0', '0', '0');
INSERT INTO `jc_content` VALUES ('195', '51', '1', '2', '1', '2011-12-17 16:12:30', '0', '0', '0', '2', '0', '0', '0', '0');
INSERT INTO `jc_content` VALUES ('196', '51', '1', '2', '1', '2011-12-17 16:12:44', '0', '0', '0', '2', '0', '0', '0', '0');
INSERT INTO `jc_content` VALUES ('197', '51', '1', '2', '1', '2011-12-17 16:12:55', '0', '0', '0', '2', '0', '0', '0', '0');
INSERT INTO `jc_content` VALUES ('198', '51', '1', '2', '1', '2011-12-17 16:13:26', '0', '0', '0', '2', '0', '0', '0', '0');
INSERT INTO `jc_content` VALUES ('209', '49', '1', '2', '1', '2011-12-17 16:56:26', '0', '0', '0', '2', '0', '0', '0', '0');
INSERT INTO `jc_content` VALUES ('210', '52', '1', '2', '1', '2011-12-17 16:59:57', '0', '0', '0', '2', '0', '0', '0', '0');
INSERT INTO `jc_content` VALUES ('211', '52', '1', '2', '1', '2011-12-17 17:00:14', '0', '0', '0', '2', '0', '0', '0', '0');
INSERT INTO `jc_content` VALUES ('212', '50', '1', '2', '1', '2011-12-17 17:01:18', '0', '0', '0', '2', '0', '0', '0', '0');
INSERT INTO `jc_content` VALUES ('213', '50', '1', '2', '1', '2011-12-17 17:01:50', '0', '0', '0', '2', '0', '0', '0', '0');
INSERT INTO `jc_content` VALUES ('214', '50', '1', '2', '1', '2011-12-17 17:02:03', '0', '0', '0', '2', '0', '0', '0', '0');
INSERT INTO `jc_content` VALUES ('215', '50', '1', '2', '1', '2011-12-17 17:02:20', '0', '0', '0', '2', '0', '0', '0', '0');
INSERT INTO `jc_content` VALUES ('216', '52', '1', '2', '1', '2011-12-17 17:05:34', '0', '0', '1', '2', '0', '0', '0', '0');
INSERT INTO `jc_content` VALUES ('217', '52', '1', '2', '1', '2011-12-17 17:07:05', '0', '0', '1', '2', '0', '0', '0', '0');
INSERT INTO `jc_content` VALUES ('218', '51', '1', '2', '1', '2011-12-17 17:08:21', '0', '0', '1', '2', '0', '0', '0', '0');
INSERT INTO `jc_content` VALUES ('219', '52', '1', '2', '1', '2011-12-17 17:09:29', '0', '0', '1', '2', '0', '0', '0', '0');
INSERT INTO `jc_content` VALUES ('220', '49', '1', '2', '1', '2011-12-17 17:10:57', '0', '0', '1', '2', '0', '0', '0', '0');
INSERT INTO `jc_content` VALUES ('223', '44', '1', '2', '1', '2011-12-17 17:21:16', '0', '0', '0', '2', '0', '0', '0', '0');
INSERT INTO `jc_content` VALUES ('224', '44', '1', '2', '1', '2011-12-17 17:25:18', '0', '0', '0', '2', '0', '0', '0', '0');
INSERT INTO `jc_content` VALUES ('225', '43', '1', '3', '1', '2011-12-17 17:27:30', '0', '1', '1', '2', '0', '0', '0', '0');
INSERT INTO `jc_content` VALUES ('226', '40', '1', '1', '1', '2011-12-19 08:30:48', '0', '0', '1', '2', '0', '0', '0', '0');
INSERT INTO `jc_content_attachment` VALUES ('172', '0', '/u/cms/www/201112/19115513v9k3.zip', '111.zip', '111.zip', '0');
INSERT INTO `jc_content_attachment` VALUES ('173', '0', '/u/cms/www/201112/19115459jnds.zip', '111.zip', '111.zip', '0');
INSERT INTO `jc_content_attachment` VALUES ('174', '0', '/u/cms/www/201112/19115540rghk.zip', '111.zip', '111.zip', '0');
INSERT INTO `jc_content_attr` VALUES ('172', 'warrant', '免费版');
INSERT INTO `jc_content_attr` VALUES ('172', 'demoUrl', 'http://');
INSERT INTO `jc_content_attr` VALUES ('172', 'relatedLink', 'http://');
INSERT INTO `jc_content_attr` VALUES ('172', 'softType', '国产软件');
INSERT INTO `jc_content_attr` VALUES ('173', 'warrant', '免费版');
INSERT INTO `jc_content_attr` VALUES ('173', 'demoUrl', 'http://');
INSERT INTO `jc_content_attr` VALUES ('173', 'relatedLink', 'http://');
INSERT INTO `jc_content_attr` VALUES ('173', 'softType', '国产软件');
INSERT INTO `jc_content_attr` VALUES ('174', 'warrant', '免费版');
INSERT INTO `jc_content_attr` VALUES ('174', 'demoUrl', 'http://');
INSERT INTO `jc_content_attr` VALUES ('174', 'relatedLink', 'http://');
INSERT INTO `jc_content_attr` VALUES ('174', 'softType', '国产软件');
INSERT INTO `jc_content_channel` VALUES ('11', '34');
INSERT INTO `jc_content_channel` VALUES ('11', '35');
INSERT INTO `jc_content_channel` VALUES ('11', '36');
INSERT INTO `jc_content_channel` VALUES ('11', '37');
INSERT INTO `jc_content_channel` VALUES ('11', '38');
INSERT INTO `jc_content_channel` VALUES ('11', '39');
INSERT INTO `jc_content_channel` VALUES ('11', '40');
INSERT INTO `jc_content_channel` VALUES ('11', '41');
INSERT INTO `jc_content_channel` VALUES ('11', '42');
INSERT INTO `jc_content_channel` VALUES ('11', '43');
INSERT INTO `jc_content_channel` VALUES ('11', '44');
INSERT INTO `jc_content_channel` VALUES ('11', '45');
INSERT INTO `jc_content_channel` VALUES ('11', '46');
INSERT INTO `jc_content_channel` VALUES ('11', '47');
INSERT INTO `jc_content_channel` VALUES ('11', '48');
INSERT INTO `jc_content_channel` VALUES ('11', '49');
INSERT INTO `jc_content_channel` VALUES ('12', '54');
INSERT INTO `jc_content_channel` VALUES ('12', '55');
INSERT INTO `jc_content_channel` VALUES ('12', '56');
INSERT INTO `jc_content_channel` VALUES ('12', '57');
INSERT INTO `jc_content_channel` VALUES ('13', '58');
INSERT INTO `jc_content_channel` VALUES ('13', '59');
INSERT INTO `jc_content_channel` VALUES ('13', '60');
INSERT INTO `jc_content_channel` VALUES ('13', '61');
INSERT INTO `jc_content_channel` VALUES ('13', '62');
INSERT INTO `jc_content_channel` VALUES ('14', '63');
INSERT INTO `jc_content_channel` VALUES ('14', '64');
INSERT INTO `jc_content_channel` VALUES ('14', '65');
INSERT INTO `jc_content_channel` VALUES ('14', '66');
INSERT INTO `jc_content_channel` VALUES ('41', '112');
INSERT INTO `jc_content_channel` VALUES ('41', '115');
INSERT INTO `jc_content_channel` VALUES ('41', '116');
INSERT INTO `jc_content_channel` VALUES ('41', '117');
INSERT INTO `jc_content_channel` VALUES ('39', '172');
INSERT INTO `jc_content_channel` VALUES ('39', '173');
INSERT INTO `jc_content_channel` VALUES ('37', '174');
INSERT INTO `jc_content_channel` VALUES ('15', '176');
INSERT INTO `jc_content_channel` VALUES ('15', '177');
INSERT INTO `jc_content_channel` VALUES ('15', '178');
INSERT INTO `jc_content_channel` VALUES ('15', '179');
INSERT INTO `jc_content_channel` VALUES ('15', '180');
INSERT INTO `jc_content_channel` VALUES ('15', '181');
INSERT INTO `jc_content_channel` VALUES ('15', '182');
INSERT INTO `jc_content_channel` VALUES ('15', '183');
INSERT INTO `jc_content_channel` VALUES ('15', '184');
INSERT INTO `jc_content_channel` VALUES ('15', '185');
INSERT INTO `jc_content_channel` VALUES ('15', '186');
INSERT INTO `jc_content_channel` VALUES ('15', '187');
INSERT INTO `jc_content_channel` VALUES ('13', '188');
INSERT INTO `jc_content_channel` VALUES ('43', '189');
INSERT INTO `jc_content_channel` VALUES ('43', '190');
INSERT INTO `jc_content_channel` VALUES ('43', '191');
INSERT INTO `jc_content_channel` VALUES ('51', '192');
INSERT INTO `jc_content_channel` VALUES ('51', '193');
INSERT INTO `jc_content_channel` VALUES ('51', '194');
INSERT INTO `jc_content_channel` VALUES ('51', '195');
INSERT INTO `jc_content_channel` VALUES ('51', '196');
INSERT INTO `jc_content_channel` VALUES ('51', '197');
INSERT INTO `jc_content_channel` VALUES ('51', '198');
INSERT INTO `jc_content_channel` VALUES ('49', '209');
INSERT INTO `jc_content_channel` VALUES ('52', '210');
INSERT INTO `jc_content_channel` VALUES ('52', '211');
INSERT INTO `jc_content_channel` VALUES ('50', '212');
INSERT INTO `jc_content_channel` VALUES ('50', '213');
INSERT INTO `jc_content_channel` VALUES ('50', '214');
INSERT INTO `jc_content_channel` VALUES ('50', '215');
INSERT INTO `jc_content_channel` VALUES ('52', '216');
INSERT INTO `jc_content_channel` VALUES ('52', '217');
INSERT INTO `jc_content_channel` VALUES ('51', '218');
INSERT INTO `jc_content_channel` VALUES ('52', '219');
INSERT INTO `jc_content_channel` VALUES ('49', '220');
INSERT INTO `jc_content_channel` VALUES ('44', '223');
INSERT INTO `jc_content_channel` VALUES ('44', '224');
INSERT INTO `jc_content_channel` VALUES ('43', '225');
INSERT INTO `jc_content_channel` VALUES ('40', '226');
INSERT INTO `jc_content_check` VALUES ('34', '2', null, '0');
INSERT INTO `jc_content_check` VALUES ('35', '2', null, '0');
INSERT INTO `jc_content_check` VALUES ('36', '2', null, '0');
INSERT INTO `jc_content_check` VALUES ('37', '2', null, '0');
INSERT INTO `jc_content_check` VALUES ('38', '2', null, '0');
INSERT INTO `jc_content_check` VALUES ('39', '2', null, '0');
INSERT INTO `jc_content_check` VALUES ('40', '2', null, '0');
INSERT INTO `jc_content_check` VALUES ('41', '2', null, '0');
INSERT INTO `jc_content_check` VALUES ('42', '2', null, '0');
INSERT INTO `jc_content_check` VALUES ('43', '2', null, '0');
INSERT INTO `jc_content_check` VALUES ('44', '2', null, '0');
INSERT INTO `jc_content_check` VALUES ('45', '2', null, '0');
INSERT INTO `jc_content_check` VALUES ('46', '2', null, '0');
INSERT INTO `jc_content_check` VALUES ('47', '2', null, '0');
INSERT INTO `jc_content_check` VALUES ('48', '2', null, '0');
INSERT INTO `jc_content_check` VALUES ('49', '2', null, '0');
INSERT INTO `jc_content_check` VALUES ('54', '2', null, '0');
INSERT INTO `jc_content_check` VALUES ('55', '2', null, '0');
INSERT INTO `jc_content_check` VALUES ('56', '2', null, '0');
INSERT INTO `jc_content_check` VALUES ('57', '2', null, '0');
INSERT INTO `jc_content_check` VALUES ('58', '2', null, '0');
INSERT INTO `jc_content_check` VALUES ('59', '2', null, '0');
INSERT INTO `jc_content_check` VALUES ('60', '2', null, '0');
INSERT INTO `jc_content_check` VALUES ('61', '2', null, '0');
INSERT INTO `jc_content_check` VALUES ('62', '2', null, '0');
INSERT INTO `jc_content_check` VALUES ('63', '2', null, '0');
INSERT INTO `jc_content_check` VALUES ('64', '2', null, '0');
INSERT INTO `jc_content_check` VALUES ('65', '2', null, '0');
INSERT INTO `jc_content_check` VALUES ('66', '2', null, '0');
INSERT INTO `jc_content_check` VALUES ('112', '2', null, '0');
INSERT INTO `jc_content_check` VALUES ('115', '2', null, '0');
INSERT INTO `jc_content_check` VALUES ('116', '2', null, '0');
INSERT INTO `jc_content_check` VALUES ('117', '2', null, '0');
INSERT INTO `jc_content_check` VALUES ('172', '2', null, '0');
INSERT INTO `jc_content_check` VALUES ('173', '2', null, '0');
INSERT INTO `jc_content_check` VALUES ('174', '2', null, '0');
INSERT INTO `jc_content_check` VALUES ('176', '2', null, '0');
INSERT INTO `jc_content_check` VALUES ('177', '2', null, '0');
INSERT INTO `jc_content_check` VALUES ('178', '2', null, '0');
INSERT INTO `jc_content_check` VALUES ('179', '2', null, '0');
INSERT INTO `jc_content_check` VALUES ('180', '2', null, '0');
INSERT INTO `jc_content_check` VALUES ('181', '2', null, '0');
INSERT INTO `jc_content_check` VALUES ('182', '2', null, '0');
INSERT INTO `jc_content_check` VALUES ('183', '2', null, '0');
INSERT INTO `jc_content_check` VALUES ('184', '2', null, '0');
INSERT INTO `jc_content_check` VALUES ('185', '2', null, '0');
INSERT INTO `jc_content_check` VALUES ('186', '2', null, '0');
INSERT INTO `jc_content_check` VALUES ('187', '2', null, '0');
INSERT INTO `jc_content_check` VALUES ('188', '2', null, '0');
INSERT INTO `jc_content_check` VALUES ('189', '2', null, '0');
INSERT INTO `jc_content_check` VALUES ('190', '2', null, '0');
INSERT INTO `jc_content_check` VALUES ('191', '2', null, '0');
INSERT INTO `jc_content_check` VALUES ('192', '2', null, '0');
INSERT INTO `jc_content_check` VALUES ('193', '2', null, '0');
INSERT INTO `jc_content_check` VALUES ('194', '2', null, '0');
INSERT INTO `jc_content_check` VALUES ('195', '2', null, '0');
INSERT INTO `jc_content_check` VALUES ('196', '2', null, '0');
INSERT INTO `jc_content_check` VALUES ('197', '2', null, '0');
INSERT INTO `jc_content_check` VALUES ('198', '2', null, '0');
INSERT INTO `jc_content_check` VALUES ('209', '2', null, '0');
INSERT INTO `jc_content_check` VALUES ('210', '2', null, '0');
INSERT INTO `jc_content_check` VALUES ('211', '2', null, '0');
INSERT INTO `jc_content_check` VALUES ('212', '2', null, '0');
INSERT INTO `jc_content_check` VALUES ('213', '2', null, '0');
INSERT INTO `jc_content_check` VALUES ('214', '2', null, '0');
INSERT INTO `jc_content_check` VALUES ('215', '2', null, '0');
INSERT INTO `jc_content_check` VALUES ('216', '2', null, '0');
INSERT INTO `jc_content_check` VALUES ('217', '2', null, '0');
INSERT INTO `jc_content_check` VALUES ('218', '2', null, '0');
INSERT INTO `jc_content_check` VALUES ('219', '2', null, '0');
INSERT INTO `jc_content_check` VALUES ('220', '2', null, '0');
INSERT INTO `jc_content_check` VALUES ('223', '2', null, '0');
INSERT INTO `jc_content_check` VALUES ('224', '2', null, '0');
INSERT INTO `jc_content_check` VALUES ('225', '2', null, '0');
INSERT INTO `jc_content_check` VALUES ('226', '2', null, '0');
INSERT INTO `jc_content_count` VALUES ('34', '4', '0', '0', '0', '0', '0', '0', '0', '0', '0', '0', '0', '0', '0', '0', '0', '0');
INSERT INTO `jc_content_count` VALUES ('35', '0', '0', '0', '0', '0', '0', '0', '0', '0', '0', '0', '0', '0', '0', '0', '0', '0');
INSERT INTO `jc_content_count` VALUES ('36', '0', '0', '0', '0', '0', '0', '0', '0', '0', '0', '0', '0', '0', '0', '0', '0', '0');
INSERT INTO `jc_content_count` VALUES ('37', '0', '0', '0', '0', '0', '0', '0', '0', '0', '0', '0', '0', '0', '0', '0', '0', '0');
INSERT INTO `jc_content_count` VALUES ('38', '0', '0', '0', '0', '0', '0', '0', '0', '0', '0', '0', '0', '0', '0', '0', '0', '0');
INSERT INTO `jc_content_count` VALUES ('39', '13', '0', '0', '0', '0', '0', '0', '0', '0', '0', '0', '0', '0', '0', '0', '0', '0');
INSERT INTO `jc_content_count` VALUES ('40', '0', '0', '0', '0', '0', '0', '0', '0', '0', '0', '0', '0', '0', '0', '0', '0', '0');
INSERT INTO `jc_content_count` VALUES ('41', '0', '0', '0', '0', '0', '0', '0', '0', '0', '0', '0', '0', '0', '0', '0', '0', '0');
INSERT INTO `jc_content_count` VALUES ('42', '0', '0', '0', '0', '0', '0', '0', '0', '0', '0', '0', '0', '0', '0', '0', '0', '0');
INSERT INTO `jc_content_count` VALUES ('43', '1', '0', '0', '0', '0', '0', '0', '0', '0', '0', '0', '0', '0', '0', '0', '0', '0');
INSERT INTO `jc_content_count` VALUES ('44', '0', '0', '0', '0', '0', '0', '0', '0', '0', '0', '0', '0', '0', '0', '0', '0', '0');
INSERT INTO `jc_content_count` VALUES ('45', '0', '0', '0', '0', '0', '0', '0', '0', '0', '0', '0', '0', '0', '0', '0', '0', '0');
INSERT INTO `jc_content_count` VALUES ('46', '1', '0', '0', '0', '0', '0', '0', '0', '0', '0', '0', '0', '0', '0', '0', '0', '0');
INSERT INTO `jc_content_count` VALUES ('47', '0', '0', '0', '0', '0', '0', '0', '0', '0', '0', '0', '0', '0', '0', '0', '0', '0');
INSERT INTO `jc_content_count` VALUES ('48', '0', '0', '0', '0', '0', '0', '0', '0', '0', '0', '0', '0', '0', '0', '0', '0', '0');
INSERT INTO `jc_content_count` VALUES ('49', '3', '0', '0', '0', '1', '0', '0', '0', '0', '0', '0', '0', '0', '0', '0', '0', '0');
INSERT INTO `jc_content_count` VALUES ('54', '0', '0', '0', '0', '0', '0', '0', '0', '0', '0', '0', '0', '0', '0', '0', '0', '0');
INSERT INTO `jc_content_count` VALUES ('55', '10', '0', '0', '0', '0', '0', '0', '0', '0', '0', '0', '0', '0', '0', '0', '0', '0');
INSERT INTO `jc_content_count` VALUES ('56', '9', '0', '0', '0', '0', '0', '0', '0', '0', '0', '0', '0', '0', '0', '0', '0', '0');
INSERT INTO `jc_content_count` VALUES ('57', '1', '0', '0', '0', '0', '0', '0', '0', '0', '0', '0', '0', '0', '0', '0', '0', '0');
INSERT INTO `jc_content_count` VALUES ('58', '9', '0', '0', '0', '0', '0', '0', '0', '0', '0', '0', '0', '0', '0', '0', '0', '0');
INSERT INTO `jc_content_count` VALUES ('59', '0', '0', '0', '0', '0', '0', '0', '0', '0', '0', '0', '0', '0', '0', '0', '0', '0');
INSERT INTO `jc_content_count` VALUES ('60', '0', '0', '0', '0', '0', '0', '0', '0', '0', '0', '0', '0', '0', '0', '0', '0', '0');
INSERT INTO `jc_content_count` VALUES ('61', '14', '14', '0', '0', '0', '0', '0', '0', '0', '0', '0', '0', '0', '0', '0', '0', '0');
INSERT INTO `jc_content_count` VALUES ('62', '5', '4', '0', '0', '0', '0', '0', '0', '0', '0', '0', '0', '0', '0', '0', '0', '0');
INSERT INTO `jc_content_count` VALUES ('63', '0', '0', '0', '0', '0', '0', '0', '0', '0', '0', '0', '0', '0', '0', '0', '0', '0');
INSERT INTO `jc_content_count` VALUES ('64', '0', '0', '0', '0', '0', '0', '0', '0', '0', '0', '0', '0', '0', '0', '0', '0', '0');
INSERT INTO `jc_content_count` VALUES ('65', '0', '0', '0', '0', '0', '0', '0', '0', '0', '0', '0', '0', '0', '0', '0', '0', '0');
INSERT INTO `jc_content_count` VALUES ('66', '1', '0', '0', '0', '0', '0', '0', '0', '0', '0', '0', '0', '0', '0', '0', '0', '0');
INSERT INTO `jc_content_count` VALUES ('112', '5', '0', '0', '0', '0', '0', '0', '0', '0', '0', '0', '0', '0', '0', '0', '0', '0');
INSERT INTO `jc_content_count` VALUES ('115', '0', '0', '0', '0', '0', '0', '0', '0', '0', '0', '0', '0', '0', '0', '0', '0', '0');
INSERT INTO `jc_content_count` VALUES ('116', '0', '0', '0', '0', '0', '0', '0', '0', '0', '0', '0', '0', '0', '0', '0', '0', '0');
INSERT INTO `jc_content_count` VALUES ('117', '2', '0', '0', '0', '0', '0', '0', '0', '0', '0', '0', '0', '0', '0', '0', '0', '0');
INSERT INTO `jc_content_count` VALUES ('172', '1', '0', '0', '0', '0', '0', '0', '0', '0', '0', '0', '0', '0', '0', '0', '0', '0');
INSERT INTO `jc_content_count` VALUES ('173', '4', '0', '0', '0', '0', '0', '0', '0', '1', '1', '1', '1', '0', '0', '0', '0', '0');
INSERT INTO `jc_content_count` VALUES ('174', '2', '0', '0', '0', '0', '0', '0', '0', '1', '1', '1', '1', '0', '0', '0', '0', '0');
INSERT INTO `jc_content_count` VALUES ('176', '0', '0', '0', '0', '0', '0', '0', '0', '0', '0', '0', '0', '0', '0', '0', '0', '0');
INSERT INTO `jc_content_count` VALUES ('177', '0', '0', '0', '0', '0', '0', '0', '0', '0', '0', '0', '0', '0', '0', '0', '0', '0');
INSERT INTO `jc_content_count` VALUES ('178', '0', '0', '0', '0', '0', '0', '0', '0', '0', '0', '0', '0', '0', '0', '0', '0', '0');
INSERT INTO `jc_content_count` VALUES ('179', '0', '0', '0', '0', '0', '0', '0', '0', '0', '0', '0', '0', '0', '0', '0', '0', '0');
INSERT INTO `jc_content_count` VALUES ('180', '0', '0', '0', '0', '0', '0', '0', '0', '0', '0', '0', '0', '0', '0', '0', '0', '0');
INSERT INTO `jc_content_count` VALUES ('181', '0', '0', '0', '0', '0', '0', '0', '0', '0', '0', '0', '0', '0', '0', '0', '0', '0');
INSERT INTO `jc_content_count` VALUES ('182', '0', '0', '0', '0', '0', '0', '0', '0', '0', '0', '0', '0', '0', '0', '0', '0', '0');
INSERT INTO `jc_content_count` VALUES ('183', '4', '0', '0', '0', '0', '0', '0', '0', '0', '0', '0', '0', '0', '0', '0', '0', '0');
INSERT INTO `jc_content_count` VALUES ('184', '2', '0', '0', '0', '0', '0', '0', '0', '0', '0', '0', '0', '0', '0', '0', '0', '0');
INSERT INTO `jc_content_count` VALUES ('185', '1', '0', '0', '0', '0', '0', '0', '0', '0', '0', '0', '0', '0', '0', '0', '0', '0');
INSERT INTO `jc_content_count` VALUES ('186', '1', '0', '0', '0', '0', '0', '0', '0', '0', '0', '0', '0', '0', '0', '0', '0', '0');
INSERT INTO `jc_content_count` VALUES ('187', '8', '0', '0', '0', '0', '0', '0', '0', '0', '0', '0', '0', '0', '0', '0', '0', '0');
INSERT INTO `jc_content_count` VALUES ('188', '2', '1', '0', '0', '0', '0', '0', '0', '0', '0', '0', '0', '0', '0', '0', '0', '0');
INSERT INTO `jc_content_count` VALUES ('189', '3', '0', '0', '0', '0', '0', '0', '0', '0', '0', '0', '0', '0', '0', '0', '0', '0');
INSERT INTO `jc_content_count` VALUES ('190', '11', '0', '0', '0', '0', '0', '0', '0', '0', '0', '0', '0', '0', '0', '0', '0', '0');
INSERT INTO `jc_content_count` VALUES ('191', '26', '0', '0', '0', '0', '0', '0', '0', '0', '0', '0', '0', '0', '0', '0', '0', '0');
INSERT INTO `jc_content_count` VALUES ('192', '0', '0', '0', '0', '0', '0', '0', '0', '0', '0', '0', '0', '0', '0', '0', '0', '0');
INSERT INTO `jc_content_count` VALUES ('193', '0', '0', '0', '0', '0', '0', '0', '0', '0', '0', '0', '0', '0', '0', '0', '0', '0');
INSERT INTO `jc_content_count` VALUES ('194', '0', '0', '0', '0', '0', '0', '0', '0', '0', '0', '0', '0', '0', '0', '0', '0', '0');
INSERT INTO `jc_content_count` VALUES ('195', '3', '0', '0', '0', '0', '0', '0', '0', '0', '0', '0', '0', '0', '0', '0', '0', '0');
INSERT INTO `jc_content_count` VALUES ('196', '0', '0', '0', '0', '0', '0', '0', '0', '0', '0', '0', '0', '0', '0', '0', '0', '0');
INSERT INTO `jc_content_count` VALUES ('197', '2', '0', '0', '0', '0', '0', '0', '0', '0', '0', '0', '0', '0', '0', '0', '0', '0');
INSERT INTO `jc_content_count` VALUES ('198', '4', '0', '0', '0', '0', '0', '0', '0', '0', '0', '0', '0', '0', '0', '0', '0', '0');
INSERT INTO `jc_content_count` VALUES ('209', '0', '0', '0', '0', '0', '0', '0', '0', '0', '0', '0', '0', '0', '0', '0', '0', '0');
INSERT INTO `jc_content_count` VALUES ('210', '0', '0', '0', '0', '0', '0', '0', '0', '0', '0', '0', '0', '0', '0', '0', '0', '0');
INSERT INTO `jc_content_count` VALUES ('211', '1', '0', '0', '0', '0', '0', '0', '0', '0', '0', '0', '0', '0', '0', '0', '0', '0');
INSERT INTO `jc_content_count` VALUES ('212', '0', '0', '0', '0', '0', '0', '0', '0', '0', '0', '0', '0', '0', '0', '0', '0', '0');
INSERT INTO `jc_content_count` VALUES ('213', '0', '0', '0', '0', '0', '0', '0', '0', '0', '0', '0', '0', '0', '0', '0', '0', '0');
INSERT INTO `jc_content_count` VALUES ('214', '0', '0', '0', '0', '0', '0', '0', '0', '0', '0', '0', '0', '0', '0', '0', '0', '0');
INSERT INTO `jc_content_count` VALUES ('215', '2', '0', '0', '0', '0', '0', '0', '0', '0', '0', '0', '0', '0', '0', '0', '0', '0');
INSERT INTO `jc_content_count` VALUES ('216', '0', '0', '0', '0', '0', '0', '0', '0', '0', '0', '0', '0', '0', '0', '0', '0', '0');
INSERT INTO `jc_content_count` VALUES ('217', '1', '0', '0', '0', '0', '0', '0', '0', '0', '0', '0', '0', '0', '0', '0', '0', '0');
INSERT INTO `jc_content_count` VALUES ('218', '1', '0', '0', '0', '0', '0', '0', '0', '0', '0', '0', '0', '0', '0', '0', '0', '0');
INSERT INTO `jc_content_count` VALUES ('219', '17', '0', '0', '0', '0', '0', '0', '0', '0', '0', '0', '0', '0', '0', '0', '0', '0');
INSERT INTO `jc_content_count` VALUES ('220', '31', '0', '0', '0', '0', '0', '0', '0', '0', '0', '0', '0', '0', '0', '0', '0', '0');
INSERT INTO `jc_content_count` VALUES ('223', '7', '0', '0', '0', '0', '0', '0', '0', '0', '0', '0', '0', '0', '0', '0', '0', '0');
INSERT INTO `jc_content_count` VALUES ('224', '0', '0', '0', '0', '0', '0', '0', '0', '0', '0', '0', '0', '0', '0', '0', '0', '0');
INSERT INTO `jc_content_count` VALUES ('225', '15', '0', '0', '0', '0', '0', '0', '0', '0', '0', '0', '0', '0', '0', '0', '0', '0');
INSERT INTO `jc_content_count` VALUES ('226', '4', '0', '0', '0', '1', '0', '0', '0', '0', '0', '0', '0', '0', '0', '0', '0', '0');
INSERT INTO `jc_content_ext` VALUES ('34', '我国有望后年发射火星探测器', null, null, null, null, '据中国空间技术研究院有关专家介绍，2013年，我国有望利用长征三号乙运载火箭发射自主火星探测器。我国航天工业部门已先期启动了基于探月一二期技术的自主火星探测器研究和方案设计工作，目前正在积极开展技术攻关。据悉，我国自主火星探测器的科学载荷重量达100公斤以上，科学探测能力将大大提高。', null, '2011-01-03 21:38:30', null, null, null, '0', null, null, null, null, null, '0');
INSERT INTO `jc_content_ext` VALUES ('35', '首都机场30个赴欧美航班因欧美暴雪延误', null, null, null, null, null, null, '2011-01-03 21:38:31', null, null, null, '0', null, null, null, null, null, '0');
INSERT INTO `jc_content_ext` VALUES ('36', '江苏建湖县3天发生31起小地震', null, null, null, null, null, null, '2011-01-03 21:38:32', null, null, null, '0', null, null, null, null, null, '0');
INSERT INTO `jc_content_ext` VALUES ('37', '贵州湖南公路路面大面积结冰', null, null, null, null, null, null, '2011-01-03 21:38:33', null, null, null, '0', null, null, null, null, null, '0');
INSERT INTO `jc_content_ext` VALUES ('38', '北京长安街西延长线今年开建', null, null, null, null, null, null, '2011-01-03 21:38:35', null, null, null, '0', null, null, null, null, null, '0');
INSERT INTO `jc_content_ext` VALUES ('39', '婚姻登记信息5年内全国联网 北京等3地今年试点', null, null, null, null, '民政部日前召开婚姻登记规范化视频会议。会上透露，截至目前，全国多个省市婚登机关已实现婚姻登记网上预约、在线查询、婚姻档案信息检索等功能。婚姻登记信息实现省级联网的省份已由2005年的2个增加到现在的23个，省级联网率达到了74%。“十二五”期间，婚姻登记信息将实现全国联网。', null, '2011-01-03 21:38:36', null, null, null, '0', null, null, null, null, null, '0');
INSERT INTO `jc_content_ext` VALUES ('40', '贵州全省仅一条高速部分开放', null, null, null, null, null, null, '2011-01-03 21:38:38', null, null, null, '0', null, null, null, null, null, '0');
INSERT INTO `jc_content_ext` VALUES ('41', '福州厦门等多个城市决定继续执行楼市限购令', null, null, null, null, null, null, '2011-01-03 21:38:39', null, null, null, '0', null, null, null, null, null, '0');
INSERT INTO `jc_content_ext` VALUES ('42', '重庆40余人自驾游因道路结冰受困山间 ', null, null, null, null, null, null, '2011-01-03 21:38:40', null, null, null, '0', null, null, null, null, null, '0');
INSERT INTO `jc_content_ext` VALUES ('43', '重庆2010年挖出涉黑保护伞47人', null, null, null, null, null, null, '2011-01-03 21:38:42', null, null, null, '0', null, null, null, null, null, '0');
INSERT INTO `jc_content_ext` VALUES ('44', '北京城管在官网接受市民评价', null, null, null, null, null, null, '2011-01-03 21:38:45', null, null, null, '0', null, null, null, null, null, '0');
INSERT INTO `jc_content_ext` VALUES ('45', '北京低保人员将须审核财产情况', null, null, null, null, null, null, '2011-01-03 21:38:48', null, null, null, '0', null, null, null, null, null, '0');
INSERT INTO `jc_content_ext` VALUES ('46', '重庆荣昌将在押期间表现纳入量刑情节', null, null, null, null, null, null, '2011-01-03 21:38:49', null, null, null, '0', null, null, null, null, null, '0');
INSERT INTO `jc_content_ext` VALUES ('47', '1月份将上演日偏食等四大天象', null, null, null, null, null, null, '2011-01-03 21:38:51', null, null, null, '0', null, null, null, null, null, '0');
INSERT INTO `jc_content_ext` VALUES ('48', '湖南未来一周仍维持低温雨雪天气', null, null, null, null, null, null, '2011-01-03 21:38:53', null, null, null, '0', null, null, null, null, null, '0');
INSERT INTO `jc_content_ext` VALUES ('49', '江苏建湖连续发生31起地震 部分居民夜里跑出门', null, null, null, null, null, null, '2011-01-03 21:38:54', null, null, null, '0', null, null, null, null, null, '0');
INSERT INTO `jc_content_ext` VALUES ('54', '外媒称欧盟明年或取消对华武器禁运', '外媒称欧盟明年或取消对华武器禁运', null, null, null, '法国主流媒体援引接近欧盟外交高层的话说，欧盟对华武器禁运有望于2011年取消。据悉，欧洲国家对此问题的分歧正在缩小，但是一些东欧国家对此不认同，还有国家要求为解禁提出附加条件。', null, '2011-01-04 11:02:52', null, null, null, '0', null, null, null, null, null, '0');
INSERT INTO `jc_content_ext` VALUES ('55', '日本否认欲建立“日韩同盟”令韩媒体更正(图)', '日本否认欲建立“日韩同盟”', null, null, null, '3日，东北亚地区因为韩朝交火和美韩日密集军事演习引发的紧张气氛尚未消散之际，韩国媒体又爆出“大新闻”，称日本提议建立日韩军事同盟。消息一出来，日本政府赶紧辟谣，称日方并无此意，仅是希望日韩加强在安全保障领域的合作。', null, '2011-01-04 11:04:16', null, null, null, '0', null, null, null, null, null, '0');
INSERT INTO `jc_content_ext` VALUES ('56', '俄罗斯开始大规模裁减公务员 3年将削减两成', '俄罗斯开始大规模裁减公务员', null, null, null, '国际在线报道（驻俄罗斯记者盛晶晶）：3号，俄罗斯总统梅德韦杰夫正式签署一项关于优化联邦国家机关工作人员数量的命令，称联邦政府将在今后3年内削减20%的公务员，并严格控制政府机构的人员增长。这是自苏联解体以来，俄罗斯联邦政府第一次大规模裁减公务员。\r\n', null, '2011-01-04 11:06:23', null, null, null, '0', null, null, null, null, null, '0');
INSERT INTO `jc_content_ext` VALUES ('57', '美国朝鲜问题特使今将抵达韩国开始东亚三国之行', '美国朝鲜问题特使今将抵达韩国开始东亚三国之行', null, null, null, '新年伊始，朝韩半岛局势继续牵动国际社会的目光。今天（4号）下午，美国朝鲜问题特使斯蒂芬·博斯沃思将抵达韩国，就朝鲜半岛局势下一步如何行动展开磋商，这也是他此次中日韩三国访问的第一站。据报道，博斯沃思此次访问的议题可能会涉及六方会谈。那么，对于博思沃斯的访问，韩国国内是怎样一个态度？相关的举动能否在新的一年打开朝鲜半岛局势的新局面？ \r\n', null, '2011-01-04 11:07:34', null, null, null, '0', null, null, '/u/cms/www/201112/17095324wp2z.jpg', null, null, '0');
INSERT INTO `jc_content_ext` VALUES ('58', '著名作家史铁生昨日凌晨突发脑溢血逝世', '著名作家史铁生昨日凌晨突发脑溢血逝世', '新华网', '网易', 'http://www.163.com/', '12月31日凌晨3时，59岁的作家史铁生因脑溢血在北京去世。根据史铁生生前遗愿，他的脊椎、大脑将捐给医学研究；他的肝脏将捐给有需要的患者。史铁生年轻时双腿瘫痪，后来患肾病并发展到尿毒症，一直靠透析维持生命。其著名散文《我与地坛》影响最大，感动无数读者。', null, '2011-01-04 11:10:12', null, null, null, '0', null, null, null, null, null, '0');
INSERT INTO `jc_content_ext` VALUES ('59', '政府网站政风满意率调查公示被曝藏猫腻', '政府网站政风满意率调查公示被曝藏猫腻', null, null, null, '一个政府网站政风行风投票评议公示被网友指出暗藏玄机，依此公示计算即使全票不满意，群众满意率调查也会不低于50%。对此，该地纪委回应称是网络公司搞错了，并迅速将网上公式做了更改。工作人员称，该公式不会影响评选结果，因只统计评分，不会关注满意率。\r\n', null, '2011-01-04 11:12:15', null, null, null, '0', null, null, null, null, null, '0');
INSERT INTO `jc_content_ext` VALUES ('60', '黄山徽州区\"因人设岗\"招聘续:招聘方案全部终止', '黄山徽州区\"因人设岗\"招聘续:招聘方案全部终止', null, null, null, '12月24日，一名网友发帖称黄山市徽州区事业单位招聘为领导子女专设，引起网民热议。1月3日，徽州招聘工作负责人表示，除原定于1月3日进行的面试已经在2日公告取消外，此次事业单位招聘方案目前也已全部终止。当地将完善招聘工作，重新组织实施。', null, '2011-01-04 11:13:25', null, null, null, '0', null, null, null, null, null, '0');
INSERT INTO `jc_content_ext` VALUES ('61', '屠宰场视频曝生猪注水 被拍方称遭诬陷', '屠宰场视频曝生猪注水', null, null, null, '日前，记者收到淄博一市民送来的屠宰场“注水肉”视频。而被拍摄厂家说是被人“诬陷”了，当地主管部门称拍摄者是“自导自演”，警方表示视频拍摄者属“团伙犯罪”，目前已有两人被刑拘。', null, '2011-01-04 11:14:40', null, null, null, '0', null, null, null, null, null, '0');
INSERT INTO `jc_content_ext` VALUES ('62', '深圳保障房跨年丑闻，谁该脸红', '深圳保障房跨年丑闻', null, null, null, '深圳市第二次保障性住房从名单初审到终审，形式上遮遮掩掩，内容中问题成堆，有关部门未能真正按照制度和规则办事，未能反映出“公生明、廉生威”式的磊落坦荡。\r\n', null, '2011-01-04 11:16:01', null, null, null, '0', null, null, null, null, null, '0');
INSERT INTO `jc_content_ext` VALUES ('63', '“被走过场”的民调如何硬气起来', '“被走过场”的民调如何硬气起来', null, null, null, '要让“被走过场”的民调硬气起来，关键还得在程序的公正与透明上下功夫。', null, '2011-01-04 11:17:04', null, null, null, '0', null, null, null, null, null, '0');
INSERT INTO `jc_content_ext` VALUES ('64', '校车，如何让家长放心？', '校车，如何让家长放心？', null, null, null, '尊重孩子的生命，呵护孩子的安全，起码得建造坚固的校舍，起码让孩子坐上安全的校车，如果没有这些基本的硬件，一切皆是虚妄之谈。', null, '2011-01-04 11:18:39', null, null, null, '0', null, null, null, null, null, '0');
INSERT INTO `jc_content_ext` VALUES ('65', '郭松民 ：勤奋工作赶不上物价涨幅 ', '郭松民 ：勤奋工作赶不上物价涨幅 ', null, null, null, '通胀问题根本上是一个宏观经济政策问题，因此也应该通过政府的宏观调控来解决，各国皆然，从来没有哪个国家是靠号召民众通过“勤奋工作”来应对通胀的。', null, '2011-01-04 11:19:33', null, null, null, '0', null, null, null, null, null, '0');
INSERT INTO `jc_content_ext` VALUES ('66', '叶檀：警惕以城市化名义剥夺农民土地红利 ', '叶檀：警惕以城市化名义剥夺农民土地红利 ', null, null, null, '中国目前紧锣密鼓的城市化进程，事实上是1949年之后的另一次土改。当年的土改是将土地分到农民手中，公社时期前后则是将土地集中国有化，现在的土改主要是将集体土地重新流入市场进行财富再分配。', null, '2011-01-04 11:20:15', null, null, null, '0', null, null, null, null, null, '0');
INSERT INTO `jc_content_ext` VALUES ('112', '宇通客车总裁汤玉祥：不会拓展轿车业务', '宇通客车总裁汤玉祥', null, null, null, '2010年12月27日，几位来自东北的宇通客户因为及时提到了车，在宇通大厦楼上的餐厅推杯换盏，喜形于色，还有一些来自天南海北的客户不得不选择在专门针对客户营业的宇通大厦客房里入住，等待提车的消息。', null, '2011-01-04 13:43:07', null, null, null, '0', null, null, null, null, null, '0');
INSERT INTO `jc_content_ext` VALUES ('115', '传Facebook获高盛5亿美元投资 估值达500亿美元', '传Facebook获高盛5亿美元投资 估值达500亿美元', null, null, null, '据知情人士周一表示，美国著名社交网站Facebook已经从高盛集团和德国的一家投资公司Digital Sky Technologies手中获得了5亿美元的投资。', null, '2011-01-04 13:44:49', null, null, null, '0', null, null, null, null, null, '0');
INSERT INTO `jc_content_ext` VALUES ('116', '大佬们的新年：李开复等回老家 李瑜三亚奇遇', '大佬们的新年', null, null, null, '热闹的2010年过去了，伴随着各式各样的盘点，给力的，V5的，淡定……', null, '2011-01-04 13:46:10', null, null, null, '0', null, null, null, null, null, '0');
INSERT INTO `jc_content_ext` VALUES ('117', '百姓网王建硕：分类网站关键在于规模化服务', '百姓网王建硕', null, null, null, '“分类广告是人类的基本需求，只是现在把原本放在平面媒体上的分类信息搬到互联网上而已，‘在线分类＋社区互动’给了分类广告新的生存平台。”', null, '2011-01-04 13:48:04', null, null, null, '0', null, null, null, null, null, '0');
INSERT INTO `jc_content_ext` VALUES ('172', '酷乐影音', '酷乐影音2010 1.0.3.6', null, null, null, '随点随看', null, '2011-01-04 14:34:23', null, null, null, '0', '/u/cms/www/201112/19141318apz1.jpg', 'http://img.duote.com/softImg/soft/25902_s.jpg', null, null, null, '1');
INSERT INTO `jc_content_ext` VALUES ('173', '千千静听', '千千静听(TTPlayer) V5.7 BETA1', null, null, null, '千千静听是一款完全免费的音乐播放软件，拥有自主研发的全新音频引擎，集播放、音效、转换、歌词等众多功能于一身。其小巧精致、操作简捷、功能强大的特点，深得用户喜爱，被网友评为中国十大优秀软件之一，并且成为目前国内最受欢迎的音乐播放软件。', null, '2011-01-04 14:44:02', null, null, null, '0', '/u/cms/www/201112/19141200ip5c.jpg', 'http://ttplayer.qianqian.com/upload/100902/100902162707s.jpg', null, null, null, '1');
INSERT INTO `jc_content_ext` VALUES ('174', '谷歌浏览器', '谷歌浏览器(Google Chrome) V6.0.447.0 Beta', null, null, null, '谷歌浏览器', null, '2011-01-04 14:44:59', null, null, null, '0', '/u/cms/www/201112/19140340fri2.jpg', 'http://img.duote.com/softImg/soft/5897_s.jpg', null, null, null, '1');
INSERT INTO `jc_content_ext` VALUES ('176', '美国国家地理评2010年最佳太空图片', '国家地理最佳太空图片', null, null, null, '包括曼谷上空日环食、哈勃太空望远镜拍摄的神秘山等壮观景象。', null, '2011-01-04 14:55:11', null, null, null, '0', 'http://img1.cache.netease.com/cnews/2010/11/11/20101111142555e4f00.jpg', null, 'http://img2.cache.netease.com/cnews/2010/12/6/201012061800268136c.jpg', null, null, '1');
INSERT INTO `jc_content_ext` VALUES ('177', '外太空鸟瞰地球河流', '外太空鸟瞰地球河流', null, null, null, '这些旖旎的风景，从一个侧面反映出了气候对地球环境的影响。', null, '2011-01-04 14:56:38', null, null, null, '0', 'http://img1.cache.netease.com/cnews/2010/11/11/20101111142555e4f00.jpg', null, 'http://img1.cache.netease.com/cnews/2010/11/11/20101111142555e4f00.jpg', null, null, '1');
INSERT INTO `jc_content_ext` VALUES ('178', '抓拍彗星划过洛城夜空', '抓拍彗星划过洛城夜空', null, null, null, '11月9日，美国洛杉矶，池谷—村上彗星划过夜空。', null, '2011-01-04 14:57:29', null, null, null, '0', 'http://img2.cache.netease.com/cnews/2010/11/19/20101119150339508b6.jpg', null, 'http://img2.cache.netease.com/cnews/2010/11/19/20101119150339508b6.jpg', null, null, '1');
INSERT INTO `jc_content_ext` VALUES ('179', '微观摄影赛获奖作品选', '微观摄影赛获奖作品选', null, null, null, '微观世界摄影大赛公布2010年获奖者名单,展示了一场视觉盛宴。', null, '2011-01-04 14:58:20', null, null, null, '0', 'http://img1.cache.netease.com/cnews/2010/10/23/2010102315250086ae8.jpg', null, 'http://img1.cache.netease.com/cnews/2010/10/23/2010102315250086ae8.jpg', null, null, '1');
INSERT INTO `jc_content_ext` VALUES ('180', '镜头下的梦幻冰川洞穴', '镜头下的梦幻冰川洞穴', null, null, null, '这些怪异的冰川洞穴中环境温度有时会低至-20度以下', null, '2011-01-04 14:59:06', null, null, null, '0', 'http://img1.cache.netease.com/cnews/2010/10/20/2010102010384818a9e.jpg', null, 'http://img1.cache.netease.com/cnews/2010/10/20/2010102010384818a9e.jpg', null, null, '1');
INSERT INTO `jc_content_ext` VALUES ('181', '微距下的昆虫之美', '微距下的昆虫之美', null, null, null, '在微距摄影师约翰·霍尔门看来，昆虫隐藏着数不清的魅力。', null, '2011-01-04 14:59:48', null, null, null, '0', 'http://img2.cache.netease.com/cnews/2010/10/20/20101020101550c3f85.jpg', null, 'http://img2.cache.netease.com/cnews/2010/10/20/20101020101550c3f85.jpg', null, null, '1');
INSERT INTO `jc_content_ext` VALUES ('182', '美国迎来秋天狩猎季', '美国迎来秋天狩猎季', null, null, null, '对于数百万美国人来说，秋天是狩猎季节的开始。', null, '2011-01-04 15:00:32', null, null, null, '0', 'http://img2.cache.netease.com/cnews/2010/9/16/201009161706524bdbc.jpg', null, 'http://img2.cache.netease.com/cnews/2010/9/28/201009281459528f697.jpg', null, null, '1');
INSERT INTO `jc_content_ext` VALUES ('183', '艺术家创石头平衡术', '艺术家创石头平衡术', null, null, null, '据英国《每日邮报》报道，英国艺术家阿德里安·格雷在海滩上利用石头创造出令人惊奇的艺术作品。', null, '2011-01-04 15:01:43', null, null, null, '0', 'http://img2.cache.netease.com/cnews/2010/9/16/201009161706524bdbc.jpg', null, 'http://img2.cache.netease.com/cnews/2010/9/16/201009161706524bdbc.jpg', null, null, '1');
INSERT INTO `jc_content_ext` VALUES ('184', '印尼海底发现新物种', '印尼海底发现新物种', null, null, null, '当地时间8月26日，由印度尼西亚和美国科学家组成的探险小组宣布，他们利用无人遥控潜水器在对印尼苏拉威西岛附近的卡维奥巴拉特海底火山勘测时，意外发现一批新的海洋生物。', null, '2011-01-04 15:03:31', null, null, null, '0', 'http://img2.cache.netease.com/cnews/2010/8/30/2010083015190967339.jpg', null, 'http://img2.cache.netease.com/cnews/2010/8/30/2010083015190967339.jpg', null, null, '1');
INSERT INTO `jc_content_ext` VALUES ('185', '首位机器宇航员将服役', '首位机器宇航员将服役', null, null, null, '2010年9月，“机器宇航员2号”将有可能前往国际空间站。该机器人成员的主要工作任务在于执行国际空间站中危险及重复的太空作业，以节省人手和时间使得空间站的其他宇航员可以从事其他太空研究工作.', null, '2011-01-04 15:04:31', null, null, null, '0', 'http://img1.cache.netease.com/cnews/2010/8/13/2010081315365844b74.jpg', null, 'http://img1.cache.netease.com/cnews/2010/8/13/2010081315365844b74.jpg', null, null, '1');
INSERT INTO `jc_content_ext` VALUES ('186', '谎言：日本科研捕鲸', '谎言：日本科研捕鲸', null, null, null, '2010年6月25日世界捕鲸委员会（IWC）年度大会在摩洛哥阿迪加尔闭幕，这次原本旨在达成新的捕鲸管理法规的国际努力最终无果而终。这意味着，日本依然可以“科研捕鲸”的借口每年捕杀1500头鲸，其中包括在南大洋鲸类禁猎区捕鲸。', null, '2011-01-04 15:05:34', null, null, null, '0', 'http://img1.cache.netease.com/cnews/2010/6/30/201006301150090b875.jpg', null, 'http://img1.cache.netease.com/cnews/2010/6/30/201006301150090b875.jpg', null, null, '1');
INSERT INTO `jc_content_ext` VALUES ('187', '农场上的狂欢：欧洲最大的音乐节', '欧洲最大的音乐节', null, null, null, '6月23日第四十届格拉斯顿伯里音乐节在英国格拉斯顿伯里的沃西农场开幕。由奶农迈克尔·伊维斯于1970年创办的音乐节，如今已成为欧洲最大的音乐节。', null, '2011-01-04 15:06:52', null, null, null, '0', 'http://img1.cache.netease.com/cnews/2010/7/1/20100701105023f6a14.jpg', null, 'http://img1.cache.netease.com/cnews/2010/7/1/20100701105023f6a14.jpg', null, null, '1');
INSERT INTO `jc_content_ext` VALUES ('188', '世界各地迎接2011新年', '世界各地迎接2011新年', null, null, null, '2011年在全球各地逐渐揭开面纱，庆贺新年伊始是世界各国各地区的普遍习俗，各地民众纷纷以各种庆祝活动迎接新年的到来。', null, '2011-01-04 15:13:44', null, null, null, '0', null, null, 'http://img1.cache.netease.com/cnews/2011/1/1/201101011535122ec4b.jpg', null, null, '0');
INSERT INTO `jc_content_ext` VALUES ('189', '一段用生命写出来的故事 讲述了一个简单的环岛梦', null, null, null, null, '改编自台湾真人实事的故事《百万步的爱》,纪录著一个男人在妻子罹患小脑萎缩症多年後,仍不离不弃、并实践年轻时的承诺,推著轮椅上的妻子环岛...', null, '2011-12-17 14:06:55', null, null, null, '0', '/u/cms/www/201112/17141056zbjl.jpg', null, '/u/cms/www/201112/171410455sqq.jpg', null, null, '1');
INSERT INTO `jc_content_ext` VALUES ('190', '2011岁末催泪大戏《倾城之泪》', null, null, null, null, '黄真真执导的催泪爱情巨制《倾城之泪》,以“三滴泪”的形式诠释三段动人的爱情故事,三对白色恋人轮番凄美恋情,打造“史上最感人的爱情催泪大戏”...', null, '2011-12-17 14:12:57', null, null, null, '0', '/u/cms/www/201112/17141341je98.jpg', null, '/u/cms/www/201112/17141320s4xy.jpg', null, null, '1');
INSERT INTO `jc_content_ext` VALUES ('191', '演史上最长贺岁大片 文章携汤唯黄渤欢乐声援', null, null, null, null, '故事以两个好朋友在寻找多年不见的好兄弟兰彻的过程中展开的回忆.讲述十年前兰彻顶替他人来到皇家工程学院读书...', null, '2011-12-17 14:16:07', null, null, null, '0', '/u/cms/www/201112/17141604lrhh.jpg', null, '/u/cms/www/201112/171415447op5.jpg', null, null, '1');
INSERT INTO `jc_content_ext` VALUES ('192', '婚礼上最倒霉十大新郎', null, null, null, null, '婚礼上最倒霉十大新郎', null, '2011-12-17 15:45:32', '/u/cms/www/201112/17165616uvy4.swf', 'FLASH', null, '0', null, null, '/u/cms/www/201112/171545290lr9.jpg', null, null, '0');
INSERT INTO `jc_content_ext` VALUES ('193', '婚礼上最倒霉十大新郎', null, null, null, null, '婚礼上最倒霉十大新郎', null, '2011-12-17 16:11:27', '/u/cms/www/201112/17165616uvy4.swf', 'FLASH', null, '0', null, null, '/u/cms/www/201112/17161125k5kt.jpg', null, null, '0');
INSERT INTO `jc_content_ext` VALUES ('194', '婚礼上最倒霉十大新郎', null, null, null, null, '婚礼上最倒霉十大新郎', null, '2011-12-17 16:11:41', '/u/cms/www/201112/17165616uvy4.swf', 'FLASH', null, '0', null, null, '/u/cms/www/201112/171611397af9.jpg', null, null, '0');
INSERT INTO `jc_content_ext` VALUES ('195', '婚礼上最倒霉十大新郎', null, null, null, null, '婚礼上最倒霉十大新郎', null, '2011-12-17 16:12:30', '/u/cms/www/201112/17165616uvy4.swf', 'FLASH', null, '0', null, null, '/u/cms/www/201112/171612286b6w.jpg', null, null, '0');
INSERT INTO `jc_content_ext` VALUES ('196', '婚礼上最倒霉十大新郎', null, null, null, null, '婚礼上最倒霉十大新郎', null, '2011-12-17 16:12:44', '/u/cms/www/201112/17165616uvy4.swf', 'FLASH', null, '0', null, null, '/u/cms/www/201112/17161242nbqp.jpg', null, null, '0');
INSERT INTO `jc_content_ext` VALUES ('197', '婚礼上最倒霉十大新郎', null, null, null, null, '婚礼上最倒霉十大新郎', null, '2011-12-17 16:12:55', '/u/cms/www/201112/17165616uvy4.swf', 'FLASH', null, '0', null, null, '/u/cms/www/201112/171612535rhr.jpg', null, null, '0');
INSERT INTO `jc_content_ext` VALUES ('198', '婚礼上最倒霉十大新郎', null, null, null, null, null, null, '2011-12-17 16:13:26', '/u/cms/www/201112/17165616uvy4.swf', 'FLASH', null, '0', null, null, '/u/cms/www/201112/17161324z8jn.jpg', null, null, '0');
INSERT INTO `jc_content_ext` VALUES ('209', '好搞笑的视频', null, null, null, null, null, null, '2011-12-17 16:56:26', '/u/cms/www/201112/17165616uvy4.swf', 'FLASH', null, '0', null, null, '/u/cms/www/201112/17161324z8jn.jpg', null, null, '0');
INSERT INTO `jc_content_ext` VALUES ('210', 'jeecms视频教程', null, null, null, null, 'jeecms视频教程', null, '2011-12-17 16:59:57', '/u/cms/www/201112/17165616uvy4.swf', 'FLASH', null, '0', null, null, '/u/cms/www/201112/17161324z8jn.jpg', null, null, '0');
INSERT INTO `jc_content_ext` VALUES ('211', 'jeecms要发视频教程了', null, null, null, null, 'jeecms要发视频教程了', null, '2011-12-17 17:00:14', '/u/cms/www/201112/17165616uvy4.swf', 'FLASH', null, '0', null, null, '/u/cms/www/201112/17161324z8jn.jpg', null, null, '0');
INSERT INTO `jc_content_ext` VALUES ('212', '超级火爆的恶搞视频', null, null, null, null, '超级火爆的恶搞视频', null, '2011-12-17 17:01:18', '/u/cms/www/201112/17165616uvy4.swf', 'FLASH', null, '0', null, null, '/u/cms/www/201112/17161324z8jn.jpg', null, null, '0');
INSERT INTO `jc_content_ext` VALUES ('213', '视频功能很强大啊', null, null, null, null, '视频功能很强大啊', null, '2011-12-17 17:01:50', '/u/cms/www/201112/17165616uvy4.swf', 'FLASH', null, '0', null, null, '/u/cms/www/201112/17161324z8jn.jpg', null, null, '0');
INSERT INTO `jc_content_ext` VALUES ('214', '测试一下视频功能', null, null, null, null, '测试一下视频功能', null, '2011-12-17 17:02:03', '/u/cms/www/201112/17165616uvy4.swf', 'FLASH', null, '0', null, null, '/u/cms/www/201112/17161324z8jn.jpg', null, null, '0');
INSERT INTO `jc_content_ext` VALUES ('215', '果然很有才', null, null, null, null, '果然很有才', null, '2011-12-17 17:02:20', '/u/cms/www/201112/17165616uvy4.swf', 'FLASH', null, '0', null, null, '/u/cms/www/201112/17161324z8jn.jpg', null, null, '0');
INSERT INTO `jc_content_ext` VALUES ('216', '我爱jeecms', null, null, null, null, null, null, '2011-12-17 17:05:34', '/u/cms/www/201112/17165616uvy4.swf', 'FLASH', null, '0', null, null, '/u/cms/www/201112/17161324z8jn.jpg', null, null, '0');
INSERT INTO `jc_content_ext` VALUES ('217', 'hold不住了', null, null, null, null, 'hold不住了', null, '2011-12-17 17:07:05', '/u/cms/www/201112/17165616uvy4.swf', 'FLASH', null, '0', null, null, '/u/cms/www/201112/17161324z8jn.jpg', null, null, '0');
INSERT INTO `jc_content_ext` VALUES ('218', '视频功能多好啊', null, null, null, null, '视频功能多好啊', null, '2011-12-17 17:08:21', '/u/cms/www/201112/17165616uvy4.swf', 'FLASH', null, '0', null, null, '/u/cms/www/201112/171612286b6w.jpg', null, null, '0');
INSERT INTO `jc_content_ext` VALUES ('219', '玩的很开心啊', null, null, null, null, '玩的很开心啊', null, '2011-12-17 17:09:29', '/u/cms/www/201112/17165616uvy4.swf', 'FLASH', null, '0', null, null, '/u/cms/www/201112/171612286b6w.jpg', null, null, '0');
INSERT INTO `jc_content_ext` VALUES ('220', 'jeecms2012来啦', null, null, null, null, 'jeecms2012来啦', null, '2011-12-17 17:10:57', '/u/cms/www/201112/17165616uvy4.swf', 'FLASH', null, '0', null, null, '/u/cms/www/201112/171612286b6w.jpg', null, null, '0');
INSERT INTO `jc_content_ext` VALUES ('223', '冬日的温暖', '冬日的温暖', null, null, null, '冬日的温暖', null, '2011-12-17 17:21:16', null, null, null, '0', null, null, '/u/cms/www/201112/171415447op5.jpg', null, null, '1');
INSERT INTO `jc_content_ext` VALUES ('224', '冬日写真', null, null, null, null, null, null, '2011-12-17 17:25:18', null, null, null, '0', null, null, '/u/cms/www/201112/171415447op5.jpg', null, null, '1');
INSERT INTO `jc_content_ext` VALUES ('225', '演史上最长贺岁大片', null, null, null, null, '故事以两个好朋友在寻找多年不见的好兄弟兰彻的过程中展开的回忆.讲述十年前兰彻顶替他人来到皇家工程学院读书...', null, '2011-12-17 17:27:30', null, null, null, '0', '/u/cms/www/201112/17141604lrhh.jpg', null, '/u/cms/www/201112/171415447op5.jpg', null, null, '1');
INSERT INTO `jc_content_ext` VALUES ('226', '市场短期反弹需求强烈 可稳健加仓六只基金', null, null, null, null, null, null, '2011-12-19 08:30:48', null, null, null, '0', null, null, null, null, null, '0');
INSERT INTO `jc_content_picture` VALUES ('184', '0', 'http://img2.cache.netease.com/cnews/2010/8/30/2010083015190967339.jpg', '');
INSERT INTO `jc_content_picture` VALUES ('184', '1', 'http://img2.cache.netease.com/cnews/2010/8/30/2010083015190967339.jpg', '');
INSERT INTO `jc_content_picture` VALUES ('184', '2', 'http://img2.cache.netease.com/cnews/2010/8/30/2010083015190967339.jpg', '');
INSERT INTO `jc_content_picture` VALUES ('184', '3', 'http://img2.cache.netease.com/cnews/2010/8/30/2010083015190967339.jpg', '');
INSERT INTO `jc_content_picture` VALUES ('185', '0', '/u/cms/www/201112/19112627baql.jpg', '');
INSERT INTO `jc_content_picture` VALUES ('185', '1', '/u/cms/www/201112/19112627baql.jpg', '');
INSERT INTO `jc_content_picture` VALUES ('185', '2', '/u/cms/www/201112/19112627baql.jpg', '');
INSERT INTO `jc_content_picture` VALUES ('185', '3', '/u/cms/www/201112/19112627baql.jpg', '');
INSERT INTO `jc_content_picture` VALUES ('186', '0', '/u/cms/www/201112/19112627baql.jpg', '');
INSERT INTO `jc_content_picture` VALUES ('186', '1', '/u/cms/www/201112/19112627baql.jpg', '');
INSERT INTO `jc_content_picture` VALUES ('186', '2', '/u/cms/www/201112/19112627baql.jpg', '');
INSERT INTO `jc_content_picture` VALUES ('186', '3', '/u/cms/www/201112/19112627baql.jpg', '');
INSERT INTO `jc_content_picture` VALUES ('187', '0', '/u/cms/www/201112/19112627baql.jpg', '');
INSERT INTO `jc_content_picture` VALUES ('187', '1', '/u/cms/www/201112/19112627baql.jpg', '');
INSERT INTO `jc_content_picture` VALUES ('187', '2', '/u/cms/www/201112/19112627baql.jpg', '');
INSERT INTO `jc_content_picture` VALUES ('187', '3', '/u/cms/www/201112/19112627baql.jpg', '');
INSERT INTO `jc_content_picture` VALUES ('189', '0', '/u/cms/www/201112/17171653nfp8.jpg', '动态');
INSERT INTO `jc_content_picture` VALUES ('189', '1', '/u/cms/www/201112/171717039zq7.jpg', '动态');
INSERT INTO `jc_content_picture` VALUES ('189', '2', '/u/cms/www/201112/17171709jdjw.jpg', '动态');
INSERT INTO `jc_content_picture` VALUES ('189', '3', '/u/cms/www/201112/17171716ivqv.jpg', '动态');
INSERT INTO `jc_content_picture` VALUES ('190', '0', '/u/cms/www/201112/17171653nfp8.jpg', '很好看');
INSERT INTO `jc_content_picture` VALUES ('190', '1', '/u/cms/www/201112/171717039zq7.jpg', '很好看');
INSERT INTO `jc_content_picture` VALUES ('190', '2', '/u/cms/www/201112/17171709jdjw.jpg', '很好看');
INSERT INTO `jc_content_picture` VALUES ('190', '3', '/u/cms/www/201112/17171716ivqv.jpg', '很好看');
INSERT INTO `jc_content_picture` VALUES ('191', '0', '/u/cms/www/201112/17171653nfp8.jpg', '好美');
INSERT INTO `jc_content_picture` VALUES ('191', '1', '/u/cms/www/201112/171717039zq7.jpg', '好美');
INSERT INTO `jc_content_picture` VALUES ('191', '2', '/u/cms/www/201112/17171709jdjw.jpg', '好美');
INSERT INTO `jc_content_picture` VALUES ('191', '3', '/u/cms/www/201112/17171716ivqv.jpg', '好美');
INSERT INTO `jc_content_picture` VALUES ('223', '0', '/u/cms/www/201112/17171653nfp8.jpg', '');
INSERT INTO `jc_content_picture` VALUES ('223', '1', '/u/cms/www/201112/171717039zq7.jpg', '');
INSERT INTO `jc_content_picture` VALUES ('223', '2', '/u/cms/www/201112/17171709jdjw.jpg', '');
INSERT INTO `jc_content_picture` VALUES ('223', '3', '/u/cms/www/201112/17171716ivqv.jpg', '');
INSERT INTO `jc_content_picture` VALUES ('224', '0', '/u/cms/www/201112/17171653nfp8.jpg', '');
INSERT INTO `jc_content_picture` VALUES ('224', '1', '/u/cms/www/201112/171717039zq7.jpg', '');
INSERT INTO `jc_content_picture` VALUES ('224', '2', '/u/cms/www/201112/17171709jdjw.jpg', '');
INSERT INTO `jc_content_picture` VALUES ('224', '3', '/u/cms/www/201112/17171716ivqv.jpg', '');
INSERT INTO `jc_content_picture` VALUES ('225', '0', '/u/cms/www/201112/17171653nfp8.jpg', '');
INSERT INTO `jc_content_picture` VALUES ('225', '1', '/u/cms/www/201112/171717039zq7.jpg', '');
INSERT INTO `jc_content_picture` VALUES ('225', '2', '/u/cms/www/201112/17171709jdjw.jpg', '');
INSERT INTO `jc_content_picture` VALUES ('225', '3', '/u/cms/www/201112/17171716ivqv.jpg', '');
INSERT INTO `jc_content_tag` VALUES ('7129', '我国', '1');
INSERT INTO `jc_content_tag` VALUES ('7130', '国有', '1');
INSERT INTO `jc_content_tag` VALUES ('7131', '有望', '1');
INSERT INTO `jc_content_tag` VALUES ('7132', '后年', '1');
INSERT INTO `jc_content_tag` VALUES ('7133', '发射', '1');
INSERT INTO `jc_content_tag` VALUES ('7134', '火星', '1');
INSERT INTO `jc_content_tag` VALUES ('7135', '探测器', '1');
INSERT INTO `jc_content_tag` VALUES ('7136', '探测', '1');
INSERT INTO `jc_content_tag` VALUES ('7137', '首都机场', '1');
INSERT INTO `jc_content_tag` VALUES ('7138', '首都', '1');
INSERT INTO `jc_content_tag` VALUES ('7139', '机场', '1');
INSERT INTO `jc_content_tag` VALUES ('7140', '30', '1');
INSERT INTO `jc_content_tag` VALUES ('7141', '欧美', '2');
INSERT INTO `jc_content_tag` VALUES ('7142', '航班', '1');
INSERT INTO `jc_content_tag` VALUES ('7143', '暴雪', '1');
INSERT INTO `jc_content_tag` VALUES ('7144', '延误', '1');
INSERT INTO `jc_content_tag` VALUES ('7145', '江苏', '2');
INSERT INTO `jc_content_tag` VALUES ('7146', '建湖县', '1');
INSERT INTO `jc_content_tag` VALUES ('7147', '建湖', '2');
INSERT INTO `jc_content_tag` VALUES ('7148', '发生', '2');
INSERT INTO `jc_content_tag` VALUES ('7149', '31', '2');
INSERT INTO `jc_content_tag` VALUES ('7150', '地震', '2');
INSERT INTO `jc_content_tag` VALUES ('7151', '贵州', '2');
INSERT INTO `jc_content_tag` VALUES ('7152', '湖南', '2');
INSERT INTO `jc_content_tag` VALUES ('7153', '公路', '1');
INSERT INTO `jc_content_tag` VALUES ('7154', '路面', '1');
INSERT INTO `jc_content_tag` VALUES ('7155', '大面积', '1');
INSERT INTO `jc_content_tag` VALUES ('7156', '大面', '1');
INSERT INTO `jc_content_tag` VALUES ('7157', '面积', '1');
INSERT INTO `jc_content_tag` VALUES ('7158', '结冰', '2');
INSERT INTO `jc_content_tag` VALUES ('7159', '北京', '4');
INSERT INTO `jc_content_tag` VALUES ('7160', '长安街', '1');
INSERT INTO `jc_content_tag` VALUES ('7161', '长安', '1');
INSERT INTO `jc_content_tag` VALUES ('7162', '延长线', '1');
INSERT INTO `jc_content_tag` VALUES ('7163', '延长', '1');
INSERT INTO `jc_content_tag` VALUES ('7164', '长线', '1');
INSERT INTO `jc_content_tag` VALUES ('7165', '今年', '2');
INSERT INTO `jc_content_tag` VALUES ('7166', '开建', '1');
INSERT INTO `jc_content_tag` VALUES ('7167', '婚姻登记', '1');
INSERT INTO `jc_content_tag` VALUES ('7168', '婚姻', '1');
INSERT INTO `jc_content_tag` VALUES ('7169', '登记', '1');
INSERT INTO `jc_content_tag` VALUES ('7170', '信息', '1');
INSERT INTO `jc_content_tag` VALUES ('7171', '年内', '1');
INSERT INTO `jc_content_tag` VALUES ('7172', '全国联网', '1');
INSERT INTO `jc_content_tag` VALUES ('7173', '全国', '1');
INSERT INTO `jc_content_tag` VALUES ('7174', '国联', '1');
INSERT INTO `jc_content_tag` VALUES ('7175', '联网', '2');
INSERT INTO `jc_content_tag` VALUES ('7176', '试点', '1');
INSERT INTO `jc_content_tag` VALUES ('7177', '全省', '1');
INSERT INTO `jc_content_tag` VALUES ('7178', '一条', '1');
INSERT INTO `jc_content_tag` VALUES ('7179', '高速', '1');
INSERT INTO `jc_content_tag` VALUES ('7180', '部分', '2');
INSERT INTO `jc_content_tag` VALUES ('7181', '分开', '1');
INSERT INTO `jc_content_tag` VALUES ('7182', '开放', '1');
INSERT INTO `jc_content_tag` VALUES ('7183', '福州', '1');
INSERT INTO `jc_content_tag` VALUES ('7184', '厦门', '1');
INSERT INTO `jc_content_tag` VALUES ('7185', '多个', '1');
INSERT INTO `jc_content_tag` VALUES ('7186', '城市', '2');
INSERT INTO `jc_content_tag` VALUES ('7187', '决定', '1');
INSERT INTO `jc_content_tag` VALUES ('7188', '继续', '1');
INSERT INTO `jc_content_tag` VALUES ('7189', '执行', '1');
INSERT INTO `jc_content_tag` VALUES ('7190', '楼市', '1');
INSERT INTO `jc_content_tag` VALUES ('7191', '限购', '1');
INSERT INTO `jc_content_tag` VALUES ('7192', '重庆', '3');
INSERT INTO `jc_content_tag` VALUES ('7193', '40余', '1');
INSERT INTO `jc_content_tag` VALUES ('7194', '40', '1');
INSERT INTO `jc_content_tag` VALUES ('7195', '余人', '1');
INSERT INTO `jc_content_tag` VALUES ('7196', '自驾游', '1');
INSERT INTO `jc_content_tag` VALUES ('7197', '自驾', '1');
INSERT INTO `jc_content_tag` VALUES ('7198', '道路', '1');
INSERT INTO `jc_content_tag` VALUES ('7199', '山间', '1');
INSERT INTO `jc_content_tag` VALUES ('7200', '2010', '2');
INSERT INTO `jc_content_tag` VALUES ('7201', '挖出', '1');
INSERT INTO `jc_content_tag` VALUES ('7202', '保护伞', '1');
INSERT INTO `jc_content_tag` VALUES ('7203', '保护', '1');
INSERT INTO `jc_content_tag` VALUES ('7204', '47', '1');
INSERT INTO `jc_content_tag` VALUES ('7205', '北京城', '1');
INSERT INTO `jc_content_tag` VALUES ('7206', '京城', '1');
INSERT INTO `jc_content_tag` VALUES ('7207', '城管', '1');
INSERT INTO `jc_content_tag` VALUES ('7208', '接受', '1');
INSERT INTO `jc_content_tag` VALUES ('7209', '市民', '1');
INSERT INTO `jc_content_tag` VALUES ('7210', '评价', '1');
INSERT INTO `jc_content_tag` VALUES ('7211', '低保', '1');
INSERT INTO `jc_content_tag` VALUES ('7212', '保人', '1');
INSERT INTO `jc_content_tag` VALUES ('7213', '人员', '1');
INSERT INTO `jc_content_tag` VALUES ('7214', '审核', '1');
INSERT INTO `jc_content_tag` VALUES ('7215', '财产', '1');
INSERT INTO `jc_content_tag` VALUES ('7216', '情况', '1');
INSERT INTO `jc_content_tag` VALUES ('7217', '荣昌', '1');
INSERT INTO `jc_content_tag` VALUES ('7218', '将在', '1');
INSERT INTO `jc_content_tag` VALUES ('7219', '在押', '1');
INSERT INTO `jc_content_tag` VALUES ('7220', '期间', '1');
INSERT INTO `jc_content_tag` VALUES ('7221', '表现', '1');
INSERT INTO `jc_content_tag` VALUES ('7222', '纳入', '1');
INSERT INTO `jc_content_tag` VALUES ('7223', '量刑', '1');
INSERT INTO `jc_content_tag` VALUES ('7224', '情节', '1');
INSERT INTO `jc_content_tag` VALUES ('7225', '月份', '1');
INSERT INTO `jc_content_tag` VALUES ('7226', '将上', '1');
INSERT INTO `jc_content_tag` VALUES ('7227', '上演', '1');
INSERT INTO `jc_content_tag` VALUES ('7228', '日偏食', '1');
INSERT INTO `jc_content_tag` VALUES ('7229', '偏食', '1');
INSERT INTO `jc_content_tag` VALUES ('7230', '四大', '1');
INSERT INTO `jc_content_tag` VALUES ('7231', '天象', '1');
INSERT INTO `jc_content_tag` VALUES ('7232', '未来', '1');
INSERT INTO `jc_content_tag` VALUES ('7233', '一周', '1');
INSERT INTO `jc_content_tag` VALUES ('7234', '维持', '1');
INSERT INTO `jc_content_tag` VALUES ('7235', '低温', '1');
INSERT INTO `jc_content_tag` VALUES ('7236', '雨雪', '1');
INSERT INTO `jc_content_tag` VALUES ('7237', '雪天', '1');
INSERT INTO `jc_content_tag` VALUES ('7238', '天气', '1');
INSERT INTO `jc_content_tag` VALUES ('7239', '连续', '1');
INSERT INTO `jc_content_tag` VALUES ('7240', '分居', '1');
INSERT INTO `jc_content_tag` VALUES ('7241', '居民', '1');
INSERT INTO `jc_content_tag` VALUES ('7242', '夜里', '1');
INSERT INTO `jc_content_tag` VALUES ('7243', '跑出', '1');
INSERT INTO `jc_content_tag` VALUES ('7244', '出门', '1');
INSERT INTO `jc_content_tag` VALUES ('7245', '欧盟', '1');
INSERT INTO `jc_content_tag` VALUES ('7246', '明年', '1');
INSERT INTO `jc_content_tag` VALUES ('7247', '取消', '1');
INSERT INTO `jc_content_tag` VALUES ('7248', '对华', '1');
INSERT INTO `jc_content_tag` VALUES ('7249', '武器', '1');
INSERT INTO `jc_content_tag` VALUES ('7250', '禁运', '1');
INSERT INTO `jc_content_tag` VALUES ('7251', '日本', '2');
INSERT INTO `jc_content_tag` VALUES ('7252', '否认', '1');
INSERT INTO `jc_content_tag` VALUES ('7253', '建立', '1');
INSERT INTO `jc_content_tag` VALUES ('7254', '日韩', '1');
INSERT INTO `jc_content_tag` VALUES ('7255', '同盟', '1');
INSERT INTO `jc_content_tag` VALUES ('7256', '媒体', '1');
INSERT INTO `jc_content_tag` VALUES ('7257', '更正', '1');
INSERT INTO `jc_content_tag` VALUES ('7258', '俄罗斯', '1');
INSERT INTO `jc_content_tag` VALUES ('7259', '罗斯', '1');
INSERT INTO `jc_content_tag` VALUES ('7260', '开始', '2');
INSERT INTO `jc_content_tag` VALUES ('7261', '大规模', '1');
INSERT INTO `jc_content_tag` VALUES ('7262', '规模', '2');
INSERT INTO `jc_content_tag` VALUES ('7263', '裁减', '1');
INSERT INTO `jc_content_tag` VALUES ('7264', '公务员', '1');
INSERT INTO `jc_content_tag` VALUES ('7265', '公务', '1');
INSERT INTO `jc_content_tag` VALUES ('7266', '削减', '1');
INSERT INTO `jc_content_tag` VALUES ('7267', '两成', '1');
INSERT INTO `jc_content_tag` VALUES ('7268', '美国', '3');
INSERT INTO `jc_content_tag` VALUES ('7269', '国朝', '1');
INSERT INTO `jc_content_tag` VALUES ('7270', '朝鲜', '1');
INSERT INTO `jc_content_tag` VALUES ('7271', '问题', '1');
INSERT INTO `jc_content_tag` VALUES ('7272', '特使', '1');
INSERT INTO `jc_content_tag` VALUES ('7273', '抵达', '1');
INSERT INTO `jc_content_tag` VALUES ('7274', '韩国', '1');
INSERT INTO `jc_content_tag` VALUES ('7275', '东亚', '1');
INSERT INTO `jc_content_tag` VALUES ('7276', '三国', '1');
INSERT INTO `jc_content_tag` VALUES ('7277', '之行', '1');
INSERT INTO `jc_content_tag` VALUES ('7278', '著名作家', '1');
INSERT INTO `jc_content_tag` VALUES ('7279', '著名', '1');
INSERT INTO `jc_content_tag` VALUES ('7280', '名作', '1');
INSERT INTO `jc_content_tag` VALUES ('7281', '作家', '1');
INSERT INTO `jc_content_tag` VALUES ('7282', '家史', '1');
INSERT INTO `jc_content_tag` VALUES ('7283', '史铁生', '1');
INSERT INTO `jc_content_tag` VALUES ('7284', '昨日', '1');
INSERT INTO `jc_content_tag` VALUES ('7285', '凌晨', '1');
INSERT INTO `jc_content_tag` VALUES ('7286', '突发', '1');
INSERT INTO `jc_content_tag` VALUES ('7287', '脑溢血', '1');
INSERT INTO `jc_content_tag` VALUES ('7288', '溢血', '1');
INSERT INTO `jc_content_tag` VALUES ('7289', '逝世', '1');
INSERT INTO `jc_content_tag` VALUES ('7290', '政府网', '1');
INSERT INTO `jc_content_tag` VALUES ('7291', '政府', '1');
INSERT INTO `jc_content_tag` VALUES ('7292', '网站', '2');
INSERT INTO `jc_content_tag` VALUES ('7293', '政风', '1');
INSERT INTO `jc_content_tag` VALUES ('7294', '满意率', '1');
INSERT INTO `jc_content_tag` VALUES ('7295', '满意', '1');
INSERT INTO `jc_content_tag` VALUES ('7296', '调查', '1');
INSERT INTO `jc_content_tag` VALUES ('7297', '公示', '1');
INSERT INTO `jc_content_tag` VALUES ('7298', '猫腻', '1');
INSERT INTO `jc_content_tag` VALUES ('7299', '黄山', '1');
INSERT INTO `jc_content_tag` VALUES ('7300', '徽州区', '1');
INSERT INTO `jc_content_tag` VALUES ('7301', '徽州', '1');
INSERT INTO `jc_content_tag` VALUES ('7302', '因人', '1');
INSERT INTO `jc_content_tag` VALUES ('7303', '人设', '1');
INSERT INTO `jc_content_tag` VALUES ('7304', '设岗', '1');
INSERT INTO `jc_content_tag` VALUES ('7305', '招聘', '2');
INSERT INTO `jc_content_tag` VALUES ('7306', '方案', '1');
INSERT INTO `jc_content_tag` VALUES ('7307', '全部', '1');
INSERT INTO `jc_content_tag` VALUES ('7308', '终止', '1');
INSERT INTO `jc_content_tag` VALUES ('7309', '屠宰场', '1');
INSERT INTO `jc_content_tag` VALUES ('7310', '屠宰', '1');
INSERT INTO `jc_content_tag` VALUES ('7311', '视频', '8');
INSERT INTO `jc_content_tag` VALUES ('7312', '生猪', '1');
INSERT INTO `jc_content_tag` VALUES ('7313', '注水', '1');
INSERT INTO `jc_content_tag` VALUES ('7314', '诬陷', '1');
INSERT INTO `jc_content_tag` VALUES ('7315', '深圳', '1');
INSERT INTO `jc_content_tag` VALUES ('7316', '保障', '1');
INSERT INTO `jc_content_tag` VALUES ('7317', '跨年', '1');
INSERT INTO `jc_content_tag` VALUES ('7318', '丑闻', '1');
INSERT INTO `jc_content_tag` VALUES ('7319', '脸红', '1');
INSERT INTO `jc_content_tag` VALUES ('7320', '走过场', '1');
INSERT INTO `jc_content_tag` VALUES ('7321', '走过', '1');
INSERT INTO `jc_content_tag` VALUES ('7322', '过场', '1');
INSERT INTO `jc_content_tag` VALUES ('7323', '民调', '1');
INSERT INTO `jc_content_tag` VALUES ('7324', '如何', '2');
INSERT INTO `jc_content_tag` VALUES ('7325', '硬气', '1');
INSERT INTO `jc_content_tag` VALUES ('7326', '起来', '1');
INSERT INTO `jc_content_tag` VALUES ('7327', '校车', '1');
INSERT INTO `jc_content_tag` VALUES ('7328', '家长', '1');
INSERT INTO `jc_content_tag` VALUES ('7329', '放心', '1');
INSERT INTO `jc_content_tag` VALUES ('7330', '勤奋工作', '1');
INSERT INTO `jc_content_tag` VALUES ('7331', '勤奋', '1');
INSERT INTO `jc_content_tag` VALUES ('7332', '工作', '1');
INSERT INTO `jc_content_tag` VALUES ('7333', '赶不上', '1');
INSERT INTO `jc_content_tag` VALUES ('7334', '物价', '1');
INSERT INTO `jc_content_tag` VALUES ('7335', '涨幅', '1');
INSERT INTO `jc_content_tag` VALUES ('7336', '警惕', '1');
INSERT INTO `jc_content_tag` VALUES ('7337', '城市化', '1');
INSERT INTO `jc_content_tag` VALUES ('7338', '化名', '1');
INSERT INTO `jc_content_tag` VALUES ('7339', '名义', '1');
INSERT INTO `jc_content_tag` VALUES ('7340', '剥夺', '1');
INSERT INTO `jc_content_tag` VALUES ('7341', '农民', '1');
INSERT INTO `jc_content_tag` VALUES ('7342', '土地', '1');
INSERT INTO `jc_content_tag` VALUES ('7343', '红利', '1');
INSERT INTO `jc_content_tag` VALUES ('7344', '宇通', '1');
INSERT INTO `jc_content_tag` VALUES ('7345', '客车', '1');
INSERT INTO `jc_content_tag` VALUES ('7346', '总裁', '1');
INSERT INTO `jc_content_tag` VALUES ('7347', '不会', '1');
INSERT INTO `jc_content_tag` VALUES ('7348', '拓展', '1');
INSERT INTO `jc_content_tag` VALUES ('7349', '轿车', '1');
INSERT INTO `jc_content_tag` VALUES ('7350', '业务', '1');
INSERT INTO `jc_content_tag` VALUES ('7351', 'facebook', '1');
INSERT INTO `jc_content_tag` VALUES ('7352', '5亿', '1');
INSERT INTO `jc_content_tag` VALUES ('7353', '美元', '2');
INSERT INTO `jc_content_tag` VALUES ('7354', '投资', '1');
INSERT INTO `jc_content_tag` VALUES ('7355', '500亿', '1');
INSERT INTO `jc_content_tag` VALUES ('7356', '500', '1');
INSERT INTO `jc_content_tag` VALUES ('7357', '大佬', '1');
INSERT INTO `jc_content_tag` VALUES ('7358', '新年', '2');
INSERT INTO `jc_content_tag` VALUES ('7359', '李开复', '1');
INSERT INTO `jc_content_tag` VALUES ('7360', '回老家', '1');
INSERT INTO `jc_content_tag` VALUES ('7361', '老家', '1');
INSERT INTO `jc_content_tag` VALUES ('7362', '三亚', '1');
INSERT INTO `jc_content_tag` VALUES ('7363', '奇遇', '1');
INSERT INTO `jc_content_tag` VALUES ('7364', '百姓网', '1');
INSERT INTO `jc_content_tag` VALUES ('7365', '百姓', '1');
INSERT INTO `jc_content_tag` VALUES ('7366', '分类', '1');
INSERT INTO `jc_content_tag` VALUES ('7367', '关键在于', '1');
INSERT INTO `jc_content_tag` VALUES ('7368', '关键', '1');
INSERT INTO `jc_content_tag` VALUES ('7369', '在于', '1');
INSERT INTO `jc_content_tag` VALUES ('7370', '规模化', '1');
INSERT INTO `jc_content_tag` VALUES ('7371', '服务', '1');
INSERT INTO `jc_content_tag` VALUES ('7372', '影音', '1');
INSERT INTO `jc_content_tag` VALUES ('7373', '千千', '1');
INSERT INTO `jc_content_tag` VALUES ('7374', '静听', '1');
INSERT INTO `jc_content_tag` VALUES ('7375', '谷歌', '1');
INSERT INTO `jc_content_tag` VALUES ('7376', '浏览器', '1');
INSERT INTO `jc_content_tag` VALUES ('7377', '浏览', '1');
INSERT INTO `jc_content_tag` VALUES ('7378', '国家地理', '1');
INSERT INTO `jc_content_tag` VALUES ('7379', '国家', '1');
INSERT INTO `jc_content_tag` VALUES ('7380', '地理', '1');
INSERT INTO `jc_content_tag` VALUES ('7381', '最佳', '1');
INSERT INTO `jc_content_tag` VALUES ('7382', '太空', '2');
INSERT INTO `jc_content_tag` VALUES ('7383', '图片', '1');
INSERT INTO `jc_content_tag` VALUES ('7384', '外太空', '1');
INSERT INTO `jc_content_tag` VALUES ('7385', '鸟瞰', '1');
INSERT INTO `jc_content_tag` VALUES ('7386', '地球', '1');
INSERT INTO `jc_content_tag` VALUES ('7387', '河流', '1');
INSERT INTO `jc_content_tag` VALUES ('7388', '抓拍', '1');
INSERT INTO `jc_content_tag` VALUES ('7389', '彗星', '1');
INSERT INTO `jc_content_tag` VALUES ('7390', '划过', '1');
INSERT INTO `jc_content_tag` VALUES ('7391', '洛城', '1');
INSERT INTO `jc_content_tag` VALUES ('7392', '夜空', '1');
INSERT INTO `jc_content_tag` VALUES ('7393', '微观', '1');
INSERT INTO `jc_content_tag` VALUES ('7394', '摄影赛', '1');
INSERT INTO `jc_content_tag` VALUES ('7395', '摄影', '1');
INSERT INTO `jc_content_tag` VALUES ('7396', '获奖作品', '1');
INSERT INTO `jc_content_tag` VALUES ('7397', '获奖', '1');
INSERT INTO `jc_content_tag` VALUES ('7398', '作品选', '1');
INSERT INTO `jc_content_tag` VALUES ('7399', '作品', '1');
INSERT INTO `jc_content_tag` VALUES ('7400', '镜头', '1');
INSERT INTO `jc_content_tag` VALUES ('7401', '梦幻', '1');
INSERT INTO `jc_content_tag` VALUES ('7402', '冰川', '1');
INSERT INTO `jc_content_tag` VALUES ('7403', '洞穴', '1');
INSERT INTO `jc_content_tag` VALUES ('7404', '昆虫', '1');
INSERT INTO `jc_content_tag` VALUES ('7405', '迎来', '1');
INSERT INTO `jc_content_tag` VALUES ('7406', '秋天', '1');
INSERT INTO `jc_content_tag` VALUES ('7407', '狩猎', '1');
INSERT INTO `jc_content_tag` VALUES ('7408', '艺术家', '1');
INSERT INTO `jc_content_tag` VALUES ('7409', '艺术', '1');
INSERT INTO `jc_content_tag` VALUES ('7410', '石头', '1');
INSERT INTO `jc_content_tag` VALUES ('7411', '平衡', '1');
INSERT INTO `jc_content_tag` VALUES ('7412', '印尼', '1');
INSERT INTO `jc_content_tag` VALUES ('7413', '海底', '1');
INSERT INTO `jc_content_tag` VALUES ('7414', '发现', '1');
INSERT INTO `jc_content_tag` VALUES ('7415', '物种', '1');
INSERT INTO `jc_content_tag` VALUES ('7416', '首位', '1');
INSERT INTO `jc_content_tag` VALUES ('7417', '机器', '1');
INSERT INTO `jc_content_tag` VALUES ('7418', '器宇', '1');
INSERT INTO `jc_content_tag` VALUES ('7419', '宇航员', '1');
INSERT INTO `jc_content_tag` VALUES ('7420', '宇航', '1');
INSERT INTO `jc_content_tag` VALUES ('7421', '服役', '1');
INSERT INTO `jc_content_tag` VALUES ('7422', '谎言', '1');
INSERT INTO `jc_content_tag` VALUES ('7423', '本科', '1');
INSERT INTO `jc_content_tag` VALUES ('7424', '科研', '1');
INSERT INTO `jc_content_tag` VALUES ('7425', '捕鲸', '1');
INSERT INTO `jc_content_tag` VALUES ('7426', '农场', '1');
INSERT INTO `jc_content_tag` VALUES ('7427', '场上', '1');
INSERT INTO `jc_content_tag` VALUES ('7428', '狂欢', '1');
INSERT INTO `jc_content_tag` VALUES ('7429', '欧洲', '1');
INSERT INTO `jc_content_tag` VALUES ('7430', '最大', '1');
INSERT INTO `jc_content_tag` VALUES ('7431', '音乐节', '1');
INSERT INTO `jc_content_tag` VALUES ('7432', '音乐', '1');
INSERT INTO `jc_content_tag` VALUES ('7433', '世界各地', '1');
INSERT INTO `jc_content_tag` VALUES ('7434', '世界', '1');
INSERT INTO `jc_content_tag` VALUES ('7435', '各地', '1');
INSERT INTO `jc_content_tag` VALUES ('7436', '地迎', '1');
INSERT INTO `jc_content_tag` VALUES ('7437', '迎接', '1');
INSERT INTO `jc_content_tag` VALUES ('7438', '2011', '2');
INSERT INTO `jc_content_tag` VALUES ('7439', '一段', '1');
INSERT INTO `jc_content_tag` VALUES ('7440', '生命', '1');
INSERT INTO `jc_content_tag` VALUES ('7441', '写出来', '1');
INSERT INTO `jc_content_tag` VALUES ('7442', '写出', '1');
INSERT INTO `jc_content_tag` VALUES ('7443', '出来', '1');
INSERT INTO `jc_content_tag` VALUES ('7444', '故事', '1');
INSERT INTO `jc_content_tag` VALUES ('7445', '讲述', '1');
INSERT INTO `jc_content_tag` VALUES ('7446', '一个', '1');
INSERT INTO `jc_content_tag` VALUES ('7447', '简单', '1');
INSERT INTO `jc_content_tag` VALUES ('7448', '环岛', '1');
INSERT INTO `jc_content_tag` VALUES ('7449', '岁末', '1');
INSERT INTO `jc_content_tag` VALUES ('7450', '催泪', '1');
INSERT INTO `jc_content_tag` VALUES ('7451', '大戏', '1');
INSERT INTO `jc_content_tag` VALUES ('7452', '倾城', '1');
INSERT INTO `jc_content_tag` VALUES ('7453', '史上', '2');
INSERT INTO `jc_content_tag` VALUES ('7454', '最长', '2');
INSERT INTO `jc_content_tag` VALUES ('7455', '贺岁', '2');
INSERT INTO `jc_content_tag` VALUES ('7456', '大片', '2');
INSERT INTO `jc_content_tag` VALUES ('7457', '文章', '1');
INSERT INTO `jc_content_tag` VALUES ('7458', '欢乐', '1');
INSERT INTO `jc_content_tag` VALUES ('7459', '乐声', '1');
INSERT INTO `jc_content_tag` VALUES ('7460', '声援', '1');
INSERT INTO `jc_content_tag` VALUES ('7461', '婚礼上', '7');
INSERT INTO `jc_content_tag` VALUES ('7462', '婚礼', '7');
INSERT INTO `jc_content_tag` VALUES ('7463', '倒霉', '7');
INSERT INTO `jc_content_tag` VALUES ('7464', '十大', '7');
INSERT INTO `jc_content_tag` VALUES ('7465', '大新', '7');
INSERT INTO `jc_content_tag` VALUES ('7466', '新郎', '7');
INSERT INTO `jc_content_tag` VALUES ('7467', '搞笑', '1');
INSERT INTO `jc_content_tag` VALUES ('7468', 'jeecms', '4');
INSERT INTO `jc_content_tag` VALUES ('7469', '视频教程', '2');
INSERT INTO `jc_content_tag` VALUES ('7470', '教程', '2');
INSERT INTO `jc_content_tag` VALUES ('7471', '超级', '1');
INSERT INTO `jc_content_tag` VALUES ('7472', '火爆', '1');
INSERT INTO `jc_content_tag` VALUES ('7473', '恶搞', '1');
INSERT INTO `jc_content_tag` VALUES ('7474', '功能', '3');
INSERT INTO `jc_content_tag` VALUES ('7475', '很强', '1');
INSERT INTO `jc_content_tag` VALUES ('7476', '强大', '1');
INSERT INTO `jc_content_tag` VALUES ('7477', '测试', '1');
INSERT INTO `jc_content_tag` VALUES ('7478', '试一下', '1');
INSERT INTO `jc_content_tag` VALUES ('7479', '一下', '1');
INSERT INTO `jc_content_tag` VALUES ('7480', '果然', '1');
INSERT INTO `jc_content_tag` VALUES ('7481', '很有', '1');
INSERT INTO `jc_content_tag` VALUES ('7482', '有才', '1');
INSERT INTO `jc_content_tag` VALUES ('7483', 'hold', '1');
INSERT INTO `jc_content_tag` VALUES ('7484', '不住', '1');
INSERT INTO `jc_content_tag` VALUES ('7485', '住了', '1');
INSERT INTO `jc_content_tag` VALUES ('7486', '多好', '1');
INSERT INTO `jc_content_tag` VALUES ('7487', '好啊', '1');
INSERT INTO `jc_content_tag` VALUES ('7488', '开心', '1');
INSERT INTO `jc_content_tag` VALUES ('7489', 'jeecms2012', '1');
INSERT INTO `jc_content_tag` VALUES ('7490', '2012', '1');
INSERT INTO `jc_content_tag` VALUES ('7491', '来啦', '1');
INSERT INTO `jc_content_tag` VALUES ('7492', '冬日', '2');
INSERT INTO `jc_content_tag` VALUES ('7493', '温暖', '1');
INSERT INTO `jc_content_tag` VALUES ('7494', '写真', '1');
INSERT INTO `jc_content_tag` VALUES ('7495', '市场', '1');
INSERT INTO `jc_content_tag` VALUES ('7496', '短期', '1');
INSERT INTO `jc_content_tag` VALUES ('7497', '反弹', '1');
INSERT INTO `jc_content_tag` VALUES ('7498', '需求', '1');
INSERT INTO `jc_content_tag` VALUES ('7499', '强烈', '1');
INSERT INTO `jc_content_tag` VALUES ('7500', '稳健', '1');
INSERT INTO `jc_content_tag` VALUES ('7501', '六只', '1');
INSERT INTO `jc_content_tag` VALUES ('7502', '基金', '1');
INSERT INTO `jc_content_tag` VALUES ('7520', '启动', '0');
INSERT INTO `jc_content_tag` VALUES ('7522', '200', '0');
INSERT INTO `jc_content_tag` VALUES ('7523', '背后', '0');
INSERT INTO `jc_content_tag` VALUES ('7530', '十年', '0');
INSERT INTO `jc_content_tag` VALUES ('7537', '交投', '0');
INSERT INTO `jc_content_tag` VALUES ('7550', '销售', '0');
INSERT INTO `jc_content_tag` VALUES ('7576', '800', '0');
INSERT INTO `jc_content_tag` VALUES ('7577', '失踪', '0');
INSERT INTO `jc_content_tag` VALUES ('7583', '倾覆', '0');
INSERT INTO `jc_content_tag` VALUES ('7615', '大桥', '0');
INSERT INTO `jc_content_tag` VALUES ('7625', '企业', '0');
INSERT INTO `jc_content_tag` VALUES ('7630', '中国', '0');
INSERT INTO `jc_content_tag` VALUES ('7660', '死亡', '0');
INSERT INTO `jc_content_tag` VALUES ('7663', '农民工', '0');
INSERT INTO `jc_content_tag` VALUES ('7664', '民工', '0');
INSERT INTO `jc_content_tag` VALUES ('7672', '事件', '0');
INSERT INTO `jc_content_tag` VALUES ('7679', '南京', '0');
INSERT INTO `jc_content_tag` VALUES ('7699', '星河湾', '0');
INSERT INTO `jc_content_tag` VALUES ('7700', '星河', '0');
INSERT INTO `jc_content_tag` VALUES ('7701', '河湾', '0');
INSERT INTO `jc_content_tag` VALUES ('7702', '降价', '0');
INSERT INTO `jc_content_tag` VALUES ('7703', '6亿', '0');
INSERT INTO `jc_content_tag` VALUES ('7705', '业主', '0');
INSERT INTO `jc_content_tag` VALUES ('7717', '中华', '0');
INSERT INTO `jc_content_tag` VALUES ('7721', '圣诞', '0');
INSERT INTO `jc_content_tag` VALUES ('7722', '新品', '0');
INSERT INTO `jc_content_tag` VALUES ('7726', '联想', '0');
INSERT INTO `jc_content_tag` VALUES ('7735', '显示', '0');
INSERT INTO `jc_content_tag` VALUES ('7745', '小米', '0');
INSERT INTO `jc_content_tag` VALUES ('7754', '苹果', '0');
INSERT INTO `jc_content_tag` VALUES ('7755', 'iphone', '0');
INSERT INTO `jc_content_tag` VALUES ('7757', '16gb', '0');
INSERT INTO `jc_content_tag` VALUES ('7758', '16', '0');
INSERT INTO `jc_content_tag` VALUES ('7759', 'gb', '0');
INSERT INTO `jc_content_tag` VALUES ('7760', '三星', '0');
INSERT INTO `jc_content_tag` VALUES ('7761', 'galaxy', '0');
INSERT INTO `jc_content_tag` VALUES ('7776', '诺基亚', '0');
INSERT INTO `jc_content_tag` VALUES ('7785', 'htc', '0');
INSERT INTO `jc_content_tag` VALUES ('7789', 'sensation', '0');
INSERT INTO `jc_content_tag` VALUES ('7794', '18', '0');
INSERT INTO `jc_content_tag` VALUES ('7795', '摩托罗拉', '0');
INSERT INTO `jc_content_tag` VALUES ('7796', '摩托', '0');
INSERT INTO `jc_content_tag` VALUES ('7797', '罗拉', '0');
INSERT INTO `jc_content_tag` VALUES ('7811', '索尼', '0');
INSERT INTO `jc_content_tag` VALUES ('7812', '爱立信', '0');
INSERT INTO `jc_content_tag` VALUES ('7820', 'phone', '0');
INSERT INTO `jc_content_tag` VALUES ('7824', '12', '0');
INSERT INTO `jc_content_tag` VALUES ('7825', '星座', '0');
INSERT INTO `jc_content_tag` VALUES ('7829', '步步高', '0');
INSERT INTO `jc_content_tag` VALUES ('7830', '步步', '0');
INSERT INTO `jc_content_tag` VALUES ('7837', '黑莓', '0');
INSERT INTO `jc_content_tag` VALUES ('7860', '诱惑', '0');
INSERT INTO `jc_content_tag` VALUES ('7882', '生活', '0');
INSERT INTO `jc_content_tag` VALUES ('7900', '黄金', '0');
INSERT INTO `jc_content_tag` VALUES ('7904', '男子', '0');
INSERT INTO `jc_content_tag` VALUES ('7928', '预告片', '0');
INSERT INTO `jc_content_tag` VALUES ('7929', '预告', '0');
INSERT INTO `jc_content_tag` VALUES ('7931', '转型', '0');
INSERT INTO `jc_content_tag` VALUES ('7934', '不到', '0');
INSERT INTO `jc_content_tag` VALUES ('7948', '学生', '0');
INSERT INTO `jc_content_tag` VALUES ('7950', '食堂', '0');
INSERT INTO `jc_content_tag` VALUES ('7951', '使用', '0');
INSERT INTO `jc_content_tag` VALUES ('7953', '地沟油', '0');
INSERT INTO `jc_content_tag` VALUES ('7954', '地沟', '0');
INSERT INTO `jc_content_tag` VALUES ('7963', '数据', '0');
INSERT INTO `jc_content_tag` VALUES ('7970', '宝贝', '0');
INSERT INTO `jc_content_tag` VALUES ('7980', '电影', '0');
INSERT INTO `jc_content_tag` VALUES ('7994', '老人', '0');
INSERT INTO `jc_content_tag` VALUES ('8018', '大陆', '0');
INSERT INTO `jc_content_tag` VALUES ('8038', '携手', '0');
INSERT INTO `jc_content_tag` VALUES ('8043', '阿飞', '0');
INSERT INTO `jc_content_tag` VALUES ('8044', '财富', '0');
INSERT INTO `jc_content_tag` VALUES ('8045', '之旅', '0');
INSERT INTO `jc_content_tag` VALUES ('8046', 'chinaz.com', '0');
INSERT INTO `jc_content_tag` VALUES ('8047', 'chinaz', '0');
INSERT INTO `jc_content_tag` VALUES ('8048', 'com', '0');
INSERT INTO `jc_content_tag` VALUES ('8049', '怎样', '0');
INSERT INTO `jc_content_tag` VALUES ('8050', '拿到', '0');
INSERT INTO `jc_content_tag` VALUES ('8051', '到他', '0');
INSERT INTO `jc_content_tag` VALUES ('8052', '百度', '0');
INSERT INTO `jc_content_tag` VALUES ('8053', '百科', '0');
INSERT INTO `jc_content_tag` VALUES ('8054', 'admin5', '0');
INSERT INTO `jc_content_tag` VALUES ('8055', 'admin', '0');
INSERT INTO `jc_content_tag` VALUES ('8056', '央视', '0');
INSERT INTO `jc_content_tag` VALUES ('8057', 'phpwind', '0');
INSERT INTO `jc_content_tag` VALUES ('8058', '南京站', '0');
INSERT INTO `jc_content_tag` VALUES ('8059', '站长', '0');
INSERT INTO `jc_content_tag` VALUES ('8060', '长大', '0');
INSERT INTO `jc_content_tag` VALUES ('8061', '大会', '0');
INSERT INTO `jc_content_tag` VALUES ('8062', '互联网', '1');
INSERT INTO `jc_content_tag` VALUES ('8063', '互联', '1');
INSERT INTO `jc_content_tag` VALUES ('8064', '网精', '0');
INSERT INTO `jc_content_tag` VALUES ('8065', '精英', '0');
INSERT INTO `jc_content_tag` VALUES ('8066', '发展', '0');
INSERT INTO `jc_content_tag` VALUES ('8067', '献计', '0');
INSERT INTO `jc_content_tag` VALUES ('8068', '计策', '0');
INSERT INTO `jc_content_tag` VALUES ('8069', '中国市场', '0');
INSERT INTO `jc_content_tag` VALUES ('8070', '市场份额', '0');
INSERT INTO `jc_content_tag` VALUES ('8071', '份额', '0');
INSERT INTO `jc_content_tag` VALUES ('8072', '两年', '0');
INSERT INTO `jc_content_tag` VALUES ('8073', '增长', '0');
INSERT INTO `jc_content_tag` VALUES ('8074', '一倍', '0');
INSERT INTO `jc_content_tag` VALUES ('8075', '方便', '0');
INSERT INTO `jc_content_tag` VALUES ('8076', '大家', '0');
INSERT INTO `jc_content_tag` VALUES ('8077', '创建', '0');
INSERT INTO `jc_content_tag` VALUES ('8078', '类似', '0');
INSERT INTO `jc_content_tag` VALUES ('8079', '模型', '0');
INSERT INTO `jc_content_tag` VALUES ('8080', '现已', '0');
INSERT INTO `jc_content_tag` VALUES ('8081', '增加', '0');
INSERT INTO `jc_content_tag` VALUES ('8082', '复制', '0');
INSERT INTO `jc_content_tag` VALUES ('8088', '麻婆豆腐', '0');
INSERT INTO `jc_content_tag` VALUES ('8089', '麻婆', '0');
INSERT INTO `jc_content_tag` VALUES ('8090', '豆腐', '0');
INSERT INTO `jc_content_tag` VALUES ('8097', '麻辣', '0');
INSERT INTO `jc_content_tag` VALUES ('8107', '猪蹄', '0');
INSERT INTO `jc_content_tag` VALUES ('8108', '水煮', '0');
INSERT INTO `jc_content_tag` VALUES ('8110', '肉片', '0');
INSERT INTO `jc_content_tag` VALUES ('8112', '什锦', '0');
INSERT INTO `jc_content_tag` VALUES ('8124', '红烧', '0');
INSERT INTO `jc_content_tag` VALUES ('8125', '烧肉', '0');
INSERT INTO `jc_content_tag` VALUES ('8127', '肉丝', '0');
INSERT INTO `jc_content_tag` VALUES ('8130', '烧鸡', '0');
INSERT INTO `jc_content_tag` VALUES ('8131', '鸡块', '0');
INSERT INTO `jc_content_tag` VALUES ('8134', '鸡腿', '0');
INSERT INTO `jc_content_tag` VALUES ('8147', '金龙鱼', '0');
INSERT INTO `jc_content_tag` VALUES ('8148', '金龙', '0');
INSERT INTO `jc_content_tag` VALUES ('8153', '转基因', '0');
INSERT INTO `jc_content_tag` VALUES ('8154', '基因', '0');
INSERT INTO `jc_content_tag` VALUES ('8155', '质疑', '0');
INSERT INTO `jc_content_tag` VALUES ('8159', 'nbsp', '0');
INSERT INTO `jc_content_tag` VALUES ('8161', '集团', '0');
INSERT INTO `jc_content_tag` VALUES ('8163', '茅台酒', '0');
INSERT INTO `jc_content_tag` VALUES ('8164', '茅台', '0');
INSERT INTO `jc_content_tag` VALUES ('8165', '价格', '0');
INSERT INTO `jc_content_tag` VALUES ('8168', '发改委', '0');
INSERT INTO `jc_content_tag` VALUES ('8172', '葡萄酒', '0');
INSERT INTO `jc_content_tag` VALUES ('8173', '葡萄', '0');
INSERT INTO `jc_content_tag` VALUES ('8174', '侵权', '0');
INSERT INTO `jc_content_tag` VALUES ('8177', '风波', '0');
INSERT INTO `jc_content_tag` VALUES ('8178', '非法', '0');
INSERT INTO `jc_content_tag` VALUES ('8182', '集体', '0');
INSERT INTO `jc_content_tag` VALUES ('8183', '涨价', '0');
INSERT INTO `jc_content_tag` VALUES ('8184', '白酒', '0');
INSERT INTO `jc_content_tag` VALUES ('8190', '散布', '0');
INSERT INTO `jc_content_tag` VALUES ('8193', '50万', '0');
INSERT INTO `jc_content_tag` VALUES ('8194', '50', '0');
INSERT INTO `jc_content_tag` VALUES ('8201', '美赞臣', '0');
INSERT INTO `jc_content_tag` VALUES ('8202', '回应', '0');
INSERT INTO `jc_content_tag` VALUES ('8203', '细菌', '0');
INSERT INTO `jc_content_tag` VALUES ('8206', '产品', '0');
INSERT INTO `jc_content_tag` VALUES ('8210', '年关', '0');
INSERT INTO `jc_content_tag` VALUES ('8212', '零售价', '0');
INSERT INTO `jc_content_tag` VALUES ('8213', '零售', '0');
INSERT INTO `jc_content_tag` VALUES ('8214', '售价', '0');
INSERT INTO `jc_content_tag` VALUES ('8217', '奶粉', '0');
INSERT INTO `jc_content_tag` VALUES ('8242', '第2', '0');
INSERT INTO `jc_content_tag` VALUES ('8244', '经销商', '0');
INSERT INTO `jc_content_tag` VALUES ('8245', '经销', '0');
INSERT INTO `jc_content_tag` VALUES ('8249', '直营店', '0');
INSERT INTO `jc_content_tag` VALUES ('8250', '直营', '0');
INSERT INTO `jc_content_tag` VALUES ('8259', '高端', '0');
INSERT INTO `jc_content_tag` VALUES ('8262', '停售', '0');
INSERT INTO `jc_content_tag` VALUES ('8266', '含量', '0');
INSERT INTO `jc_content_tag` VALUES ('8269', '达标', '0');
INSERT INTO `jc_content_tag` VALUES ('8277', '上涨', '0');
INSERT INTO `jc_content_tag` VALUES ('8289', '不锈钢', '0');
INSERT INTO `jc_content_tag` VALUES ('8290', '不锈', '0');
INSERT INTO `jc_content_tag` VALUES ('8291', '钢制品', '0');
INSERT INTO `jc_content_tag` VALUES ('8292', '钢制', '0');
INSERT INTO `jc_content_tag` VALUES ('8293', '制品', '0');
INSERT INTO `jc_content_tag` VALUES ('8294', '食品安全', '0');
INSERT INTO `jc_content_tag` VALUES ('8295', '食品', '0');
INSERT INTO `jc_content_tag` VALUES ('8296', '安全', '0');
INSERT INTO `jc_content_tag` VALUES ('8298', '新标准', '0');
INSERT INTO `jc_content_tag` VALUES ('8299', '标准', '0');
INSERT INTO `jc_content_tag` VALUES ('8327', '花生油', '0');
INSERT INTO `jc_content_tag` VALUES ('8328', '花生', '0');
INSERT INTO `jc_content_tag` VALUES ('8329', '生油', '0');
INSERT INTO `jc_content_tag` VALUES ('8332', '豆油', '0');
INSERT INTO `jc_content_tag` VALUES ('8333', '下跌', '0');
INSERT INTO `jc_content_tag` VALUES ('8334', '黄酒', '0');
INSERT INTO `jc_content_tag` VALUES ('8347', '参与', '0');
INSERT INTO `jc_content_tag` VALUES ('8358', '炊具', '0');
INSERT INTO `jc_content_tag` VALUES ('8359', '国标', '0');
INSERT INTO `jc_content_tag` VALUES ('8369', '苏泊尔', '0');
INSERT INTO `jc_content_tag` VALUES ('8370', '真不', '0');
INSERT INTO `jc_content_tag` VALUES ('8371', '铁锅', '0');
INSERT INTO `jc_content_tag` VALUES ('8375', '创新', '0');
INSERT INTO `jc_content_tag` VALUES ('8388', '吴彦祖', '0');
INSERT INTO `jc_content_tag` VALUES ('8411', '冰箱', '0');
INSERT INTO `jc_content_tag` VALUES ('8416', '超标', '0');
INSERT INTO `jc_content_tag` VALUES ('8433', '不合格', '0');
INSERT INTO `jc_content_tag` VALUES ('8434', '不合', '0');
INSERT INTO `jc_content_tag` VALUES ('8435', '合格', '0');
INSERT INTO `jc_content_tag` VALUES ('8440', '国内', '0');
INSERT INTO `jc_content_tag` VALUES ('8457', '81', '0');
INSERT INTO `jc_content_tag` VALUES ('8478', '豆浆机', '0');
INSERT INTO `jc_content_tag` VALUES ('8479', '豆浆', '0');
INSERT INTO `jc_content_tag` VALUES ('8494', '工业', '0');
INSERT INTO `jc_content_tag` VALUES ('8495', '润滑油', '0');
INSERT INTO `jc_content_tag` VALUES ('8496', '润滑', '0');
INSERT INTO `jc_content_tag` VALUES ('8498', '食品级', '0');
INSERT INTO `jc_content_tag` VALUES ('8499', '品级', '0');
INSERT INTO `jc_content_tag` VALUES ('8506', '橱柜', '0');
INSERT INTO `jc_content_tag` VALUES ('8516', '行业', '0');
INSERT INTO `jc_content_tag` VALUES ('8523', 'quot', '0');
INSERT INTO `jc_content_tag` VALUES ('8526', '安装', '0');
INSERT INTO `jc_content_tag` VALUES ('8543', '鸳鸯', '0');
INSERT INTO `jc_content_tag` VALUES ('8555', '果香', '0');
INSERT INTO `jc_content_tag` VALUES ('8556', '红酒', '0');
INSERT INTO `jc_content_tag` VALUES ('8568', '鲫鱼', '0');
INSERT INTO `jc_content_tag` VALUES ('8585', '茄子', '0');
INSERT INTO `jc_content_tag` VALUES ('8591', '大虾', '0');
INSERT INTO `jc_content_tag` VALUES ('8593', '可乐', '0');
INSERT INTO `jc_content_tag` VALUES ('8602', '水果', '0');
INSERT INTO `jc_content_tag` VALUES ('8616', '食物', '0');
INSERT INTO `jc_content_tag` VALUES ('8624', '适当', '0');
INSERT INTO `jc_content_tag` VALUES ('8631', '营养', '0');
INSERT INTO `jc_content_tag` VALUES ('8632', '搭配', '0');
INSERT INTO `jc_content_tag` VALUES ('8633', '熬夜', '0');
INSERT INTO `jc_content_tag` VALUES ('8640', '原则', '0');
INSERT INTO `jc_content_tag` VALUES ('8643', '预防', '0');
INSERT INTO `jc_content_tag` VALUES ('8647', '乳腺癌', '0');
INSERT INTO `jc_content_tag` VALUES ('8648', '乳腺', '0');
INSERT INTO `jc_content_tag` VALUES ('8649', '腺癌', '0');
INSERT INTO `jc_content_tag` VALUES ('8652', '什么', '0');
INSERT INTO `jc_content_tag` VALUES ('8653', '女人', '0');
INSERT INTO `jc_content_tag` VALUES ('8661', '为什么', '0');
INSERT INTO `jc_content_tag` VALUES ('8675', '女性', '0');
INSERT INTO `jc_content_tag` VALUES ('8686', '脆皮', '0');
INSERT INTO `jc_content_tag` VALUES ('8713', '注意', '0');
INSERT INTO `jc_content_tag` VALUES ('8723', '体质', '0');
INSERT INTO `jc_content_tag` VALUES ('8724', '夏天', '0');
INSERT INTO `jc_content_tag` VALUES ('8725', '多吃', '0');
INSERT INTO `jc_content_tag` VALUES ('8726', '生姜', '0');
INSERT INTO `jc_content_tag` VALUES ('8728', '老年斑', '0');
INSERT INTO `jc_content_tag` VALUES ('8729', '老年', '0');
INSERT INTO `jc_content_tag` VALUES ('8730', '人保', '0');
INSERT INTO `jc_content_tag` VALUES ('8732', '长寿', '0');
INSERT INTO `jc_content_tag` VALUES ('8742', '吃什么', '0');
INSERT INTO `jc_content_tag` VALUES ('8744', '抗衰老', '0');
INSERT INTO `jc_content_tag` VALUES ('8745', '衰老', '0');
INSERT INTO `jc_content_tag` VALUES ('8746', '巧克力', '0');
INSERT INTO `jc_content_tag` VALUES ('8751', '老年人', '0');
INSERT INTO `jc_content_tag` VALUES ('8752', '适合', '0');
INSERT INTO `jc_content_tag` VALUES ('8753', '喝牛奶', '0');
INSERT INTO `jc_content_tag` VALUES ('8758', '技巧', '0');
INSERT INTO `jc_content_tag` VALUES ('8760', '中药', '0');
INSERT INTO `jc_content_tag` VALUES ('8761', '防老', '0');
INSERT INTO `jc_content_tag` VALUES ('8766', '食疗方', '0');
INSERT INTO `jc_content_tag` VALUES ('8767', '食疗', '0');
INSERT INTO `jc_content_tag` VALUES ('8771', '夏季', '0');
INSERT INTO `jc_content_tag` VALUES ('8773', '缓解', '0');
INSERT INTO `jc_content_tag` VALUES ('8781', '可防', '0');
INSERT INTO `jc_content_tag` VALUES ('8792', '保健', '0');
INSERT INTO `jc_content_tag` VALUES ('8804', '早餐', '0');
INSERT INTO `jc_content_tag` VALUES ('8805', '千万别', '0');
INSERT INTO `jc_content_tag` VALUES ('8806', '千万', '0');
INSERT INTO `jc_content_tag` VALUES ('8813', '常喝', '0');
INSERT INTO `jc_content_tag` VALUES ('8818', '猪血', '0');
INSERT INTO `jc_content_tag` VALUES ('8820', '禁忌', '0');
INSERT INTO `jc_content_tag` VALUES ('8827', '治疗', '0');
INSERT INTO `jc_content_tag` VALUES ('8830', '核桃', '0');
INSERT INTO `jc_content_tag` VALUES ('8832', '零食', '0');
INSERT INTO `jc_content_tag` VALUES ('8852', '酸奶', '0');
INSERT INTO `jc_content_tag` VALUES ('8855', '不发', '0');
INSERT INTO `jc_content_tag` VALUES ('8856', '发胖', '0');
INSERT INTO `jc_content_tag` VALUES ('8874', '冬季', '0');
INSERT INTO `jc_content_tag` VALUES ('8887', '性健康', '0');
INSERT INTO `jc_content_tag` VALUES ('8906', '好气', '0');
INSERT INTO `jc_content_tag` VALUES ('8907', '气色', '0');
INSERT INTO `jc_content_tag` VALUES ('8913', '香蕉', '0');
INSERT INTO `jc_content_tag` VALUES ('8927', '有助', '0');
INSERT INTO `jc_content_tag` VALUES ('8928', '内分泌', '0');
INSERT INTO `jc_content_tag` VALUES ('8929', '内分', '0');
INSERT INTO `jc_content_tag` VALUES ('8930', '分泌', '0');
INSERT INTO `jc_content_tag` VALUES ('8994', '大白', '0');
INSERT INTO `jc_content_tag` VALUES ('9042', '缩水', '0');
INSERT INTO `jc_content_tag` VALUES ('9045', '不能', '0');
INSERT INTO `jc_content_tag` VALUES ('9083', '即将', '0');
INSERT INTO `jc_content_tag` VALUES ('9084', '将过', '0');
INSERT INTO `jc_content_tag` VALUES ('9085', '过期', '0');
INSERT INTO `jc_content_tag` VALUES ('9094', '春节', '0');
INSERT INTO `jc_content_tag` VALUES ('9103', '加工', '0');
INSERT INTO `jc_content_tag` VALUES ('9116', '工商', '0');
INSERT INTO `jc_content_tag` VALUES ('9130', '橄榄油', '0');
INSERT INTO `jc_content_tag` VALUES ('9131', '橄榄', '0');
INSERT INTO `jc_content_tag` VALUES ('9140', '光明', '0');
INSERT INTO `jc_content_tag` VALUES ('9141', '大白兔', '0');
INSERT INTO `jc_content_tag` VALUES ('9142', '白兔', '0');
INSERT INTO `jc_content_tag` VALUES ('9160', '广东', '0');
INSERT INTO `jc_content_tag` VALUES ('9161', '检出', '0');
INSERT INTO `jc_content_tag` VALUES ('9180', '股权', '0');
INSERT INTO `jc_content_tag` VALUES ('9218', '严重', '0');
INSERT INTO `jc_content_tag` VALUES ('9240', '不伤', '0');
INSERT INTO `jc_content_tag` VALUES ('9257', '过年', '0');
INSERT INTO `jc_content_tag` VALUES ('9260', '年货', '0');
INSERT INTO `jc_content_tag` VALUES ('9296', '蒙牛', '0');
INSERT INTO `jc_content_tag` VALUES ('9297', '纯牛奶', '0');
INSERT INTO `jc_content_tag` VALUES ('9298', '致癌物', '0');
INSERT INTO `jc_content_tag` VALUES ('9299', '国产', '0');
INSERT INTO `jc_content_tag` VALUES ('9300', '质检', '0');
INSERT INTO `jc_content_tag` VALUES ('9302', '黄曲霉', '0');
INSERT INTO `jc_content_tag` VALUES ('9303', '曲霉', '0');
INSERT INTO `jc_content_tag` VALUES ('9304', '霉毒', '0');
INSERT INTO `jc_content_tag` VALUES ('9305', '饲料', '0');
INSERT INTO `jc_content_tag` VALUES ('9306', '霉变', '0');
INSERT INTO `jc_content_tag` VALUES ('9357', '变身', '0');
INSERT INTO `jc_content_tag` VALUES ('9368', '之争', '0');
INSERT INTO `jc_content_tag` VALUES ('9386', '百余', '0');
INSERT INTO `jc_content_tag` VALUES ('9428', '牛肉', '0');
INSERT INTO `jc_content_tag` VALUES ('9434', '做法', '0');
INSERT INTO `jc_content_tag` VALUES ('9453', '四川', '0');
INSERT INTO `jc_content_tag` VALUES ('9490', '可口可乐', '0');
INSERT INTO `jc_content_tag` VALUES ('9491', '可口', '0');
INSERT INTO `jc_content_tag` VALUES ('9501', '董事长', '0');
INSERT INTO `jc_content_tag` VALUES ('9502', '董事', '0');
INSERT INTO `jc_content_tag` VALUES ('9522', '三聚', '0');
INSERT INTO `jc_content_tag` VALUES ('9725', '市场需要', '0');
INSERT INTO `jc_content_tag` VALUES ('9726', '需要', '0');
INSERT INTO `jc_content_tag` VALUES ('9730', '整体橱柜', '0');
INSERT INTO `jc_content_tag` VALUES ('9736', '进军', '0');
INSERT INTO `jc_content_tag` VALUES ('9737', '电子商务', '0');
INSERT INTO `jc_content_tag` VALUES ('9738', '电子', '0');
INSERT INTO `jc_content_tag` VALUES ('9739', '商务', '0');
INSERT INTO `jc_content_tag` VALUES ('9748', '概念', '0');
INSERT INTO `jc_content_tag` VALUES ('9752', '浅析', '0');
INSERT INTO `jc_content_tag` VALUES ('9754', '细分', '0');
INSERT INTO `jc_content_tag` VALUES ('9762', '变革', '0');
INSERT INTO `jc_content_tag` VALUES ('9763', '之路', '0');
INSERT INTO `jc_content_tag` VALUES ('9775', '做好', '0');
INSERT INTO `jc_content_tag` VALUES ('9795', '模式', '0');
INSERT INTO `jc_content_tag` VALUES ('9796', '如何做', '0');
INSERT INTO `jc_content_tag` VALUES ('9799', '中小企业', '0');
INSERT INTO `jc_content_tag` VALUES ('9800', '小企业', '0');
INSERT INTO `jc_content_tag` VALUES ('9801', '提升', '0');
INSERT INTO `jc_content_tag` VALUES ('9841', '下半年', '0');
INSERT INTO `jc_content_tag` VALUES ('9842', '下半', '0');
INSERT INTO `jc_content_tag` VALUES ('9843', '半年', '0');
INSERT INTO `jc_content_tag` VALUES ('9846', '大战', '0');
INSERT INTO `jc_content_tag` VALUES ('9860', '巨大', '0');
INSERT INTO `jc_content_tag` VALUES ('9901', '定做', '0');
INSERT INTO `jc_content_tag` VALUES ('9902', '需知', '0');
INSERT INTO `jc_content_tag` VALUES ('9903', '知道', '0');
INSERT INTO `jc_content_tag` VALUES ('9904', '步骤', '0');
INSERT INTO `jc_content_tag` VALUES ('9918', '辨别', '0');
INSERT INTO `jc_content_tag` VALUES ('9919', '好坏', '0');
INSERT INTO `jc_content_tag` VALUES ('10149', '小心', '0');
INSERT INTO `jc_content_tag` VALUES ('10183', '防癌', '0');
INSERT INTO `jc_content_tag` VALUES ('10185', '畏寒', '0');
INSERT INTO `jc_content_tag` VALUES ('10187', '当道', '0');
INSERT INTO `jc_content_tag` VALUES ('10188', '驱寒', '0');
INSERT INTO `jc_content_tag` VALUES ('10189', '保暖', '0');
INSERT INTO `jc_content_tag` VALUES ('10195', '对症', '0');
INSERT INTO `jc_content_tag` VALUES ('10198', '谨记', '0');
INSERT INTO `jc_content_tag` VALUES ('10211', '冬天', '0');
INSERT INTO `jc_content_tag` VALUES ('10212', '不畏', '0');
INSERT INTO `jc_content_tag` VALUES ('10224', '气虚', '0');
INSERT INTO `jc_content_tag` VALUES ('10226', '益气', '0');
INSERT INTO `jc_content_tag` VALUES ('10236', '汤圆', '0');
INSERT INTO `jc_content_tag` VALUES ('10251', '护好', '0');
INSERT INTO `jc_content_tag` VALUES ('10254', '补过', '0');
INSERT INTO `jc_content_tag` VALUES ('10268', '南北', '0');
INSERT INTO `jc_content_tag` VALUES ('10286', '食补', '0');
INSERT INTO `jc_content_tag` VALUES ('10294', '防病', '0');
INSERT INTO `jc_content_tag` VALUES ('10295', '消食', '0');
INSERT INTO `jc_content_tag` VALUES ('10301', '过冬', '0');
INSERT INTO `jc_content_tag` VALUES ('10308', '首选', '0');
INSERT INTO `jc_content_tag` VALUES ('10317', '抗寒', '0');
INSERT INTO `jc_content_tag` VALUES ('10328', '掌握', '0');
INSERT INTO `jc_content_tag` VALUES ('10337', '助你', '0');
INSERT INTO `jc_content_tag` VALUES ('10341', '疾病', '0');
INSERT INTO `jc_content_tag` VALUES ('10353', '秋冬', '0');
INSERT INTO `jc_content_tag` VALUES ('10380', '选择', '0');
INSERT INTO `jc_content_tag` VALUES ('10425', '养生茶', '0');
INSERT INTO `jc_content_tag` VALUES ('10426', '生津', '0');
INSERT INTO `jc_content_tag` VALUES ('10427', '天寒', '0');
INSERT INTO `jc_content_tag` VALUES ('10428', '生药', '0');
INSERT INTO `jc_content_tag` VALUES ('10429', '补肾阳', '0');
INSERT INTO `jc_content_tag` VALUES ('10430', '小型', '0');
INSERT INTO `jc_content_tag` VALUES ('10432', '状元', '0');
INSERT INTO `jc_content_tag` VALUES ('10433', '喝汤', '0');
INSERT INTO `jc_content_tag` VALUES ('10434', '自制', '0');
INSERT INTO `jc_content_tag` VALUES ('10435', '2多', '0');
INSERT INTO `jc_content_tag` VALUES ('10436', '过好', '0');
INSERT INTO `jc_content_tag` VALUES ('10437', '活血', '0');
INSERT INTO `jc_content_tag` VALUES ('10438', '内服', '0');
INSERT INTO `jc_content_tag` VALUES ('10439', '外用', '0');
INSERT INTO `jc_content_tag` VALUES ('10440', '两相宜', '0');
INSERT INTO `jc_content_tag` VALUES ('10441', '两相', '0');
INSERT INTO `jc_content_tag` VALUES ('10442', '相宜', '0');
INSERT INTO `jc_content_tag` VALUES ('10443', '吃不上', '0');
INSERT INTO `jc_content_tag` VALUES ('10444', '阳虚', '0');
INSERT INTO `jc_content_tag` VALUES ('10445', '这个', '0');
INSERT INTO `jc_content_tag` VALUES ('10446', '畏冷', '0');
INSERT INTO `jc_content_tag` VALUES ('10447', '预防为主', '0');
INSERT INTO `jc_content_tag` VALUES ('10448', '开启', '0');
INSERT INTO `jc_content_tag` VALUES ('10449', '五色', '0');
INSERT INTO `jc_content_tag` VALUES ('10450', '豆类', '0');
INSERT INTO `jc_content_tag` VALUES ('10451', '五脏', '0');
INSERT INTO `jc_content_tag` VALUES ('10452', '合理', '0');
INSERT INTO `jc_content_tag` VALUES ('10453', '要想', '0');
INSERT INTO `jc_content_tag` VALUES ('10454', '聪明', '0');
INSERT INTO `jc_content_tag` VALUES ('10455', '吃鱼', '0');
INSERT INTO `jc_content_tag` VALUES ('10456', '草鱼', '0');
INSERT INTO `jc_content_tag` VALUES ('10457', '开胃', '0');
INSERT INTO `jc_content_tag` VALUES ('10458', '自测', '0');
INSERT INTO `jc_content_tag` VALUES ('10459', '咳嗽', '0');
INSERT INTO `jc_content_tag` VALUES ('10460', '多种', '0');
INSERT INTO `jc_content_tag` VALUES ('10461', '黑色', '0');
INSERT INTO `jc_content_tag` VALUES ('10462', '不求', '0');
INSERT INTO `jc_content_tag` VALUES ('10463', '求医', '0');
INSERT INTO `jc_content_tag` VALUES ('10464', '大公开', '0');
INSERT INTO `jc_content_tag` VALUES ('10465', '大公', '0');
INSERT INTO `jc_content_tag` VALUES ('10466', '助养', '0');
INSERT INTO `jc_content_tag` VALUES ('10467', '开冬', '0');
INSERT INTO `jc_content_tag` VALUES ('10468', '冬至', '0');
INSERT INTO `jc_content_tag` VALUES ('10469', '防寒', '0');
INSERT INTO `jc_content_tag` VALUES ('10470', '正应', '0');
INSERT INTO `jc_content_tag` VALUES ('10471', '应时', '0');
INSERT INTO `jc_content_tag` VALUES ('10472', '不要', '0');
INSERT INTO `jc_content_tag` VALUES ('10473', '根治', '0');
INSERT INTO `jc_content_tag` VALUES ('10474', '血虚', '0');
INSERT INTO `jc_content_tag` VALUES ('10475', '滋补药', '0');
INSERT INTO `jc_content_tag` VALUES ('10476', '补足', '0');
INSERT INTO `jc_content_tag` VALUES ('10477', '菜市场', '0');
INSERT INTO `jc_content_tag` VALUES ('10478', '菜市', '0');
INSERT INTO `jc_content_tag` VALUES ('10479', '寻宝', '0');
INSERT INTO `jc_content_tag` VALUES ('10480', '大修', '0');
INSERT INTO `jc_content_tag` VALUES ('10481', '内脏', '0');
INSERT INTO `jc_content_tag` VALUES ('10482', '生病', '0');
INSERT INTO `jc_content_tag` VALUES ('10483', '过头', '0');
INSERT INTO `jc_content_tag` VALUES ('10484', '口舌', '0');
INSERT INTO `jc_content_tag` VALUES ('10485', '克服', '0');
INSERT INTO `jc_content_tag` VALUES ('10486', '小毛病', '0');
INSERT INTO `jc_content_tag` VALUES ('10487', '小毛', '0');
INSERT INTO `jc_content_tag` VALUES ('10488', '毛病', '0');
INSERT INTO `jc_content_tag` VALUES ('10489', '便秘', '0');
INSERT INTO `jc_content_tag` VALUES ('10490', '对策', '0');
INSERT INTO `jc_content_tag` VALUES ('10491', '美容', '0');
INSERT INTO `jc_content_tag` VALUES ('10492', '东西南北', '0');
INSERT INTO `jc_content_tag` VALUES ('10493', '东西', '0');
INSERT INTO `jc_content_tag` VALUES ('10494', '西南', '0');
INSERT INTO `jc_content_tag` VALUES ('10495', '烤肉', '0');
INSERT INTO `jc_content_tag` VALUES ('10496', '妙招', '0');
INSERT INTO `jc_content_tag` VALUES ('10497', '防上', '0');
INSERT INTO `jc_content_tag` VALUES ('10498', '负担', '0');
INSERT INTO `jc_content_tag` VALUES ('10499', '不好', '0');
INSERT INTO `jc_content_tag` VALUES ('10500', '好吃', '0');
INSERT INTO `jc_content_tag` VALUES ('10501', '猪肚', '0');
INSERT INTO `jc_content_tag` VALUES ('10502', '肠胃', '0');
INSERT INTO `jc_content_tag` VALUES ('10503', '湿热', '0');
INSERT INTO `jc_content_tag` VALUES ('10504', '热体', '0');
INSERT INTO `jc_content_tag` VALUES ('10505', '浮肿', '0');
INSERT INTO `jc_content_tag` VALUES ('10506', '生饮', '0');
INSERT INTO `jc_content_tag` VALUES ('10507', '大雪', '0');
INSERT INTO `jc_content_tag` VALUES ('10508', '五行', '0');
INSERT INTO `jc_content_tag` VALUES ('10509', '虚实', '0');
INSERT INTO `jc_content_tag` VALUES ('10510', '实有', '0');
INSERT INTO `jc_content_tag` VALUES ('10511', '有别', '0');
INSERT INTO `jc_content_tag` VALUES ('10512', '要对', '0');
INSERT INTO `jc_content_tag` VALUES ('10513', '凶手', '0');
INSERT INTO `jc_content_tag` VALUES ('10514', '饭后', '0');
INSERT INTO `jc_content_tag` VALUES ('10515', '助消化', '0');
INSERT INTO `jc_content_tag` VALUES ('10516', '消化', '0');
INSERT INTO `jc_content_tag` VALUES ('10517', '小建', '0');
INSERT INTO `jc_content_tag` VALUES ('10518', '肝病', '0');
INSERT INTO `jc_content_tag` VALUES ('10519', '口感', '0');
INSERT INTO `jc_content_tag` VALUES ('10520', '吸收', '0');
INSERT INTO `jc_content_tag` VALUES ('10521', '要点', '0');
INSERT INTO `jc_content_tag` VALUES ('10522', '循环', '0');
INSERT INTO `jc_content_tag` VALUES ('10523', '强身', '0');
INSERT INTO `jc_content_tag` VALUES ('10524', '暖手', '0');
INSERT INTO `jc_content_tag` VALUES ('10526', '面子', '0');
INSERT INTO `jc_content_tag` VALUES ('10527', '到外', '0');
INSERT INTO `jc_content_tag` VALUES ('10528', '心肝', '0');
INSERT INTO `jc_content_tag` VALUES ('10529', '菠菜', '0');
INSERT INTO `jc_content_tag` VALUES ('10530', '妙用', '0');
INSERT INTO `jc_content_tag` VALUES ('10531', '健脾', '0');
INSERT INTO `jc_content_tag` VALUES ('10532', '去皮', '0');
INSERT INTO `jc_content_tag` VALUES ('10533', '学问', '0');
INSERT INTO `jc_content_tag` VALUES ('10534', '穿衣戴帽', '0');
INSERT INTO `jc_content_tag` VALUES ('10535', '穿衣', '0');
INSERT INTO `jc_content_tag` VALUES ('10536', '戴帽', '0');
INSERT INTO `jc_content_tag` VALUES ('10537', '还需', '0');
INSERT INTO `jc_content_tag` VALUES ('10538', '内调', '0');
INSERT INTO `jc_content_tag` VALUES ('10539', '伤风感冒', '0');
INSERT INTO `jc_content_tag` VALUES ('10540', '伤风', '0');
INSERT INTO `jc_content_tag` VALUES ('10541', '搞定', '0');
INSERT INTO `jc_content_tag` VALUES ('10542', '凉拌菜', '0');
INSERT INTO `jc_content_tag` VALUES ('10543', '降火', '0');
INSERT INTO `jc_content_tag` VALUES ('10544', '健胃', '0');
INSERT INTO `jc_content_tag` VALUES ('10546', '方法', '0');
INSERT INTO `jc_content_tag` VALUES ('10547', '各种', '0');
INSERT INTO `jc_content_tag` VALUES ('10548', '白食', '0');
INSERT INTO `jc_content_tag` VALUES ('10549', '提醒', '0');
INSERT INTO `jc_content_tag` VALUES ('10550', '别让', '0');
INSERT INTO `jc_content_tag` VALUES ('10551', '成为', '0');
INSERT INTO `jc_content_tag` VALUES ('10552', '一碗', '0');
INSERT INTO `jc_content_tag` VALUES ('10553', '五谷', '0');
INSERT INTO `jc_content_tag` VALUES ('10554', '热补', '0');
INSERT INTO `jc_content_tag` VALUES ('10555', '不妨', '0');
INSERT INTO `jc_content_tag` VALUES ('10556', '吃醋', '0');
INSERT INTO `jc_content_tag` VALUES ('10557', '增强体质', '0');
INSERT INTO `jc_content_tag` VALUES ('10558', '各异', '0');
INSERT INTO `jc_content_tag` VALUES ('10559', '牛羊肉', '0');
INSERT INTO `jc_content_tag` VALUES ('10560', '牛羊', '0');
INSERT INTO `jc_content_tag` VALUES ('10561', '母鸭', '0');
INSERT INTO `jc_content_tag` VALUES ('10562', '喝粥', '0');
INSERT INTO `jc_content_tag` VALUES ('10563', '大米粥', '0');
INSERT INTO `jc_content_tag` VALUES ('10564', '米粥', '0');
INSERT INTO `jc_content_tag` VALUES ('10565', '防风', '0');
INSERT INTO `jc_content_tag` VALUES ('10566', '风寒', '0');
INSERT INTO `jc_content_tag` VALUES ('10567', '降血压', '0');
INSERT INTO `jc_content_tag` VALUES ('10568', '血压', '0');
INSERT INTO `jc_content_tag` VALUES ('10569', '换季', '0');
INSERT INTO `jc_content_tag` VALUES ('10570', '好不', '0');
INSERT INTO `jc_content_tag` VALUES ('10572', '怕冷', '0');
INSERT INTO `jc_content_tag` VALUES ('10573', '先别', '0');
INSERT INTO `jc_content_tag` VALUES ('10574', '别忙', '0');
INSERT INTO `jc_content_tag` VALUES ('10575', '忙着', '0');
INSERT INTO `jc_content_tag` VALUES ('10576', '分清', '0');
INSERT INTO `jc_content_tag` VALUES ('10577', '质对', '0');
INSERT INTO `jc_content_tag` VALUES ('10578', '冠军', '0');
INSERT INTO `jc_content_tag` VALUES ('10581', '要看', '0');
INSERT INTO `jc_content_tag` VALUES ('10582', '均衡', '0');
INSERT INTO `jc_content_tag` VALUES ('10583', '抗病', '0');
INSERT INTO `jc_content_tag` VALUES ('10588', '虚寒', '0');
INSERT INTO `jc_content_tag` VALUES ('10589', '秘诀', '0');
INSERT INTO `jc_content_tag` VALUES ('10590', '初冬', '0');
INSERT INTO `jc_content_tag` VALUES ('10591', '降温', '0');
INSERT INTO `jc_content_tag` VALUES ('10592', '一整', '0');
INSERT INTO `jc_content_tag` VALUES ('10593', '菌类', '0');
INSERT INTO `jc_content_tag` VALUES ('10594', '很给', '0');
INSERT INTO `jc_content_tag` VALUES ('10595', '补养', '0');
INSERT INTO `jc_content_tag` VALUES ('10596', '大肉', '0');
INSERT INTO `jc_content_tag` VALUES ('10597', '肉食', '0');
INSERT INTO `jc_content_tag` VALUES ('10598', '轻松', '0');
INSERT INTO `jc_content_tag` VALUES ('10599', '驱赶', '0');
INSERT INTO `jc_content_tag` VALUES ('10600', '应根据', '0');
INSERT INTO `jc_content_tag` VALUES ('10601', '根据', '0');
INSERT INTO `jc_content_tag` VALUES ('10602', '时令', '0');
INSERT INTO `jc_content_tag` VALUES ('10603', '进食', '0');
INSERT INTO `jc_content_tag` VALUES ('10604', '口臭', '0');
INSERT INTO `jc_content_tag` VALUES ('10605', '尴尬', '0');
INSERT INTO `jc_content_tag` VALUES ('10606', '则为', '0');
INSERT INTO `jc_content_tag` VALUES ('10607', '排忧', '0');
INSERT INTO `jc_content_tag` VALUES ('10608', '补水', '0');
INSERT INTO `jc_content_tag` VALUES ('10609', '抗老', '0');
INSERT INTO `jc_content_tag` VALUES ('10610', '蔬果', '0');
INSERT INTO `jc_content_tag` VALUES ('10611', '适宜', '0');
INSERT INTO `jc_content_tag` VALUES ('10612', '宜在', '0');
INSERT INTO `jc_content_tag` VALUES ('10743', '阿胶', '0');
INSERT INTO `jc_content_tag` VALUES ('10744', '不成', '0');
INSERT INTO `jc_content_tag` VALUES ('10745', '上火', '0');
INSERT INTO `jc_content_tag` VALUES ('10746', '养人', '0');
INSERT INTO `jc_content_tag` VALUES ('10747', '避开', '0');
INSERT INTO `jc_content_tag` VALUES ('10748', '重视', '0');
INSERT INTO `jc_content_tag` VALUES ('10749', '坚守', '0');
INSERT INTO `jc_content_tag` VALUES ('10750', '八分', '0');
INSERT INTO `jc_content_tag` VALUES ('10751', '送礼', '0');
INSERT INTO `jc_content_tag` VALUES ('10752', '反季节', '0');
INSERT INTO `jc_content_tag` VALUES ('10753', '季节', '0');
INSERT INTO `jc_content_tag` VALUES ('10754', '节水', '0');
INSERT INTO `jc_content_tag` VALUES ('10755', '致病', '0');
INSERT INTO `jc_content_tag` VALUES ('10776', '进补', '0');
INSERT INTO `jc_content_tag` VALUES ('10777', '改善', '0');
INSERT INTO `jc_content_tag` VALUES ('10787', '羊肉', '0');
INSERT INTO `jc_content_tag` VALUES ('10788', '补益', '0');
INSERT INTO `jc_content_tag` VALUES ('10789', '双丰收', '0');
INSERT INTO `jc_content_tag` VALUES ('10790', '双丰', '0');
INSERT INTO `jc_content_tag` VALUES ('10791', '丰收', '0');
INSERT INTO `jc_content_tag` VALUES ('10792', '佳肴', '0');
INSERT INTO `jc_content_tag` VALUES ('10793', '美味', '0');
INSERT INTO `jc_content_tag` VALUES ('10794', '最给', '0');
INSERT INTO `jc_content_tag` VALUES ('10795', '地瓜', '0');
INSERT INTO `jc_content_tag` VALUES ('10796', '山药', '0');
INSERT INTO `jc_content_tag` VALUES ('10797', '土豆', '0');
INSERT INTO `jc_content_tag` VALUES ('10798', '薯类', '0');
INSERT INTO `jc_content_tag` VALUES ('10799', '料理', '0');
INSERT INTO `jc_content_tag` VALUES ('10800', '吃尽', '0');
INSERT INTO `jc_content_tag` VALUES ('10801', '秋季', '0');
INSERT INTO `jc_content_tag` VALUES ('10802', '更添', '0');
INSERT INTO `jc_content_tag` VALUES ('10803', '活力', '0');
INSERT INTO `jc_content_tag` VALUES ('10804', '三点', '0');
INSERT INTO `jc_content_tag` VALUES ('10805', '药膳', '0');
INSERT INTO `jc_content_tag` VALUES ('10806', '滋养', '0');
INSERT INTO `jc_content_tag` VALUES ('10807', '素色', '0');
INSERT INTO `jc_content_tag` VALUES ('10808', '食谱', '0');
INSERT INTO `jc_content_tag` VALUES ('10809', '清热', '0');
INSERT INTO `jc_content_tag` VALUES ('10810', '火气', '0');
INSERT INTO `jc_content_tag` VALUES ('10811', '舒缓', '0');
INSERT INTO `jc_content_tag` VALUES ('10812', '白色', '0');
INSERT INTO `jc_content_topic` VALUES ('57', '1');
INSERT INTO `jc_content_topic` VALUES ('190', '1');
INSERT INTO `jc_content_topic` VALUES ('225', '1');
INSERT INTO `jc_content_topic` VALUES ('57', '2');
INSERT INTO `jc_content_topic` VALUES ('190', '2');
INSERT INTO `jc_content_topic` VALUES ('225', '2');
INSERT INTO `jc_content_topic` VALUES ('47', '3');
INSERT INTO `jc_content_topic` VALUES ('48', '3');
INSERT INTO `jc_content_topic` VALUES ('49', '3');
INSERT INTO `jc_content_topic` VALUES ('57', '3');
INSERT INTO `jc_content_topic` VALUES ('190', '3');
INSERT INTO `jc_content_topic` VALUES ('225', '3');
INSERT INTO `jc_content_txt` VALUES ('34', '<p>　　据新华社电 据中国空间技术研究院有关专家介绍，2013年，我国有望利用长征三号乙运载火箭发射自主火星探测器。我国航天工业部门已先期启动了基于探月一二期技术的自主火星探测器研究和方案设计工作，目前正在积极开展技术攻关。据悉，我国自主火星探测器的科学载荷重量达100公斤以上，科学探测能力将大大提高。</p>\r\n<p>　　火星作为太阳系中最近似地球的天体之一，对人类有一种天然的吸引力。火星探测是21世纪人类深空探测的重点之一，我国正在积极开展火星自主探测的相关研究。</p>\r\n<p>　　据介绍，2011年，我国将与俄罗斯合作共同探测火星。我国首个火星探测器&ldquo;萤火一号&rdquo;原计划于2009年10月和俄罗斯的&ldquo;福布斯－土壤&rdquo;卫星一起，搭乘&ldquo;天顶&rdquo;号运载火箭从拜科努尔航天中心发射升空，后因故推迟到2011年10月。</p>\r\n<p>　　目前，世界各主要航天国家都将深空探测视为重要战略性领域，各国未来深空探测规划涵盖整个太阳系。在世界各国未来探测规划中，较为关注的探测目标是月球、火星、金星和小行星。我国的深空探测活动起步于月球，到目前为止，我国共实施了两次月球探测。</p>\r\n<div style=\"height: 0px; clear: both; overflow: hidden\">&nbsp;</div>', null, null, null);
INSERT INTO `jc_content_txt` VALUES ('35', '\n<p>　　本报讯 (记者易靖)昨天，首都机场运送旅客14万人次。受暴雪天气影响，约30个飞赴欧美的航班延误。</p>\n\n<p>　　据了解，新年首日，首都机场运送旅客17万人次，与平时相比变化不大。多数旅客是从北京出发赴厦门、海南等地旅游。北京至海南航班机票早在一周前就已经全部售完。昨天，首都机场运送旅客14万人次。今天，预计运送旅客数量较多，为19万人次左右。</p>\n\n<p>　　虽然国内多个地区有雨雪天气，但首都机场国内航班未受影响。但受欧美部分地区暴雪影响，首都机场飞赴欧美部分航班受到影响。前天，25个飞往欧美航班被取消。昨天，飞往莫斯科、巴黎等地约30个航班延误。</p>\n\n<p>　　首都机场提醒旅客，去往欧美的旅客及时与航空公司联系，随时咨询最新消息，以免影响行程。</p> <div style=\"clear:both;height:0;visibility:hiddden;overflow:hidden;\"></div>\n', null, null, null);
INSERT INTO `jc_content_txt` VALUES ('36', '\n<p>　　据中央人民广播电台《金陵晚报》报道 从2010年12月30日到2011年1月2日凌晨，江苏省盐城市建湖县3天发生31起小地震，部分居民产生恐慌情绪。江苏省地震局2日就此表示，该地区近期没有发生大地震迹象，但不排除继续发生有感地震。</p>\n\n<p><strong>　　&gt;&gt;居民</strong></p>\n\n<p><strong>　　小腿随地面抖动</strong></p>\n\n<p>　　1月1日17时08分，建湖县高作镇的王金厚全家人正在吃晚饭，他突然感到地面在晃动，小腿也跟着抖起来。同时，他听到二楼邻居厨房间碗盆的撞击声，时间持续大约5秒钟。紧接着，楼上很多人往楼下冲，大家都有些慌张。发生地震后，很多居民不敢回家睡觉，一直在外面徘徊。</p>\n\n<p>　　据盐城地震台报告，这次地震为3.5级，造成当地部分群众有震感，震中在建湖县钟庄，盐城地震台电话接连不断。</p>\n\n<p><strong>　　&gt;&gt;地震局</strong></p>\n\n<p><strong>　　三天内地震31次</strong></p>\n\n<p>　　据江苏省地震局介绍，2010年12月30日23时57分，建湖钟庄发生ML2.1级地震。该局随即展开会商讨论，专家们认为，这次地震是正常的能量释放。到2011年1月1日，地震开始高频率出现，有感地震就发生了3次。截至2日下午，江苏省地震局没接到地震造成破坏的报告。</p>\n\n<p>　　江苏建湖位于江淮里下河平原地区。据盐城市地震局有关人士介绍，从2010年12月30日6时56分45秒至2011年1月2日6时32分24.2秒，建湖县境内钟庄连续发生31次地震，最大一次震级为里氏3.5级的有感地震，周边的草堰口、冈西、建湖县城有震感，这次连续小震属于钟庄小地震群，震级较小，没有造成人员伤亡及财产损失。尽管震级不大，但是当地居民还是产生了一些恐慌情绪。</p>\n\n<p><strong>　　系正常能量释放</strong></p>\n\n<p>　　地震为何震感如此明显？小地震为何高频率发生？江苏近期还会不会发生地震？江苏省地震局办公室主任龚寿荣2日就此做了解答。据龚寿荣介绍，“这次地震属于构造性地震，震中有可能位于洪泽沟敦断裂带上，这条断裂带在上世纪90年代多次发生过地震，其中最大的是4.8级。”小地震是正常能量释放，不具备破坏性，破坏性地震要达到5级以上。</p>\n\n<p>　　这次地震发生后，江苏省地震局经综合会商认为：这一地区虽有小地震发生，但地震活动强度弱，目前全省地震观测数据资料分析正常，近期该地区及全省不会发生破坏性地震。但专家也认为，该地区不排除会有有感地震的发生，他们会密切留意这次地震后的后续情况，“地震部门已经增加了流动地震监测点，也会在第一时间将有关监测情况向公众发布。”</p> \n', null, null, null);
INSERT INTO `jc_content_txt` VALUES ('37', '<p>　　近两日，贵州、湖南出现凝冻天气，公路路面大面积结冰，并对电网运行造成影响，贵州省绝大多数高速公路被迫关闭。万余人滞留贵州各客运站场。湖南境内往贵州方向车辆滞留约10公里，数千名驾乘人员被困。滞留广西南丹的车辆已达1500辆，受困群众增至近8000人。</p>\r\n<!-- 播放器 begin --><!-- flash player begin -->\r\n<p><style type=\"text/css\">\r\n				p .contentPlayer{margin-top:10px;}\r\n				.contentPlayer{float:left;width:336px;height:322px;background:url(http://i0.sinaimg.cn/cj/video_bg.png) no-repeat 0 0;margin:0 10px 10px -10px;*margin-right:7px;padding:1px 10px;_display:inline}\r\n				.contentPlayer a{text-decoration:underline;font-size:12px!important;}\r\n				.cp_player{padding:14px 0 0;text-align:center;height:249px;display:block;}\r\n				.cp_tit{padding:10px 0 0 18px;font-size:12px!important;line-height:20px!important;display:block;}\r\n				.cp_from{padding:0 0 0 18px;font-size:12px!important;line-height:20px!important;display:block;}\r\n				</style><span class=\"contentPlayer\"><span class=\"cp_tit\"><a target=\"_blank\" style=\"font-weight: normal\" href=\"http://video.sina.com.cn/p/news/c/v/2011-01-02/185561225743.html\">视频：贵州瓮安路面结冰致交通陷入瘫痪</a></span> <span class=\"cp_from\" style=\"font-weight: normal\">来源：CCTV新闻频道</span> </span><script type=\"text/javascript\">\r\nvar sinaBokePlayerConfig_o = {\r\n	container: \"p_player\",  //Div容器的id\r\n	playerWidth:298,     //宽\r\n	playerHeight:250,    //高\r\n	autoLoad: 0,        //自动加载\r\n	autoPlay: 0,        //自动播放\r\n	as: 0,              //广告\r\n	tj:0             //推荐\r\n};\r\n</script><script src=\"http://v.sina.com.cn/js/pg/play/playflash.js\" type=\"text/javascript\"></script><!-- flash player end --><script language=\"javascript\" type=\"text/javascript\">\r\n\r\nsinaBokePlayerConfig_o.autoLoad = 0;\r\nsinaBokePlayerConfig_o.autoPlay = 0;\r\nSinaBokePlayer_o.addVars(\"vid\", 44490466);\r\nSinaBokePlayer_o.addVars(\"as\", 0);\r\nSinaBokePlayer_o.addVars(\"logo\", 0);\r\nSinaBokePlayer_o.addVars(\"pid\", 1);\r\nSinaBokePlayer_o.addVars(\"head\", 0);\r\nSinaBokePlayer_o.addVars(\"tjAD\", 0);\r\nSinaBokePlayer_o.addVars(\"tj\", 0);\r\n\r\n	SinaBokePlayer_o.addVars(\"vblog\", 2);\r\n	SinaBokePlayer_o.addVars(\"singleRss\", \"http://video.sina.com.cn/iframe/fourlists/p/news/c/v/2011-01-02/185561225743.xml\");\r\nSinaBokePlayer_o.showFlashPlayer();\r\n</script><!-- 播放器 end --></p>\r\n<p>　　启动凝冻灾害Ⅲ级响应</p>\r\n<p>　　2010年12月31日夜间至2011年1月2日8时，贵州中北部地区累计有62个县(市、区)出现冻雨，出现道路结冰和电线积冰。全省气温普遍在0℃以下。同时，湖南也有35县市出现冰冻，目前，灾情仍在持续加重。</p>\r\n<p>　　2日，贵州电网有45条110KV及以上线路覆冰厚度已达13毫米。目前，贵州500KV福青线和220KV习鸭线融冰装置已启动。</p>\r\n<p>　　贵州省2日启动凝冻灾害Ⅲ级应急响应。贵州省民政部门紧急向黔南州调拨救灾棉被1000床、棉衣1000件。</p>\r\n<p>　　贵州近2万人困在路途</p>\r\n<p>　　从1日开始，贵州省内的多条公路相继关闭。目前除镇胜高速仅部分路段封闭外，其他高速公路均已全部封闭。经交通部门初步排查，高速公路滞留车辆数千台、人员6200余人，此外国省干线还滞留至少600人，全省各客运站场滞留旅客万余人。</p>\r\n<p>　　贵州多个部门相继启动应急预案，已将数百名被困人员护送到附近的乡镇政府和服务区休息，并对凝冻路段和桥面进行防滑防冻处理。民政部门已在车辆滞留较多的贵新高速贵定段、马场坪段等设立了多个救助点，发放棉被、棉衣、矿泉水及食物等物资。</p>\r\n<p><strong>　　广西南丹车辆绵延15公里</strong></p>\r\n<p>　　截至2日17时，因贵新高速公路封路而滞留南丹的车辆已达1500辆，受困群众增至近8000人，被困车辆绵延15公里。</p>\r\n<p>　　目前南丹境内气温只有0℃-3℃，保障受困群众基本生活成为头等大事。南丹县委宣传部表示，对生活必需品，当地政府部门将&ldquo;能供应多少供应多少&rdquo;，然而，由于堵车路段较长，受困群众较多，&ldquo;供应难度非常大&rdquo;。</p>\r\n<p>　<strong>　沪昆高速湖南段严重堵车</strong></p>\r\n<p>　　因贵州境内高速公路封闭，导致贯穿中国东西部的公路交通主动脉沪昆(上海至昆明)高速湖南怀新(怀化至新晃)路段、新晃至贵州大龙段严重堵车，湖南境内往贵州方向车辆滞留约10公里，新晃至大龙段滞留车辆700余台。目前虽经两省路政部门积极疏导，但由于大雪和冻雨持续，交通状况依然严峻。</p>\r\n<p>　　截至2日20时，滞留的133台客运车辆、6000多名旅客已疏导至新晃县城。除部分车主因不愿意下行国道而仍然滞留高速公路以外，近600台货车已疏导疏散200多台。</p>\r\n<p>　　据新华社电</p>\r\n<!-- 2009-08-04 zhaokai begin -->\r\n<p><style type=\"text/css\">\r\n.blk-video{float:left;background:url(http://i0.sinaimg.cn/ent/deco/2009/0804/cv_m_02.png) no-repeat 0 0;height:89px;clear:left;}\r\n.blk-video-l{float:left;width:125px;overflow:hidden; text-align:center;padding:5px 2px 0 0;}\r\n.blk-video-l img{border:1px solid #d0ddee;padding:3px;background:#f7f7f9;}\r\n.blk-video-l a:hover img{border-color:#e55c5c;}\r\n.blk-video-r{float:left;padding:10px 15px 0 13px;background:url(http://i0.sinaimg.cn/ent/deco/2009/0804/cv_m_02.png) no-repeat 100% 0;height:79px;}\r\n.blk-v-tit{padding:5px 0 3px 2px ;line-height:20px;font-size:12px!important;float:left;clear:both;}\r\n.blk-v-tit a{text-decoration:underline;font-size:12px!important;}\r\n.blk-v-from{color:#000;line-height:18px;height:20px;font-size:12px!important;float:left;clear:both;}\r\na.blk-v-play,a.blk-v-play:visited{display:block; width:56px;height:18px;line-height:20px;padding:0 0 0 20px; background:url(http://i0.sinaimg.cn/dy/deco/2009/0629/picpic/vblue02.png) 0 0;color:#003a7f;text-decoration:none; white-space:nowrap;font-size:12px!important;float:left;clear:both;}\r\na.blk-v-play:hover{background-position:0 -100px; }\r\n.clearcl{clear:both;height:0;visibility:hiddden;overflow:hidden;}</style><br />\r\n&nbsp;</p>\r\n<div class=\"blk-video\">\r\n<div class=\"blk-video-l\"><a href=\"http://video.sina.com.cn/p/news/c/v/2011-01-02/185561225743.html\"><img alt=\"贵州湖南公路路面大面积结冰\" width=\"94\" height=\"71\" src=\"http://p.v.iask.com/526/4/44490466_0.jpg\" /></a></div>\r\n<div class=\"blk-video-r\">\r\n<div class=\"blk-v-tit\"><a href=\"http://video.sina.com.cn/p/news/c/v/2011-01-02/185561225743.html\">贵州瓮安路面结冰致交通陷入瘫痪 </a></div>\r\n<div class=\"blk-v-from\">来源：CCTV新闻频道</div>\r\n<a class=\"blk-v-play\" href=\"http://video.sina.com.cn/p/news/c/v/2011-01-02/185561225743.html\">播放视频</a></div>\r\n</div>\r\n<div class=\"clearcl\">&nbsp;</div>\r\n<!-- 2009-08-04 zhaokai end -->', null, null, null);
INSERT INTO `jc_content_txt` VALUES ('38', '\n<p>　　晨报讯 (记者 王歧丰)随着首钢完成最后的搬迁工作，投资近20亿元的长安街西延长线建设将在今年正式启动，道路全长约6.4公里，沿线拟设9座公交站。</p>\n\n<p>　　根据规划，长安街西延项目东起古城南路，向西经现在的首钢东大门、首钢厂区后，跨永定河经西六环路继续向西，终点至门头沟的三石路。石景山区区长周茂非近日在接受央视采访时，将这一路段称为“新十里长街”，要按照现在东、西长安街的标准，建成五上五下的城市快速路。</p>\n\n<p>　　周茂非说，跨越永定河的一段道路，将会成为长安街西延长线上最美丽的景观之一，届时在长安街与永定河相交的莲石湖段，将修建一座大桥，目前初步选定“龙凤呈祥”的方案，分为上下两层，上面是机动车通行，下面是人行通行。周茂非同时表示，未来的长安街西延线，不仅会成为北京旅游的新亮点，而且会成为一条财富大道，“新十里长街”两侧的土地资源，将释放出巨大的发展空间。</p>\n\n<p>　　记者还了解到，按照规划，长安街西延线拟定9座公交站。横跨永定河大桥的两个站点之间距离最长，达到1880米；而两站间距离最小的只有420米。在门头沟滨河路南，还将设置一座公交车站，接驳S1线。此外，根据道路宽度和车道数量，有望划定公交专线。</p> <div style=\"clear:both;height:0;visibility:hiddden;overflow:hidden;\"></div>\n', null, null, null);
INSERT INTO `jc_content_txt` VALUES ('39', '<p>　　晨报讯(记者 孙韬) 北京小伙娶上海或陕西姑娘，双方婚姻状况信息将上网可查。记者昨天从民政部获悉，&ldquo;十二五&rdquo;期间，<a target=\"_blank\" href=\"http://news.sina.com.cn/c/2011-01-03/011021749667.shtml\">婚姻登记信息将实现全国联网</a>，目前相关软硬件设施等正在逐步完备。北京、上海、陕西三地将从今年起先行试点。</p>\r\n<p>　　民政部日前召开婚姻登记规范化视频会议。会上透露，截至目前，全国多个省市婚登机关已实现婚姻登记网上预约、在线查询、婚姻档案信息检索等功能。婚姻登记信息实现省级联网的省份已由2005年的2个增加到现在的23个，省级联网率达到了74%。&ldquo;十二五&rdquo;期间，婚姻登记信息将实现全国联网。</p>\r\n<p>　　从今年起，京沪陕三地的婚姻登记信息将率先实现共享。也就是说，如果北京人与上海人或陕西人两地联姻，可以首先在网上查到对方婚姻的真实状况。同时，未来5年，本市户籍人口的婚姻状况信息都将被输入北京市婚姻登记信息数据库内。</p>\r\n<p>　　据民政部相关负责人介绍，目前已开发完成了&ldquo;全国婚姻登记管理信息系统&rdquo;和&ldquo;部、省两级婚姻登记数据交换系统&rdquo;，初步建成民政部婚姻登记数据中心，启动了部省两级婚姻信息实时交换与共享的试运行工作，为&ldquo;十二五&rdquo;实现全国联网打下基础。</p>\r\n<p>　　另据媒体报道，我国很多省市婚姻登记机关目前仍沿用旧的统计模式，部分省市的婚姻登记电脑软件仅局限于一般的办公自动化，各级婚姻登记机关独立操作、自成体系，未形成省级婚姻登记网络系统。</p>\r\n<div style=\"height: 0px; clear: both; overflow: hidden\">&nbsp;</div>', null, null, null);
INSERT INTO `jc_content_txt` VALUES ('40', '\n<p>　　近两日来，贵州出现凝冻天气，公路路面大面积结冰，并对电网运行造成影响，贵州省绝大多数高速公路被迫关闭，导致高速公路及全省各客运站场滞留旅客4万余人。为此，贵州省2日启动凝冻灾害Ⅲ级应急响应。</p><!-- 播放器 begin -->\n<!-- flash player begin -->\n\n				<style type=\"text/css\">\n				p .contentPlayer{margin-top:10px;}\n				.contentPlayer{float:left;width:336px;height:322px;background:url(http://i0.sinaimg.cn/cj/video_bg.png) no-repeat 0 0;margin:0 10px 10px -10px;*margin-right:7px;padding:1px 10px;_display:inline}\n				.contentPlayer a{text-decoration:underline;font-size:12px!important;}\n				.cp_player{padding:14px 0 0;text-align:center;height:249px;display:block;}\n				.cp_tit{padding:10px 0 0 18px;font-size:12px!important;line-height:20px!important;display:block;}\n				.cp_from{padding:0 0 0 18px;font-size:12px!important;line-height:20px!important;display:block;}\n				</style>\n				<span class=\"contentPlayer\">\n					<span class=\"cp_player\" id=\"p_player\"></span>\n										<span class=\"cp_tit\"><a target=\"_blank\" href=\"http://video.sina.com.cn/p/news/c/v/2011-01-02/175661225713.html\" style=\"font-weight:normal;\">视频：贵州出现冻雨全省高速公路封闭</a></span>\n					<span class=\"cp_from\" style=\"font-weight:normal;\">来源：CCTV新闻频道</span>\n\n				</span>\n\n<script type=\"text/javascript\">\nvar sinaBokePlayerConfig_o = {\n	container: \"p_player\",  //Div容器的id\n	playerWidth:298,     //宽\n	playerHeight:250,    //高\n	autoLoad: 0,        //自动加载\n	autoPlay: 0,        //自动播放\n	as: 0,              //广告\n	tj:0             //推荐\n};\n</script>\n\n<script src=\"http://v.sina.com.cn/js/pg/play/playflash.js\" type=\"text/javascript\"></script>\n\n<!-- flash player end -->\n\n<script language=\"javascript\" type=\"text/javascript\">\n\nsinaBokePlayerConfig_o.autoLoad = 0;\nsinaBokePlayerConfig_o.autoPlay = 0;\nSinaBokePlayer_o.addVars(\"vid\", 44415891);\nSinaBokePlayer_o.addVars(\"as\", 0);\nSinaBokePlayer_o.addVars(\"logo\", 0);\nSinaBokePlayer_o.addVars(\"pid\", 1);\nSinaBokePlayer_o.addVars(\"head\", 0);\nSinaBokePlayer_o.addVars(\"tjAD\", 0);\nSinaBokePlayer_o.addVars(\"tj\", 0);\n\n	SinaBokePlayer_o.addVars(\"vblog\", 2);\n	SinaBokePlayer_o.addVars(\"singleRss\", \"http://video.sina.com.cn/iframe/fourlists/p/news/c/v/2011-01-02/175661225713.xml\");\nSinaBokePlayer_o.showFlashPlayer();\n</script>\n\n<!-- 播放器 end -->\n\n<p>　　此外，贵州高速关闭还导致沪昆高速湖南怀新路段严重堵车，湖南境内往贵州方向车辆滞留约6公里，目前当地政府部门正全力救援被困高速公路的数千名驾乘人员。因贵新高速公路封路而滞留广西南丹的车辆已达1500辆，受困民众增至七八千人，被困车辆绵延15公里。</p>\n\n<p>　　预计1月2日白天到3日夜间，贵州省中北部地区阴天有冻雨或雨夹雪，其余地区阴天有小雨，凝冻仍将维持。</p>\n\n<p><strong>　　【贵州】</strong></p>\n\n<p><strong>　　全省仅一条高速部分开放</strong></p>\n\n<p><strong>　　部分地区有冻雨，大部分地区普遍道路结冰</strong></p>\n\n<p>　　受北方强冷空气持续影响，1月1日8时至2日8时，贵州省中北部地区有62个(市、区)出现冻雨，全省大部分地区气温在零摄氏度以下，普遍出现道路结冰和导线积冰现象。</p>\n\n<p>　　从1日傍晚开始，贵州境内高速公路开始陆续关闭，目前除镇胜高速仅部分路段封闭外，其他高速公路均已全部封闭。经交通部门初步排查，高速公路滞留车辆数千台、人员6200余人，此外国省干线还滞留至少600人，全省各客运站场滞留旅客万余人。</p>\n\n<p>　　近两日来，贵州多个部门相继启动应急预案，同时采取紧急措施，全力疏散和救援高速公路被困人员。贵州各级路政部门利用路政巡逻车，已将数百名被困人员护送到附近的乡镇政府和服务区休息，并对凝冻路段和桥面进行防滑防冻处理。民政部门已在车辆滞留较多的贵新高速贵定段、马场坪段等设立了多个救助点，发放棉被、棉衣、矿泉水及食物等物资。</p>\n\n<p>　　记者从南方电网贵州电网公司了解到，全省电网运行及电力供应基本稳定。据新华社电</p>\n\n<p><strong>　　【湖南】</strong></p>\n\n<p><strong>　　700多辆车半路被困高速</strong></p>\n\n<p><strong>　　6000多名旅客被疏导，数百货车仍停高速</strong></p>\n\n<p>　　1日夜间至2日凌晨，因贵州境内高速公路结冰严重，临时交通管制，封闭了与湖南交界的贵州一侧收费站，导致贯穿中国东西部的公路交通主动脉沪昆(上海至昆明)高速湖南怀新(怀化至新晃)路段严重堵车，湖南境内往贵州方向车辆滞留约6公里，目前虽经两省路政部门积极疏导，但由于大雪和冻雨持续，交通状况依然严峻。</p>\n\n<p>　　截至2日20时，滞留的133台客运车辆6000多名旅客已疏导至新晃县城。除部分车辆车主因不愿意下行国道而仍然滞留高速公路以外，近600台货车已疏导疏散200多台，预计至3日凌晨可疏导300多台。对滞留的司乘人员，该县组织了慰问组为他们送去矿泉水2000瓶、鸡蛋3000个、面包3000份、方便面1500盒等食品。</p>\n\n<p>　　1月2日8时，新晃县迅速启动应对冰冻雨雪应急预案。针对沪昆高速公路上滞留车辆问题，新晃专门成立应急处置小组，从2日早晨开始，该县协调沪昆高速公路新晃交警大队和县内交警、交通、公路等相关部门人员40余人，出动疏导车辆8台，对滞留新晃境内的司乘人员和旅客开展动员，疏导车辆从高速公路下行至320国道或城郊。据新华社电</p>\n\n<p><strong>　　【广西】</strong></p>\n\n<p><strong>　　南丹被困车辆绵延15公里</strong></p>\n\n<p><strong>　　受困者约八千人，当地免费发放食品</strong></p>\n\n<p>　　记者从广西壮族自治区河池市南丹县委宣传部获悉，截至2日17时，因贵新高速公路封路而滞留南丹的车辆已达1500辆，受困群众增至七八千人，被困车辆绵延15公里。当地政府正采取多项措施保障受困群众基本生活需要。</p>\n\n<p>　　受北方强冷空气影响，目前南丹境内气温只有0—3摄氏度，保障受困群众基本生活成为头等大事。为此，南丹县交通、公安、民政、医卫等各有关部门紧急联动，组织党员赶赴现场，维护车辆秩序，提供医疗服务，免费为受困群众发放食品和御寒衣物。</p>\n\n<p>　　南丹县委宣传部表示，对生活必需品，当地政府部门将“能供应多少供应多少”，然而，由于堵车路段较长，受困群众较多，“供应难度非常大”。据新华社电</p> <!-- 2009-08-04 zhaokai begin -->\n\n<style type=\"text/css\">\n.blk-video{float:left;background:url(http://i0.sinaimg.cn/ent/deco/2009/0804/cv_m_02.png) no-repeat 0 0;height:89px;clear:left;}\n.blk-video-l{float:left;width:125px;overflow:hidden; text-align:center;padding:5px 2px 0 0;}\n.blk-video-l img{border:1px solid #d0ddee;padding:3px;background:#f7f7f9;}\n.blk-video-l a:hover img{border-color:#e55c5c;}\n.blk-video-r{float:left;padding:10px 15px 0 13px;background:url(http://i0.sinaimg.cn/ent/deco/2009/0804/cv_m_02.png) no-repeat 100% 0;height:79px;}\n.blk-v-tit{padding:5px 0 3px 2px ;line-height:20px;font-size:12px!important;float:left;clear:both;}\n.blk-v-tit a{text-decoration:underline;font-size:12px!important;}\n.blk-v-from{color:#000;line-height:18px;height:20px;font-size:12px!important;float:left;clear:both;}\na.blk-v-play,a.blk-v-play:visited{display:block; width:56px;height:18px;line-height:20px;padding:0 0 0 20px; background:url(http://i0.sinaimg.cn/dy/deco/2009/0629/picpic/vblue02.png) 0 0;color:#003a7f;text-decoration:none; white-space:nowrap;font-size:12px!important;float:left;clear:both;}\na.blk-v-play:hover{background-position:0 -100px; }\n.clearcl{clear:both;height:0;visibility:hiddden;overflow:hidden;}\n</style>\n<br>\n<div class=\"blk-video\">\n	<div class=\"blk-video-l\">\n		<a href=\"http://video.sina.com.cn/p/news/c/v/2011-01-02/175661225713.html\"><img alt=贵州全省仅一条高速部分开放 src=\"http://p.v.iask.com/775/854/44415891_0.jpg\" width=\"94\" height=\"71\" alt=\"贵州出现冻雨全省高速公路封闭\n\" /></a>\n	</div>\n	<div class=\"blk-video-r\">\n		<div class=\"blk-v-tit\"><a href=\"http://video.sina.com.cn/p/news/c/v/2011-01-02/175661225713.html\">贵州出现冻雨全省高速公路封闭\n</a></div>\n\n		<div class=\"blk-v-from\">来源：CCTV新闻频道</div>\n		<a href=\"http://video.sina.com.cn/p/news/c/v/2011-01-02/175661225713.html\" class=\"blk-v-play\">播放视频</a>\n	</div>\n</div>\n<div class=\"clearcl\"></div>\n\n<!-- 2009-08-04 zhaokai end -->\n', null, null, null);
INSERT INTO `jc_content_txt` VALUES ('41', '\n<p>　　据新华社电 曾注明商品房限购政策“有效期限”至2010年12月31日的福州、厦门等部分城市日前决定，将顺延执行此项政策。业内人士及专家表示，政府继续“给力”限购在意料之中，而要切实缓解楼市反弹压力，则亟待扩大楼市供应。</p>\n\n<p><strong>　　多地“限购令”已到期</strong></p>\n\n<p>　　“限购令”首次登上房地产调控舞台是在2010年4月底北京出台的“国十条实施细则”中，随后有多个城市跟进出台了限购政策。其中，福州、厦门、海口、温州等部分城市在这项政策中都注明了“有效期限”至2010年12月31日。</p>\n\n<p>　　在过去一年里，“限购”加上“限贷”等调控组合拳很大程度上抑制了部分城市房地产的成交量。“但应引起注意的是，福州的房价并没有稳住，不少楼盘售价一涨再涨。部分原因是，大家都在等着政策到期后成交量的反弹。”福州大学房地产研究所所长王阿忠说。</p>\n\n<p>　　2010年10月10日，福州楼市正式出台了限制政策，对一手商品房执行“一户限购一套”等措施，受此影响，福州市一手房的实际签约量整体急速下滑，从10月份的3000多套，到11月大跌至1300多套，12月再跌至1200多套，而房价却一直稳居于每平方米1.2万元到1.4万元的高位。</p>\n\n<p><strong>　　房价存上涨冲动</strong></p>\n\n<p>　　“限购令”的顺延执行给开发商泼了一盆冷水。去年底，市场形势似乎逐渐“暖”了起来，福州、厦门等地不少开发商借着限购即将解禁之机，纷纷推出大批新房源，同时打出岁末优惠牌，打算提前“捂热”春节楼市。</p>\n\n<p>　　业内人士指出，如果“限购令”真的被解禁了，楼市大幅反弹的可能性就会很大。目前，限购城市不仅面临着量的反弹压力，房价也存在上涨的冲动。为此，地方政府除继续“给力”限购政策外，还须切实扩大楼市供应以及调整供应结构，继续加大保障房的建设和供应。</p> <div style=\"margin-right: 0px; margin-left: 0pt; padding-right: 0px;\" class=\"blkComment otherContent_01\"></div><div style=\"overflow:hidden;zoom:1;\" class=\"otherContent_01\">\n<p>　> <strong>相关报道：</strong></p><p>　　<a href=http://news.sina.com.cn/c/2010-12-31/112321741325.shtml target=_blank>住建部：热点城市房屋限购令将加强</a></p>\n<p>　　<a href=http://news.sina.com.cn/c/2010-12-31/073221739676.shtml target=_blank>多城市房地产限购令将到期 调控效果遭质疑</a></p>\n<p>　　<a href=http://news.sina.com.cn/c/2010-12-28/101821719712.shtml target=_blank>深圳规划国土委否认将取消住房限购令</a></p></div>\n', null, null, null);
INSERT INTO `jc_content_txt` VALUES ('42', '<p>　　&ldquo;我们现在被困在秀山县雅江镇至贵州省松桃县路途当中，快来救救我们吧。&rdquo;1日晚11时50分许，秀山消防接到了这样的报警。8名消防官兵接报后紧急赶往现场，在昨日凌晨1时许与报警者会合。</p>\r\n<p>　　据现场李女士介绍，他们是从重庆到湖南省凤凰古镇的自驾旅行团，车队有15辆小车，团员有40余名，都是重庆市民。本来出行倒还顺利，可谁都没有想到晚上天气寒冷，道路竟然开始结冰了。1日晚上8点多，车队行驶到秀山县雅江镇至贵州松桃县芽驾路段时，行驶在最前面的几辆车突然打滑，车辆掉到路边的排水沟内，无法动弹。</p>\r\n<p>　　被困游客告诉消防官兵，当时夜间气温突降至零下3℃左右，车队停在公路上进退两难，无奈之下，他们只好拨打了求救电话。</p>\r\n<p>　　目前，受困的40余市民已全部安全获救。</p>\r\n<p>　　昨日，记者从秀山当地交通部门获悉，重庆秀山至湖南凤凰路段已经结冰，提醒自驾游市民前往时务必谨慎。</p>\r\n<p>　　另外，1月1日，第一场冰雪突袭武陵山区，黔江区319线国道黔江至彭水路段的香山隧道路段、沙坝路段、黔洲桥平台路段积雪特别严重，路面全面霜冻。黔江交巡警支队紧急安排疏导，并用沙子、干稻草、工业盐、铲车铲除阻路的冰雪，确保了道路畅通。</p>\r\n<p>　　记者 夏祥洲 通讯员 任燕 摄影报道</p>\r\n<p>　　道路结冰第二次黄色预警</p>\r\n<p>　　气象局每三小时有滚动气象消息</p>\r\n<p>　　本报讯 记者从相关部门了解到，昨天有多条高速公路因为冰雪受到了管制。G65(包茂渝湘段)主线站&mdash;&mdash;&mdash;南川、彭水东&mdash;&mdash;&mdash;洪安已双向管制。G42(沪蓉)云阳&mdash;&mdash;&mdash;巫山管制。G75(兰海渝黔段)因协助贵州管制，出城车辆在东溪下道，出城货车在G75主线站分流，东溪、安稳出城方向入口管制。此外，G42(沪蓉)万州&mdash;&mdash;&mdash;开县也因冰雪双向管制。</p>\r\n<p>　　昨日，气象部门继续发布今年第二个道路结冰黄色预警，预计从昨天20时到3日14时，我市黔江、酉阳、秀山、石柱、武隆、彭水、南川、城口、巫溪、巫山、奉节、云阳、开县、梁平、垫江等地以及其余区县海拔600米以上的山区将出现道路结冰。</p>\r\n<p>　　市气象局从昨天上午11点起启动了3小时一次滚动预报，时间为11点、14点、17点、20点。市民出行前，可以拨打相关服务电话(12121和96121声讯)咨询路况和天气。记者 朱隽</p>\r\n<p>　　贵州湖南继续大范围冻雨</p>\r\n<p>　　贵州境内所有高速均封闭，由湘入黔车辆滞留约10公里，由桂入黔数千人滞留南丹</p>\r\n<p>　　1月1日至2日早晨，贵州、湖南等地持续出现雨雪天气，贵州大部、湖南西部等地出现大范围冻雨。截止到1月2日8时，贵州省中北部地区电线积冰直径普遍有25～40毫米，湘西冻雨厚度在3～12毫米。</p>\r\n<p>　　贵州所有高速公路因道路结冰实行临时交通管制，目前滞留在贵州高速公路上的车辆有数千台，乘客有6200余人。此外，由于贵州方面封闭210国道线毗邻广西路段，近千车辆滞留南丹境内，四五千人被困。湖南省湘西、湘北部分地区公路结冰严重，主要集中在怀化、湘西自治州、张家界和岳阳的部分路段，由湘入黔车辆滞留约10公里。</p>\r\n<p>　　预计未来两天贵州、湖南等地仍将出现冻雨天气。其中，2日，贵州大部、湖南西部和南部地区将有冻雨；3日，贵州中部、湖南西部偏南地区和南部仍然有冻雨；4日，本次冻雨天气基本结束。中国天气网</p>\r\n<p>　　长江中下游将现大范围雨雪</p>\r\n<p>　　随着冷空气东移南下，长江中下游地区将迎来大范围雨雪天气，降温加剧。</p>\r\n<p>　　在新一轮冷空气的影响下，新年伊始，全国大部地区的气温呈直线下降。截至1日下午2时，新疆北部、西藏西部、内蒙古东北部、黑龙江西部、吉林西部、辽宁中西部、四川盆地、贵州、重庆、湖北及江南大部普遍降温3摄氏度至8摄氏度。</p>\r\n<p>　　中央气象台预计，未来两天，青藏高原东部、西南地区东部等地有小到中雪(雨)或雨夹雪，其中，贵州东北部、湖南中部偏西的局部地区有大雪。新华社</p>', null, null, null);
INSERT INTO `jc_content_txt` VALUES ('43', '<p>　　本报讯(记者沈义)记者日前从重庆市检察院获悉，2010年，该市检察机关积极投入平安重庆建设，始终保持对黑恶犯罪的高压态势，在严厉打击黑恶势力犯罪的同时，深挖彻查黑恶势力背后的职务犯罪。该市三级检察机关依法批捕涉黑涉恶犯罪嫌疑人920人、起诉1219人，打掉43个涉黑团伙，深挖彻查黑恶势力背后的职务犯罪143件172人，其中&ldquo;保护伞&rdquo;47人。</p>\r\n<div style=\"height: 0px; clear: both; overflow: hidden\">&nbsp;</div>', null, null, null);
INSERT INTO `jc_content_txt` VALUES ('44', '\n<p>　　本报讯&nbsp;(记者杜丁)北京市城管执法局官方网站(www.bjcg.gov.cn)改版升级，“市民评城管”栏目被放在了网站的显著位置。市民不仅可以提意见，而且可以随时看到其他网友参与评说的结果。</p>\n\n<p>　　在“您最希望城管队员解决哪些问题”中，栏目根据城管的职责和人们关心的话题给出了10个选项，违法建设、无照经营、夜间烧烤、乱发小广告、加强执法风纪方面的监督……市民可以根据自己的意见进行选择；“您对城管工作的评价”分成了满意、基本满意、不满意3档；栏目还设置了给城管工作提建议和意见的对话框，市民可以直接通过网络提出自己对城管的看法和改进建议。</p>\n\n<p>　　市民不仅可以参与对城管的评价，还能查看别人参与的情况。记者注意到，随着小广告治理力度的加大，乱贴小广告已降到了城管最该解决问题的第6位，无照经营、违法建设和夜间烧烤位列前3，黑车经营、施工扰民的名次都“跑”到了小广告的前面，它们都是市民眼中最需要解决的问题。</p> <div style=\"clear:both;height:0;visibility:hiddden;overflow:hidden;\"></div>\n', null, null, null);
INSERT INTO `jc_content_txt` VALUES ('45', '\n<p>　　晨报讯 (记者 孙韬)今后，本市低保政策将引入财产审核制度。记者日前从市民政局获悉，民政部门将考虑通过与金融、公安、建设等部门建立联动机制，对低保人员的房产、汽车、存款等财产情况进行调查，并纳入低保审核指标。</p>\n\n<p>　　据市民政局有关负责人介绍，目前本市低保资格的审查主要通过收入来衡量，低保人员拥有的汽车、房屋等财产情况，由于缺乏相应的政策和法律依据，民政部门尚无途径掌握。</p>\n\n<p>　　此外，针对一些低保人员存在弹性就业、反复就业等情况，虽然民政部门对低保家庭的收入会定期进行动态审核，但对隐性收入无从核查。</p>\n\n<p>　　据悉，民政部门已开始对低保户家庭存在拥有房、车和隐性收入等情况进行关注。</p> <div style=\"clear:both;height:0;visibility:hiddden;overflow:hidden;\"></div>\n', null, null, null);
INSERT INTO `jc_content_txt` VALUES ('46', '\n<p>　　■《在押未决人员羁押表现评鉴制度实施办法》提出，法院依据鉴定表中反映的被告人在未判决前在押期间的表现，判定其是否具有从轻或从重情节，而增、减刑的幅度控制在三个月内。</p>\n\n<p>　　■在押未决人员的考评程序非常严格，首先是看守所开考评会议，驻所检察人员依法监督全过程；具体填写向法院递交的《在押未决人员月考评情况汇总表》时，必须有五个方面的意见，即管教民警、县看守所、县公安局、县检察院驻所检察室、县检察院，缺一不可。</p>\n\n<p>　　因涉嫌重大责任事故罪而被刑事拘留的黄某，日前领到了重庆市荣昌县法院的判决书。由于他在判决前的羁押期内表现良好，黄某在原判决的基础上，获得了三个月的减刑。&nbsp;</p>\n\n<p>　　对于在押未决人员的奖惩，我国目前没有明确的法律规定，而这恰恰成为在押未决人员难管的重要原因之一。&nbsp;</p>\n\n<p>　　为解决这一难题，荣昌县检察院在当地政法委主持下，与该县法院、公安局、司法局联合制定了在押未决人员羁押表现评鉴制度。黄某正是受益于此项制度的人员之一。&nbsp;</p>\n\n<p>　　截至目前，荣昌县看守所已有包括黄某在内的5名在押人员，由于在羁押期间表现良好，获得依法轻判。</p>\n\n<p>　　法律“留白”致在押未决人员“难管”</p>\n\n<p>　　在押未决人员羁押表现评鉴制度的出台，并非一时心血来潮的草率决定，而是荣昌县检察院驻所检察室主任张长久在日常工作中的细心观察与分析的结果。&nbsp;</p>\n\n<p>　　在驻所检察室工作期间，张长久发现，从被关进看守所到判决确定的这段时间，是在押人员等待判决结果的“过渡期”，也是情绪最不稳定期。冲动、易怒、抗拒……在这些负面情绪的驱使下，在押人员在看守所内不服监管、欺压打骂同监人员，充当“牢头狱霸”、打架斗殴的现象时有发生。&nbsp;</p>\n\n<p>　　张长久说，对于违反监规的在押人员，看守所依法能给予的处罚措施就是戴上戒具，最严厉的也不过是关短期禁闭。而这些处罚措施，对于关乎在押人员切身利益的判决来说，并无实质性影响。因此，部分在押人员对于自己在看守所是否受过处罚感到“无所谓”，而且即便处罚完毕后，他们中的多数人仍不吸取教训，继续打斗闹事，为监管场所的安全埋下了隐患。</p>\n\n<p>　　一支牙膏难以激发在押人员改过兴趣</p>\n\n<p>　　采访时，张长久对记者坦言，表现好的在押人员，看守所给予的奖励就是一支牙膏。“这怎么能激起这些‘问题人员’认真改过的兴趣？”张长久说。&nbsp;</p>\n\n<p>　　“我们看在眼里急在心上，总想着如何充分发挥检察职能，从根本上解决这一问题，进一步敦促在押未决人员遵守监规、积极改造。”荣昌县检察院检察长梁经顺向记者透露了出台羁押表现评鉴制度的初衷。&nbsp;</p>\n\n<p>　　他说，我国刑法中破坏监管秩序罪的主体限于已决犯，而对看守所中破坏监管秩序的在押人员，因其属于未决犯，难以追究其刑事责任，这样导致的后果是，在看守所中聚众闹事的在押人员，被关进监狱之后就变得“老实”多了。&nbsp;</p>\n\n<p>　　“同样一个人前后表现变化为何如此之大？原因就在于他们被判刑后，害怕在监狱中表现不好而失去减刑、假释的机会，甚至因触犯法律而被加刑。”梁经顺说，“于是，我们就考虑，只有将在押未决人员在羁押期间的表现纳入量刑情节，使他们在看守所里的一举一动都与日后的量刑息息相关，才能真正促使在押未决人员规范自己的言行，遵守监管秩序。”</p>\n\n<p>　　羁押表现纳入量刑情节符合立法精神</p>\n\n<p>　　通过反复分析论证和广泛征求意见，荣昌县检察院认为，将在押未决人员羁押表现纳入量刑情节，不仅在法理上可以找到依据，而且在实践中具有较强的操作性。&nbsp;</p>\n\n<p>　　梁经顺告诉记者，根据我国刑事立法精神，反映行为人人身危险性程度的事实，一般也可作为量刑情节予以考虑。&nbsp;</p>\n\n<p>　　梁经顺分析道，在押未决人员在看守所内的羁押表现，能有效反映在押未决人员在审判前的人身危险性，将其纳入酌定量刑情节，是根据在押未决人员人身危险性的消长变化而作出相适应刑罚的有效举措，符合刑罚的价值取向。&nbsp;</p>\n\n<p>　　“而且，在我国，犯罪嫌疑人审前羁押的期限一般较长，在这段期间内如不及时对在押未决人员进行教育改造，就有可能‘交叉感染’，相互传染恶习，增大其再次犯罪的可能性。如羁押表现可纳入量刑情节，可有效激励在押未决人员自觉遵守监规，认真改造。”梁经顺说。</p>\n\n<p>　　增、减刑幅度控制在三个月内</p>\n\n<p>　　2009年初，荣昌县检察院在当地政法委的主持下，与该县法院、公安局、司法局召开会议，提出了对在押未决人员羁押表现进行评鉴的构想，并对评鉴结果的使用时机和使用规定等做了大致的谋划。&nbsp;</p>\n\n<p>　　经过进一步的调研、论证，当年8月15日，荣昌县法院、检察院、公安局、司法局联合制定了《在押未决人员羁押表现评鉴制度实施办法》(下称《办法》)。该《办法》规定，羁押在荣昌县看守所的在押未决人员均要接受羁押表现评鉴，该县公安局负责具体的评鉴工作，并出具评鉴表，该县检察院驻所检察室则对评鉴过程进行同步监督。&nbsp;</p>\n\n<p>　　该《办法》提出，法院依据鉴定表中反映的被告人在未判决前在押期间的表现，判定其是否具有从轻或从重情节。若法院酌定被告人存在从轻情节，其将获得最多三个月的轻判奖励；反之，若被酌定具有从重情节，则被增加最多三个月的处罚。</p>\n\n<p>　　实施规则详细，考评程序严格</p>\n\n<p>　　荣昌县检察院副检察长魏东告诉记者，在押未决人员羁押表现评鉴制度规定得非常细致，细化和明确了加、减分标准，在实际操作中，监管人员只需依照规定填写报表即可。例如，在押未决人员个人考评基础分为100分，实行加分和扣分制，100分以上的为表现好，80分以上为一般，80分以下的为差。其中，加分标准有主动制止同监室在押人员打架斗殴、主动制止同监室在押人员自伤、自残、自杀、越狱、冲监、暴狱等8条；扣分标准则包括称王称霸、拉帮结伙、私立规矩，勒索、抢夺、强吃、强占他人财物，阻碍他人检举、举报，诬陷、报复检举人等24条。&nbsp;</p>\n\n<p>　　魏东说，尽管已规定了很详细的实施细则，对在押未决人员的考评程序依然非常严格。首先是看守所开考评会议，驻所检察人员依法监督全过程；具体填写向法院递交的《在押未决人员月考评情况汇总表》时，必须有五个方面的意见，即管教民警、县看守所、县公安局、县检察院驻所检察室、县检察院，缺一不可。&nbsp;</p>\n\n<p>　　为了更好地施行《办法》，当年8月试行时，荣昌县检察院还制定了《在押未决人员羁押表现考评细则》，明确了相关部门的评鉴职责和方法步骤及评鉴标准。</p>\n\n<p>　　违反监规的现象明显减少</p>\n\n<p>　　采访中，记者发现，黄某的刑事判决书上有这样几行字：“荣昌县公安局、荣昌县检察院评鉴，被告人黄某在羁押期间被评定为表现好……鉴于其在押期间表现好，有一定悔罪表现，依法酌定从轻处罚。”&nbsp;</p>\n\n<p>　　2009年9月，黄某因涉嫌重大责任事故罪被刑事拘留。据管教民警介绍，进入看守所后，他们就向黄某告知了羁押表现评鉴制度。在随后的羁押中，黄某感到非常后悔和自责，觉得对不起家庭，尤其是年迈的父母；主动与管教民警谈心，决心彻底痛改前非，重新做人。羁押期间，黄某严格遵守各项监规。荣昌县看守所对其进行考核时，确定其为“表现好”。&nbsp;</p>\n\n<p>　　荣昌县检察院将证明材料移送该县法院后，黄某因此获得酌定从轻的判决。黄某拿到判决书时，激动不已。&nbsp;</p>\n\n<p>　　“现在，几乎所有未决在押人员都明白，他们在押期间的表现不再无关紧要，尤其是对涉嫌轻微刑事犯罪的在押未决人员特别有吸引力，他们渴望能获得从轻量刑的机会。”张长久告诉记者，如今，看守所内监管秩序井然，在押未决人员对自己的日常表现很上心，连被子都叠得整整齐齐。&nbsp;</p>\n\n<p>　　记者了解到，自在押未决人员羁押表现评鉴制度推行以来，荣昌县看守所在押未决人员违反监规的现象明显减少。</p>\n\n<p>　　经验成熟后将适时推广</p>\n\n<p>　　记者了解到，由检察院、法院、公安局、司法局联合出台统一文件，规范在押未决人员羁押表现的制度在重庆市尚属首例，在全国也鲜见。&nbsp;</p>\n\n<p>　　全程参与该制度制定的重庆大学法学院副教授肖洪博士称，此制度对于感化教育犯罪嫌疑人、敦促其认罪服法，加强监管秩序，都有非常积极的意义。&nbsp;</p>\n\n<p>　　刑法学家、山东科技大学教授牛忠志认为，监所监督是检察权的有机组成部分，然而由于法制的不建全，监管工作出现了诸如“躲猫猫”、“喝水死”等事件，在全国造成恶劣的影响。该制度正是有效“治疗”这些“疾病”的良方，是对监所监管工作的积极探索。在重庆市范围内乃至在全国范围内都具有创新性，待经验成熟后，建议全国推广。&nbsp;</p>\n\n<p>　　据悉，重庆市检察院监所检察处近日专门到荣昌县检察院对在押未决人员羁押表现评鉴制度进行调研后表示，将在完善《办法》的基础上，适时将该制度在全市推广。</p> \n', null, null, null);
INSERT INTO `jc_content_txt` VALUES ('47', '<p>　　据新华社电 新年首月天宇精彩纷呈。中科院紫金山天文台研究员王思潮向记者通报，2011年1月天宇将上演象限仪流星雨、日偏食、金星和水星西大距等四大天象。</p>\r\n<p>　　王思潮介绍，今年象限仪流星雨的极大很可能出现在北京时间1月4日9时，届时每小时的天顶流量(ZHR)将达到120，从中亚到整个欧洲，观测条件都十分理想。</p>\r\n<p>　　1月4日发生的日偏食于北京时间14时40分从非洲和欧洲西部开始，19时01分结束于我国西部的新疆、西藏、青海和甘肃的部分地区。我国只有极西部地区可以看到从初亏到复圆的全过程，而其他西部地区就只能看到带食日落了。</p>\r\n<p>　　今年1月8日，金星将到达西大距的位置。对于北纬40度附近地区来说，日出时金星的地平高度可达30度左右，观测条件非常好。</p>\r\n<p>　　今年水星将有7次大距，1月9日将要发生的西大距，日出时的地平高度约15度，观测条件不错。</p>\r\n<div style=\"height: 0px; clear: both; overflow: hidden\">&nbsp;</div>', null, null, null);
INSERT INTO `jc_content_txt` VALUES ('48', '<p>　　本报长沙讯 受北方冷空气影响，1月1日，雨雪主要出现在湘西北湘西这一带，自治州、张家界等17县市首先降下了新年的第一场雪。昨日上午8点，全省35县市出现雨雪冰冻天气，省气象局再次发布道路结冰橙色预警。鉴于防冰防冻形势趋于严峻，湘西州气象局已于昨日中午12点紧急启动了突发性气象灾害三级应急预案。</p>\r\n<p>　　受地面强冷空气的影响，湘西自治州从1月1日起就出现明显的低温雨雪冰冻天气，部分县市出现冻雨，极端最低气温达-2.6℃(保靖、花垣、凤凰)，最大积冰厚度12mm(凤凰县)，最大积雪深度3cm(保靖县)。</p>\r\n<p>　　据省气象台专家姚蓉分析：受分裂的南支低槽和分股南下的地面冷空气共同影响，未来几天我省将出现持续的雨雪天气，昨天和今天两天降雪较明显。今明两日省内气温明显偏低，日平均气温都在2℃以下，湘中以南地区有冰冻，这三天省内大部分路段将有道路结冰现象出现。</p>\r\n<p>　　另据最新资料分析，中低纬高空环流平直，多小波动，地面不断有冷空气渗透南下。预计：短中期冷空气继续渗透南下，省内阴雨雪天气维持，4日中低层转南风温度略微升高，湘中以南会出现雪转雨或雨夹雪，5日开始又一股冷空气渗透南下，5日晚开始又转纯雪或雨夹雪天气，6日-8日阴雨雪天气维持。</p>\r\n<p>　　具体天气预报：</p>\r\n<p>　　4日：湘中以南小到中雪转雨夹雪，局部地区有冰冻，其他地区阴天有小雪，最高气温0-2℃，最低气温-2-0℃；</p>\r\n<p>　　5日：湘北小到中雨夹雪转中雪，局部地区有大雪，其他地区阴天有小雨或小雨夹雪，湘中局部地区有冰冻；</p>\r\n<p>　　6-8日：受强冷空气影响，省内仍维持低温雨雪天气，冰冻又有发展。</p>\r\n<p>　　记者储文静 实习生张园　通讯员谭萍 李好</p>\r\n<p>　　[帮你问]</p>\r\n<p>　　这次雨雪会发展成类似2008年的冰灾？</p>\r\n<p>　　省气象局专家解释，目前冰冻主要在怀化、邵阳等湖南西部地区，湘东基本无冰冻，像长沙等地就直接下着雪或雨夹雪，形成冰冻所需的逆温层不够稳定，且逆温层不够厚，范围不够广，气温不能长时间维持在0℃以下，就无法达到冰冻形成的条件。而且虽然这次雨雪过程持续时间较长，但降水不强，属于过程性雨雪天气，中间有短暂升温，预计4日前后省内气温有所回升，届时冰冻将减弱或部分融掉，所以不会出现类似2008年的冰灾。</p>', null, null, null);
INSERT INTO `jc_content_txt` VALUES ('49', '<p>　　对于盐城建湖地区的一些居民来说，这个新年过得并不平静。从2010年12月30日6时56分开始，该地区地震不断，最近的一次是昨天清晨6时32分，前前后后一共发生了31次地震。据省地震台网发布的消息，其中6次为有感地震，最高为里氏2.9级。昨天傍晚记者赶到震中&mdash;&mdash;建湖经济开发区钟庄社区办事处，发现总体上居民情绪比较平稳，只有几户居民已在昨晚搭起了防震棚，不过，这次属于小的地震群，即发生频率比较高，但该地区历史上最高地震级别仅为里氏5级。</p>\r\n<p>　　据了解，截至记者发稿，地震部门尚未接到地震造成的破坏损失报告。</p>\r\n<p>　　<strong>现场</strong></p>\r\n<p>　　<strong>县城居民夜里吓得跑出门</strong></p>\r\n<p>　　观察了一会，见没什么动静才回家，但直到零点以后才睡着，&ldquo;总是担心床会摇晃！&rdquo;</p>\r\n<p>　　昨天在网上出现这样一条消息，盐城市建湖县钟庄从12月30日晨到1月2日晨，先后发生了31次小地震。消息的来源据称是盐城市地震局。</p>\r\n<p>　　昨天下午，记者联系了盐城市地震局值班室，工作人员确认从12月30日6点56分45秒开始，钟庄境内发生第一次地震，一直到1月2日早晨6时32分24秒，一共发生31次地震。从震级来看，最高为ML3.5级(即江苏省地震局发布的M2.9级)，其中，ML2.7级以上地震为6次。</p>\r\n<p>　　昨天下午，记者电话采访了几位震中钟庄的居民，陈女士家住钟庄社区办事处马南组。她说，1月1日下午5点左右，她正在家里面，突然感觉到地面抖了一下，屋顶发出吱吱的声响，水泥地面也在晃动，她赶紧跑出去，发现邻居都已经冲出家门。</p>\r\n<p>　　&ldquo;怎么回事？&rdquo;大家互问，最后一致认定是遭遇地震。陈女士平时一般住在县城，此前并未感觉过震动，但是大家都反映，房子摇晃，而且在地震前听到一阵轰隆隆的巨响。</p>\r\n<p>　　在钟庄南边一处加油站，记者询问这几天的情况，工作人员称，震感最明显的还是1月1日下午5点左右那一次，而据地震台网消息，准确时间是下午5点07分，ML3.5级。&ldquo;当时震感挺强烈的，地面明显晃了一下。&rdquo;</p>\r\n<p>　　&ldquo;这些天到底震了多少次，我也说不清楚。&rdquo;一位女工作人员说，反正在夜里多次感觉到了，都不明显，一般在凌晨四五点，就好像是大货车经过时的震动一样，包括1月1日那次最强的地震，感觉就是震动了一秒左右就停止了。</p>\r\n<p>　　县城距离钟庄大约9公里，住在县城某小区的朱先生是个有心人，他说，从1月1日下午5点左右那一次地震开始，建湖县连续震了多次，晚上9点32分震了一次，1月2日清晨6点32分又震了一次。他说，在晚上9点多那次震过后，他吓得从四楼跑了下去，结果发现不少住户都出门了。</p>\r\n<p>　　当时夜间很冷，朱先生说，很多人都带了两件羽绒服，穿在身上御寒。观察了一会，没有再发生什么动静，他们才回家，但他直到零点以后才睡着，&ldquo;总是担心床会摇晃！&rdquo;</p>\r\n<p>　　昨晚6点多，记者途经县城时，发现城里秩序井然，已看不出任何地震的明显影响。路上的行人很少，绝大多数人已经因为寒冷的天气早早回到了家里。</p>\r\n<p>　　<strong>居民用木棍稻草搭起地震棚</strong></p>\r\n<p>　　在县电视台的有线节目上看到字幕，说是发生地震，大家一商量就搞了地震棚</p>\r\n<p>　　不过就在加油站附近的钟南生产队，记者看到有人家已经搭起了地震棚。居民孙景树家住在钟庄最南头，是两层的漂亮楼房，不过现在他和老伴带着四岁的孙女一起住进了昨天下午刚刚搭好的地震棚。</p>\r\n<p>　　记者看到，地震棚在屋子南头的麦地里，是用木棍、油毛毡等做架子，北面的风口堆放了大量的稻草，东西也是如此，南面是敞开的，孙景树说还来不及在南面挂个帘子。</p>\r\n<p>　　和他们一家一起准备凑合过一夜的还有两户邻居，一户是李大妈，带着小孙女，一户是住户郑琴。为了尽量取暖，地上铺了厚厚的稻草，记者坐上去感觉虽然毛糙一点，但是还比较暖和，盖上厚被子，不至于受冻。</p>\r\n<p>　　为什么要搭地震棚？郑琴说，其实此前他们还不知道有地震呢，直到昨天中午，在县电视台的有线节目上看到了字幕，说是发生地震，大家一商量就搞了地震棚。</p>\r\n<p>　　&ldquo;当然，也不是一点感觉没有。&rdquo;郑琴说，前天下午震了一次强烈的，孙景树的大孙女在服装厂上班，当时员工都跑出来了。到了夜里9点多，她正在看安徽卫视的跨年晚会，突然又震了，电视机都晃了一下。早晨出来和大家一说，就决定搭个棚子。</p>\r\n<p>　　李大妈的儿子在无锡打工，她说，儿子前天就从网上看到了地震的消息，当即打电话回来问，此后电话不断，他们住进棚子，也是让家人放心，&ldquo;大人倒无所谓，关键是孩子！&rdquo;</p>\r\n<p>　　孙景树说，这个棚子要住八九个人呢，大孙女自从1月1日下午那次强震之后，夜里就睡不着了。此外，郑琴有个13岁的儿子，夜里也要回来住，&ldquo;大家就这样挤着睡吧。&rdquo;</p>\r\n<p>　　<strong>村干部通知&ldquo;尽量不住楼房&rdquo;</strong></p>\r\n<p>　　&ldquo;村干部昨天上门通知，要求大家做一定的预防，搬到平房里去，这样更安全一些。&rdquo;</p>\r\n<p>　　孙景树说，这个地震棚确实好多年没搭过了，还是1991年左右搭过。住棚子无所谓，关键是不要大震，&ldquo;好好的家可不能震坏了。&rdquo;他说，好像听说这次要防震时间长一些，他们准备住半个月。</p>\r\n<p>　　附近的红旗西南生产队，据孙景树称，村干部昨天已经上门通知了，要求大家做一定的预防，主要是尽量不住楼房，搬到平房里去，这样更安全一些。</p>\r\n<p>　　记者随后来到孙景树家对面一家金惠源超市，开超市的姜大亮说，他们家也搭起了地震棚，暂时能住四五个人，&ldquo;不过如果真是有什么强震，可以避难啊，大家白天可以坐在里面，夜里也一样，至少可以遮风避雨。&rdquo;</p>\r\n<p>　　姜大亮说，自己特别关注这次地震，目前他也从网上得知发生31次小震，不过他说，昨天白天11点左右，又发生一次地震，大家都感觉到了，所以现在已经不止31次了。</p>\r\n<p>　　&ldquo;小地震不可怕，可是这么频繁，就有点让人担心了。&rdquo;姜大亮说。而其他居民也提到，都有点纳闷，为什么总是震，&ldquo;不是说地震前有地震云吗，我们没看到啊！&rdquo;</p>\r\n<p>　　<strong>发布</strong></p>\r\n<p>　　地震发生后，江苏省地震局的专家们紧急进行了地震会商，得出的结果是：近期该地区没有发生破坏性地震的前兆异常，但不排除该地区在近期发生有感地震。</p>\r\n<p>　　据江苏省地震局副巡视员龚寿荣介绍，地震一般在5级或5级以上才叫破坏性地震，而一般3级左右，称为有感地震。有感地震在全国大中城市行政区域内发生并不鲜见，市民大可不必多虑。&ldquo;这次是正常的能量释放，不具备破坏性。&rdquo;</p>\r\n<p>　　<strong>建湖县政府：</strong></p>\r\n<p>　　<strong>没造成任何伤害和损失</strong></p>\r\n<p>　　2011年1月1日10时57分，在江苏省盐城市建湖县(33.56&deg;，119.88&deg;)发生M2.7级地震。</p>\r\n<p>　　2011年1月1日17时07分，在江苏省盐城市建湖县(33.56&deg;，119.84&deg;)发生M2.9级地震。</p>\r\n<p>　　2011年1月2日1时11分，在江苏省盐城市建湖县(33.55&deg;，119.85&deg;)发生M2.5级地震。</p>\r\n<p>　　&hellip;&hellip;</p>\r\n<p>　　很多人都沉浸在新年的美好中，但不期而遇的地震，却让盐城建湖一带的居民不安。尽管都是小地震，但大家还是难免恐慌。据了解，从2010年12月30日清晨一直到昨日清晨，建湖地区已经发生31次地震，其中6次为有感地震。而6次有感地震中，里氏(M)2.3级地震2次，里氏(M)2.5级地震2次，里氏(M)2.7级地震一次，里氏(M)2.9级地震一次。1月1日，是有感地震次数最多的一天，一共发生了3次，最大一次就是前天17：07发生的里氏(M)2.9级地震，震中都在建湖县境内的钟庄(原钟庄镇)，周边的草堰口、冈西、建湖县城有震感。</p>\r\n<p>　　昨天记者从建湖县政府宣传部了解到，目前县里面高度重视此事，相关的措施都已采取。</p>\r\n<p>　　&ldquo;地震级别都不大，没有造成任何伤害和损失。&rdquo;宣传部的陈主任说，他自己也感觉到了几次，但都是很快就过去了。县城里也没有出现抢购食品等现象。</p>\r\n<p>　　&ldquo;目前政府也在关注下一步会怎么样，有没有更强的地震。&rdquo;陈主任说，昨晚县科委等部门从上级部门得到消息，目前来看，不排除继续发生有感地震，但是综合判断，目前没有发生破坏性地震的可能性。</p>\r\n<p>　　记者了解到，昨天省地震局和盐城市地震局的相关负责人已经带着监测设备赶到钟庄。昨晚记者在钟庄社区办事处内看到，一台监测仪器已经被布置在了办事处的围墙上，连着的数据线通到室内的一套设备上面，监测仪器看起来就像一个水杯，引得不少人进来观看。</p>\r\n<p>　　&ldquo;应该问题不大吧。&rdquo;不少住户表示，不相信建湖会发生大地震，所以基本上都没有搭地震棚的打算。</p>\r\n<p>　　<strong>江苏省地震局：</strong></p>\r\n<p>　　<strong>近期不会有破坏性地震</strong></p>\r\n<p>　　建湖发生地震后，江苏省地震局的专家立刻进行了紧急地震会商，虽然都是小地震，但专家们都特别关注，会议从1日下午一直持续到2日凌晨两点多。昨天下午，江苏省地震局又进行了第三次地震会商，结果是：目前没有监测到发生破坏性地震的前兆异常，&ldquo;近期不会发生破坏性地震，但不排除发生有感地震的可能。&rdquo;</p>\r\n<p>　　江苏省地震局副巡视员龚寿荣告诉记者，地震发生后，当地已经启动了地震预防预案。江苏省地震局的专家带着观测仪器赶到现场，在现场增加了流动观测仪器，同时，盐城地震局加强了24小时值班。今天一大早，江苏省地震局的监测、预报、通讯专家也将赶到一线，为当地带来更精确细密的监测。</p>\r\n<p>　　同时，地震局的专家还配合当地政府，向受到震慌的居民进行解释工作，也会在第一时间将有关监测情况向公众发布。</p>\r\n<p>　　<strong>史上曾发生&ldquo;几天几十次地震&rdquo;</strong></p>\r\n<p>　　盐城市位于华北地台和下扬子准地台的过渡地带，除周边的郯城－庐江深大断裂、海安－拼茶断裂和南黄海大断裂外，影响盐城市的主要断裂有盱眙－响水断裂、盐城－南洋岸断裂、洪泽－沟墩断裂、陈家堡－小海断裂、盐城－阜宁断裂、苏北滨岸断裂等。</p>\r\n<p>　　造成这次连发地震的是洪泽&mdash;沟墩断裂带，这条断裂带周边曾经多次发生地震，最密的时候，曾经在几天内连续发生几十次地震。</p>\r\n<p>　　龚寿荣介绍说，洪泽&mdash;沟墩断裂带上最大的一次地震是里氏5级左右，1991年和1992年曾经发生过里氏4.7级、4.8级地震。</p>\r\n<p>　　&ldquo;这次是正常的能量释放，不具备破坏性。&rdquo;龚寿荣告诉记者，目前建湖还没有发生房子遭破坏等任何由于地震带来的损失。&ldquo;虽然这一地区有小地震发生，但地震活动强度弱，目前全省地震观测数据资料分析正常，近期该地区及全省不会发生破坏性地震。&rdquo;</p>\r\n<p>　　<strong>■谣言顿起</strong></p>\r\n<p>　　<strong>&ldquo;地震&rdquo;</strong></p>\r\n<p>　　<strong>是钻探引发的？</strong></p>\r\n<p>　　在政府发布消息之前，网上早就有消息了。建湖居民姜大亮说，他一直在关注贴吧的建湖吧，从12月31日左右就有网友发布地震消息，到1月1日，一天之内震了10来次，网上开始沸腾。</p>\r\n<p>　　&ldquo;上面全是网友的留言，都是讲述地震感受的。&rdquo;姜大亮说，不少人都在交流感受，他也不断地用手机上网，并且参与讨论。</p>\r\n<p>　　1日晚上，姜大亮发现，贴吧网速已经很慢，说明上网的人非常多，他夜里睡不着，半夜里也挂在网上关注消息。</p>\r\n<p>　　在网友的交流中，有人还认为政府发布消息不够快，门户网站都转载网友的消息了，政府的地震台网还是没有任何消息，直到前天晚上才发布。</p>\r\n<p>　　据了解，在当地也出现了一些不靠谱的谣言，有人就称，昨天中午县有线电视台发布了预警消息，称下午5点05分会发生一次3级地震。不过对此，姜大亮表示根本不可能，而且当时电视上根本没有提到。&ldquo;怎么可能如此精确呢，地震预报还做不到啊！&rdquo;</p>\r\n<p>　　此前，在建湖曾流传，这不是地震，而是相邻的射阳等县最近勘探油田，是钻机钻探引发的，不过现在已经排除了这个说法。</p>\r\n<p>　　<strong>■网言网语</strong></p>\r\n<p>　　<strong>家中的老母</strong></p>\r\n<p>　　<strong>还好吗？</strong></p>\r\n<p>　　建湖贴吧这两天因一次小地震人气上升不少。</p>\r\n<p>　　人在遥远的南方，心在建湖。刚刚听说晚上可能有地震，很是担心家中的老母，希望知情人说说。</p>\r\n<p>　　地震了，绝对地震了，就在刚才二十秒之前。</p>\r\n<p>　　我们建湖是个风水宝地，无旱无涝又没得龙卷风，只是小地震而已。</p>\r\n<p>　　这几天吓死了！房子晃来晃去的！</p>\r\n<p>　　电脑晃了一下，整个楼都晃动了一下，吓死了，我在想不会是地震了吧，后来到网上一看，天啊，都震好几次了。</p>\r\n<p>　　建湖又地震了！!!好担心~~~ 希望家里人没事。</p>\r\n<p>　　我元旦没回去，对此一无所知，家里也没电话告诉我。</p>\r\n<p>　　是有人在钟庄那采石油？在外地的建湖人，心系家乡，求真相。摘自贴吧</p>\r\n<p>　　<strong>释疑</strong></p>\r\n<p>　　<strong>为啥震感较强？</strong></p>\r\n<p>　　<strong>盐城市地震局：震源较浅！</strong></p>\r\n<p>　　昨天下午，盐城市地震局值班人员表示，这次小的地震群发生，和地质构造有关系，因为建湖一带位于洪泽-沟墩断层上，历史上建湖发生的地震也与此有关，近期断层活动引起了地面的震动。而且这一次地震震源较浅，所以即使是ML2.7级以下的地震，也可能会有感受。</p>\r\n<p>　　另据了解，其实在江苏省地震台网发布消息的同时，相邻的山东省地震台网也在前天中午11点多发布过1日一次地震的测定数据。</p>\r\n<p>　　据了解，建湖县历史上地震并不多，这次地震的级别在当地地震局看来并不算高，此前1991年到1992年之间，曾发生过ML4.7级地震，当时也是地震群，即连续发生几十次小震，而历史上最高为5级。</p>\r\n<p>　　而2010年7月9日和7月19日，在江苏省南通市如东县附近海域(北纬32.5&deg;，东经121.6&deg;)10天内也连续发生两次3.8级地震。</p>\r\n<p>　　<strong>为啥晚上地震多？</strong></p>\r\n<p>　　<strong>省地震局：安静，容易感觉到！</strong></p>\r\n<p>　　江苏省地震局副局长张振亚介绍说，一般来说5级或5级以上的地震才称之为破坏性地震；而有感地震，与白天还是晚上，以及震中距离和震源深浅都有关系。&ldquo;白天大家都在工作，相对喧闹，不会那么敏感，但到了晚上，大家都睡觉了，很安静，对周边环境也特敏感；另外距离震中越近，越会有感觉，而震源越深，震级会越大，震级越浅，感觉也会更强烈一些。一般情况下3级左右的地震，称为有感地震；但如果距震中近，又是晚上，2级左右就会有感。&rdquo;</p>\r\n<p>　　<strong>最高是3.5级还是2.9级？</strong></p>\r\n<p>　　<strong>省地震局：同一震级的两种标度</strong></p>\r\n<p>　　据盐城地震局官网显示，2010年12月30日23：57，钟庄发生ML2.1级地震，12月31日5：02，钟庄发生ML2.4级地震，12月31日10：34，钟庄发生ML2.6级地震；2011年1月1日17：07，钟庄发生ML3.5级地震；1月1日18：26，冈西发生ML2.2级地震；1月1日21：33草堰口发生ML3.0级地震&hellip;&hellip;</p>\r\n<p>　　记者发现，同一个时间点内，也就是1月1日17：07，江苏省地震局台网对外公布的是里氏(M)2.9级地震，而盐城地震局对外公布的却是ML3.5级地震。&ldquo;当地居民每个人都知道是3.5级地震，怎么会是2.9级？究竟哪个更准确？&rdquo;对此，专家说，其实是一回事，是同一震级的两种标度。江苏省地震局用的是现在最常用的里氏测算发，也就是MS，是&ldquo;面波震级&rdquo;，而ML则是&ldquo;近震震级&rdquo;测算方法。</p>\r\n<p>　　据了解，这两种标准的差别在于，里氏是按照面源测定，即测定综合的地区比较广，而ML则是近源测定，即以靠近震中的烈度和强度等来测定震级，所以里氏震级一般要低于ML标准的，不过对于超过6级以上的地震，ML标准就不再能准确测定，有其局限性。</p>', null, null, null);
INSERT INTO `jc_content_txt` VALUES ('54', '<p>接近欧盟外交高层的消息源12月30日对法国主流媒体透露，欧盟对华持续20多年的武器禁运，有望在2011年初取消。</p>\r\n<p>法国主流媒体《费加罗报》30日引述与欧盟外交政策负责人阿什顿女士关系密切的外交人士的话说，欧盟对华武器禁运令可能会&ldquo;很快到来&rdquo;。</p>\r\n<p>《费加罗报》分析认为，这意味着最早在2011年初武器禁运令可能就会取消。</p>\r\n<p>1989年美国和欧洲等西方国家开始对中国实施严格的武器禁运。</p>\r\n<p>该报援引这个消息源的话说，由于中国和美国以及欧洲国家很少有武器往来，并且中国在建设自身国防体系方面取得了很大成就，因此这项实施了20多年的禁运令实际上对中国并没有产生太大影响。</p>\r\n<p>媒体援引一份12月17日欧盟峰会后曝光的报告称，武器禁运已经成为欧洲和中国发展安全与外交关系中的一个&ldquo;主要障碍&rdquo;。</p>\r\n<p>报告还称，在此情况下，&ldquo;欧盟应该做出现实的判断，并且采取行动。&rdquo;</p>\r\n<p>今年9月，一度传出欧盟将解除对华武器禁运，但针对此问题，欧盟各成员国产生分歧，西班牙、法国表示支持，但是一些东欧国家对此不认同，还有国家要求为解禁提出附加条件。</p>\r\n<p>但欧洲媒体指出，20多年来，欧洲国家对此问题的分歧正在缩小。此前支持对华禁运的英国、荷兰以及德国等国，目前都降低了反对的调门。</p>\r\n<p>分析</p>\r\n<p>&ldquo;中国对欧武器需求不大&rdquo;</p>\r\n<p>中国军事问题专家张博称，欧盟至今维持的对华武器禁运是冷战思维的体现。即使未来解除禁运，中国对欧盟军事采购也不会明显增加。中国呼吁取消禁运的主要目的是希望欧盟消除对华歧视政策。</p>\r\n<p><br />\r\n张博表示，欧盟对华武器禁运是当时整个西方对华进行制裁的一部分，但是20多年来，中国、欧洲和全世界的形势都发生了巨大变化，固守对华武器禁运明显带有冷战思维，对中国来说不公平，是歧视。这是中国呼吁欧盟解除武器禁运的主要原因。</p>\r\n<p>如果欧盟能在短期内解除对华武器禁运，当然是好事;但中国对欧盟的军事采购不会有明显增加。因为总体上看，我们现在的军事装备、军事技术体系可以做到自给自足，对于欧洲的军事技术的需求并不迫切，但对于我们引进先进技术、装备、理念和人才都是有利的。</p>', null, null, null);
INSERT INTO `jc_content_txt` VALUES ('55', '<p class=\"f_center\" style=\"text-align: center\"><img alt=\"日否认欲建&ldquo;日韩同盟&rdquo;(组图)\" src=\"http://img1.cache.netease.com/catchpic/8/81/8138BD0C61A6BA1B05FB93C878E94BAC.jpg\" /></p>\r\n<p>2010年10月，东京，日本首相菅直人检阅自卫队。日本政府3日否认欲与韩国军事结盟。</p>\r\n<p class=\"f_center\" style=\"text-align: center\"><img alt=\"日否认欲建&ldquo;日韩同盟&rdquo;(组图)\" src=\"http://img1.cache.netease.com/catchpic/D/D0/D02114CE13A2A691AA68D12D576A48BD.jpg\" /></p>\r\n<p>去年12月，韩国总统李明博视察位于江原道的韩军部队。</p>\r\n<p>3日，东北亚地区因为韩朝交火和美韩日密集军事演习引发的紧张气氛尚未消散之际，韩国媒体又爆出&ldquo;大新闻&rdquo;，称日本提议建立日韩军事同盟。消息一出来，日本政府赶紧辟谣，称日方并无此意，仅是希望日韩加强在安全保障领域的合作。</p>\r\n<p>针对朝鲜提议结盟？</p>\r\n<p>目前，东北亚地区已经有两大军事同盟，日美同盟和日韩同盟，如果日韩再结为盟友，整个东北亚无异于彻底回到了冷战时代。爆出这一消息的是韩国《每日经济新闻》，该媒体3日刊出了对日本外相前原诚司的一次新年书面采访。这篇报道援引前原的&ldquo;话&rdquo;称，&ldquo;朝鲜（去年）的武力挑衅行为，对朝鲜半岛乃至整个东亚的安定与和平均构成了威胁，因此，（日本）希望与韩国在安全保障领域结成同盟关系。&rdquo;</p>\r\n<p>报道称，前原在接受采访时说，进入新的一年，日本外交最大的课题之一就是与近邻各国构筑牢固的安全保障机制。而为了与韩国就安保合作问题展开讨论，他希望在不久后访问韩国，与韩国外交通商部长官会晤。</p>\r\n<p>日要求韩媒体更正</p>\r\n<p>就前原&ldquo;提议&rdquo;的建立日韩同盟问题，《每日经济新闻》分析称，一旦两国结盟，韩国军队不仅将与日本自卫队展开联合军事演习，在朝鲜半岛爆发冲突之际，日本自卫队还可能向韩国派兵进行支援，以及开展其他涉及安保和军事领域的全方位合作。</p>\r\n<p>而在谈到韩国国内可能因为日本政府对其侵略史的态度，反对日韩结盟时，报道援引前原的&ldquo;话&rdquo;说，日本政府会彻底反省应该反省的历史，而日韩两国不仅应该在政治、经济和文化领域加强合作，还应为扩大安保领域的同盟关系，不断进行努力和展开对话。</p>\r\n<p>《每日经济新闻》的上述专访内容3日刊出后，日本外务省立即表态，否认前原说过&ldquo;希望建立日韩同盟&rdquo;。外务省方面称，&ldquo;前原外相表达的意思是&lsquo;日韩强化在安保领域的合作很重要&rsquo;，并主张建立有利于日韩在安保领域展开良好对话的环境，所谓&lsquo;希望建立日韩同盟&rsquo;并不属实。&rdquo;外务省发言人还要求《每日经济新闻》立即对3日的报道进行更正。</p>\r\n<p>截至3日晚，作为被采访者的前原并没有对韩国媒体的报道作出任何表态。前原诚司在日本执政的民主党内是著名的鹰派人物、少壮派中坚。（百千）</p>\r\n<p>动态</p>\r\n<p>日防相外相接踵访韩</p>\r\n<p>日方可能提议日韩签署重要军事协议</p>\r\n<p>在日本外务省否认提议日韩结盟的当天，日本媒体传出消息。外相前原诚司正准备本月14日访问韩国，推动日韩在安保领域的合作。</p>\r\n<p>据称，目前这一访问日程已进入最后协商阶段。如果成行，将是前原去年9月就任外相以来首次访问韩国。前原准备会见韩国外长金星焕，就目前紧张的朝鲜半岛局势交换意见。</p>\r\n<p>除了前原，日防卫大臣北泽俊美也将于10日开始访问韩国，日本媒体称，北泽在访问期间可能会提议日韩签署一项重要的军事合作协定两国军队互相提供物资和服务。目前日本已与盟友美国及&ldquo;准盟友&rdquo;澳大利亚达成上述协定，根据该协定，日本自卫队与美军或澳军可互相提供食品、水、燃料等物资以及运输和修理等服务。日媒体称，日本防相与外相相继访韩，旨在强化日韩在安保领域的合作。</p>\r\n<p>另有日本媒体报道称，前原除了准备访韩外，还计划3月访问中国，以求改善自去年9月以来停滞的日中关系。（百千）</p>\r\n<p>周边</p>\r\n<p>朝韩互放&ldquo;对话&rdquo;信号</p>\r\n<p>朝媒体多篇文章呼吁对话，李明博称和平道路并未被阻断</p>\r\n<p>综合新华社电 朝鲜《劳动新闻》3日发表多篇文章，呼吁进行朝韩对话，改善朝韩关系。</p>', null, null, null);
INSERT INTO `jc_content_txt` VALUES ('56', '<p>国际在线报道（驻俄罗斯记者盛晶晶）：3号，俄罗斯总统梅德韦杰夫正式签署一项关于优化联邦国家机关工作人员数量的命令，称联邦政府将在今后3年内削减20%的公务员，并严格控制政府机构的人员增长。这是自苏联解体以来，俄罗斯联邦政府第一次大规模裁减公务员。</p>\r\n<p>3号俄罗斯总统梅德韦杰夫正式签署了关于优化联邦国家机关工作人员数量的命令。俄罗斯媒体援引克里姆林宫新闻局当天的消息说，该总统令规定未来3年内将有不少于20%的俄国家公务人员被裁掉。总统令同时责成联邦政府提交相应的具体裁员建议。此外，这份总统令还将转交俄联邦会议（议会）、联邦审计署和中央选举委员会审议。这些部门在审议之后将就裁员问题向联邦政府提出合理化的建议。根据总统令的规定，即将开始的裁员行动将分阶段进行：即2011年和2012年每年减少5%的公务员数量，而2013年将削减10%，裁员总数将不少于12万人。另外，50%因裁减公务员而节省出的预算将被转而用于提高在岗公务人员的物质福利。</p>\r\n<p>去年6月初俄罗斯财政部长库德林以帮助国家主动减少财政赤字为由向俄总统提出拟裁减公务员的计划。库德林表示，裁员20%意味着每年将节省近430亿卢布（约十几亿美元）的财政开支，而这笔数目可观的开支可以帮助解决许多其他经济问题。对于财政部拟定的政府&ldquo;瘦身&rdquo;计划，俄总统梅德韦杰夫一直表示支持。去年9月的时候梅德韦杰夫就责成联邦政府和克里姆林宫办公厅研究和制定必要的削减规模。他同时也指出，这个计划不能机械地进行，应该按照实际情况循序渐进，财政支持的医生、教师等行业人员不应在裁员行列。</p>\r\n<p>俄罗斯自苏联时期以来形成了官僚腐败、低效的风气；政府机关公务人员数量庞大，且人际关联极其复杂。从苏联时期的勃列日涅夫到现代俄罗斯的普京都曾一度尝试裁员，但公务员却越裁越多，政府机关仍旧&ldquo;臃肿&rdquo;。根据俄罗斯国家统计局的数据，截至2010年中期包括立法、执行和司法机关在内的俄国家公务员数量超过了60万人。</p>\r\n<p><br />\r\n面对仍旧庞大的公务员队伍，梅德韦杰夫在去年6月向国家杜马提交了一份法律草案，规定了国家公务人员的退休年龄由原来的65岁改为60岁。这个草案的实施将直接为裁减公务员除去很多障碍，使得一些&ldquo;超龄服役&rdquo;的国家公务员自觉的下岗。梅德韦杰夫曾强调：&ldquo;削减官员数量，对于国家的发展非常有益。为实现这一目标，必须采取刚性措施。指望官员们自己走人是不可能的。这无疑是一项很残酷的举措，但有助于解决一系列问题。&rdquo;分析人士指出，除了金融危机背景下的财政问题，这次裁员计划实际上是俄罗斯政府又一次尝试改变现有的机构臃肿状态，打击官僚之风，从而进一步提高联邦政府各机构工作的效率。事实上，去年的这个大规模政府裁员计划被宣布之后，虽然俄罗斯社会各界仍有怀疑的声音出现，但是大部分人对政府此举表示了欢迎和信心。</p>\r\n<p>&nbsp;</p>', null, null, null);
INSERT INTO `jc_content_txt` VALUES ('57', '<p><strong>美国朝鲜问题特使博斯沃思今天将抵达韩国开始东亚三国之行</strong></p>\r\n<p>国际在线报道（编辑 游佳）：新年伊始，朝韩半岛局势继续牵动国际社会的目光。今天（4号）下午，美国朝鲜问题特使斯蒂芬&middot;博斯沃思将抵达韩国，就朝鲜半岛局势下一步如何行动展开磋商，这也是他此次中日韩三国访问的第一站。据报道，博斯沃思此次访问的议题可能会涉及六方会谈。那么，对于博思沃斯的访问，韩国国内是怎样一个态度？相关的举动能否在新的一年打开朝鲜半岛局势的新局面？</p>\r\n<p>根据韩国媒体的报道，博斯沃思将从3号至7号先后访问韩国、中国、日本，他3号从华盛顿出发，4号抵达韩国，并于5号访问中国，6号访问日本，与各国政府官员举行会谈，就朝核问题等交换意见。今天下午他将抵达首尔。从目前披露的情况来看，韩国外交通商部长官金星焕，还有六方会谈韩国代表团的团长魏圣洛将分别与博思沃斯进行会晤，议题包括重启六方会谈的先决条件，议题的先后顺序等等。</p>\r\n<p>在博斯沃思访问前夕，韩国外交通商部发言人金英善3号下午在例行新闻发布会上就重启六方会谈的问题表明了韩国方面的态度。他说，解决问题的钥匙握在朝鲜的手中。他指出，当天李明博总统在发表新年国政演说时并没有直接提及六方会谈，只是从大局出发，概括了韩朝关系的重要性。金英善说，根据至今六方会谈相关的讨论来判断，朝鲜是否会对无核化表现出诚意至关重要。在朝鲜对无核化表现出诚意的条件下，六方会谈才能得以重启。他还表示，六方会谈是能够商讨朝鲜无核化问题的唯一机制，有关国家一致认为六方会谈还继续有效。</p>\r\n<p>由于目前是各国为重启六方会谈进行频繁外交活动的敏感时期，韩国舆论普遍认为，博思沃斯此次东亚之行将会对重启六方会谈有重要影响，韩国政府对博思沃斯的访问比较重视，也进行了精心的安排。</p>\r\n<p>韩国总统李明博在青瓦台通过广播、电视、因特网等媒体，发表了&ldquo;新年特别演说&rdquo;。这个演说主要是表明韩国在新一年的政策方向。在演说中，李明博强调，2011年韩国各项政策的核心集中在安全领域和经济领域。因此，在新一年，韩国将加大国防改革力度，继续增强遏制力，并争取实现5%以上的经济增长速度。</p>\r\n<p>当然，李明博的这次新年特别演说最受关注的还是对于朝鲜政策的阐述。在演说中，李明博首次公开指出延坪岛炮击事件对韩国而言就相当于美国的9&middot;11事件，而美国在9&middot;11事件后重新制定了安全战略和国家战略，暗示韩国将调整国防安全政策和加强军事部署。李明博同时指出，新的一年韩国政府将更加严厉应对朝鲜可能的挑衅，韩国政府不会容忍朝鲜武力威胁韩国国民的人身和财产安全。</p>\r\n<p>另外，李明博还在演讲中表示，朝鲜应该清醒地认识到，军事冒险主义不会得到任何好处。朝鲜开发核武器是对朝鲜半岛和世界和平的严重威胁。国际社会应为促使朝鲜弃核并走向共同繁荣之路而共同努力。</p>\r\n<p>尽管如此，李明博仍然在演讲中表示，韩朝对话的大门并未关闭，只要朝鲜表现出诚意，并兑现自己之前在解除核设施方面的承诺，韩国愿意与国际社会一起扩大与朝鲜的经济合作。李明博在谈话中还督促国际社会共同为朝鲜弃核和繁荣共同努力。</p>\r\n<p>朝鲜的《劳动新闻》、《朝鲜人民军》和《青年前卫》三家报纸报纸，近年来每年都会联合发表元旦社论，外界一般将这一社论看作是朝鲜全年工作的指导方针。而今年这篇社论可以说是释放了不少积极信号，比如社论提到朝鲜和韩国的&ldquo;对抗应尽早解除&rdquo;，应把民族共同利益放在首位，为营造朝韩对话、合作氛围积极努力。同时，社论也强调，朝鲜致力于实现东北亚和平以及朝鲜半岛无核化的&ldquo;决心和立场没有改变&rdquo;等等。 因此，韩联社发表评论称，这篇社论内容与韩国总统李明博强调韩朝对话重要性的发言相呼应，可以视为朝方愿意推进韩朝政府间会谈的一个表态。</p>', null, null, null);
INSERT INTO `jc_content_txt` VALUES ('58', '<p class=\"f_center\" style=\"text-align: center\"><object id=\"flash_97671\" codebase=\"http://fpdownload2.macromedia.com/get/shockwave/cabs/flash/swflash.cab\" classid=\"clsid:D27CDB6E-AE6D-11cf-96B8-444553540000\" width=\"490\" height=\"394\">\r\n<param name=\"_cx\" value=\"12964\" />\r\n<param name=\"_cy\" value=\"10424\" />\r\n<param name=\"FlashVars\" value=\"\" />\r\n<param name=\"Movie\" value=\"http://img1.cache.netease.com/flvplayer081128/~false~0001_V6OB90R30~vimg2.ws.126.net/image/snapshot/2010/12/3/1/V6OB90R31~.swf\" />\r\n<param name=\"Src\" value=\"http://img1.cache.netease.com/flvplayer081128/~false~0001_V6OB90R30~vimg2.ws.126.net/image/snapshot/2010/12/3/1/V6OB90R31~.swf\" />\r\n<param name=\"WMode\" value=\"Window\" />\r\n<param name=\"Play\" value=\"0\" />\r\n<param name=\"Loop\" value=\"-1\" />\r\n<param name=\"Quality\" value=\"High\" />\r\n<param name=\"SAlign\" value=\"LT\" />\r\n<param name=\"Menu\" value=\"-1\" />\r\n<param name=\"Base\" value=\"\" />\r\n<param name=\"AllowScriptAccess\" value=\"always\" />\r\n<param name=\"Scale\" value=\"NoScale\" />\r\n<param name=\"DeviceFont\" value=\"0\" />\r\n<param name=\"EmbedMovie\" value=\"0\" />\r\n<param name=\"BGColor\" value=\"FFFFFF\" />\r\n<param name=\"SWRemote\" value=\"\" />\r\n<param name=\"MovieData\" value=\"\" />\r\n<param name=\"SeamlessTabbing\" value=\"1\" />\r\n<param name=\"Profile\" value=\"0\" />\r\n<param name=\"ProfileAddress\" value=\"\" />\r\n<param name=\"ProfilePort\" value=\"0\" />\r\n<param name=\"AllowNetworking\" value=\"all\" />\r\n<param name=\"AllowFullScreen\" value=\"true\" /></object></p>\r\n<p class=\"f_center\" style=\"text-align: center\"><img alt=\"著名作家史铁生今日凌晨突发脑溢血逝世\" src=\"http://img1.cache.netease.com/cnews/2010/12/31/20101231084643005ab.jpg\" /><br />\r\n史铁生 资料图</p>\r\n<p>新华网北京12月31日电（记者廖翊）著名作家史铁生未能走过2010年的最后一天。12月31日凌晨3时，59岁的史铁生因脑溢血在北京宣武医院去世。</p>\r\n<p>&ldquo;铁生昨天下午6点多从医院做完透析回家后，感到头疼、恶心，并呕吐，后一直昏迷，被急救车送往医院。他再也没有醒过来。&rdquo;北京市作家协会秘书长王升山向新华社记者叙述。</p>\r\n<p>王升山介绍，根据史铁生生前遗愿，他的脊椎、大脑将捐给医学研究；他的肝脏将捐给有需要的患者。</p>\r\n<p>史铁生1951年生于北京，年轻时双腿瘫痪，后来患肾病并发展到尿毒症，一直靠透析维持生命，自称&ldquo;职业是生病，业余在写作&rdquo;。&ldquo;文革&rdquo;期间，史铁生下放陕北，1979年发表第一篇小说《法学教授及其夫人》。成名作是《我的遥远的清平湾》，获1983年全国优秀短篇小说奖。小说《老屋小记》获首届鲁迅文学奖。2002年，他获得华语文学传媒大奖年度杰出成就奖。其著名散文《我与地坛》影响最大，感动了无数读者。史铁生在电影创作上成绩丰硕，所创作的电影剧本《多梦时节》《死神与少女》等充满诗意，为电影类型的发展作出了贡献，并在国内外获奖。</p>\r\n<p>&ldquo;先生的影响太深了，从来没想过先生会走。地坛里玩耍的那个孩子，回去了！&rdquo;&ldquo;史先生走了，但他对生命意义的思考已经成为一笔非常重要的社会财富永远留了下来。&rdquo; 读者第一时间在网上留言表达纪念。</p>\r\n<p><strong>史铁生简介</strong></p>\r\n<p>史铁生，男，汉族，1951年生于北京。1969年赴延安插队，1972年双腿瘫痪回到北京。1974年始在某街道工厂做工，七年后因病情加重回家疗养。</p>\r\n<p>1979年开始发表文学作品。著有中短篇小说集《我的遥远的清平湾》、《礼拜日》、《命若琴弦》、《往事等；散文随笔集《自言自语》、《我与地坛》、《病隙碎笔》等；长篇小说《务虚笔记》以及《史铁生作品集》。曾先后获全国优秀短篇小说奖、鲁迅文学奖，以及多种全国文学刊物奖。一些作品被译成英、法、日等文字，单篇或结集在海外出版。</p>\r\n<p><!--[4,175,19] published at 2010-12-27 08:48:43 from #202 by 261--></p>\r\n<p>2002年，史铁生荣获华语文学传播大奖年度杰出成就奖，同年，《病隙碎笔》(之六)获首届&ldquo;老舍散文奖&rdquo;一等奖。</p>\r\n<p><strong>名家评价</strong></p>\r\n<p>我们从史铁生的文字里看得到一个人内心无一日止息的起伏， 时也在这个人内心的起伏中解读了宁静。――蒋子丹</p>\r\n<p>在红卫兵一代中，史铁生也许是极少数能够超越自身，具有现代意识的作家。――许纪霖</p>', null, null, null);
INSERT INTO `jc_content_txt` VALUES ('59', '<p class=\"f_center\" style=\"text-align: center\"><img alt=\"政府网站政风满意率调查公示被曝藏猫腻\" src=\"http://img1.cache.netease.com/catchpic/0/06/06A6306C43003CD50A01C4F1F8F2F04D.jpg\" /></p>\r\n<p class=\"f_center\">这个公式（圈内），受到网友质疑。 网页截图</p>\r\n<p class=\"f_center\" style=\"text-align: center\"><img alt=\"政府网站政风满意率调查公示被曝藏猫腻\" src=\"http://img1.cache.netease.com/catchpic/E/EF/EFD1D25C0FDA8B54774300D3E991E529.jpg\" /></p>\r\n<p class=\"f_center\">垫江政府网被指更新太慢 网页截图</p>\r\n<p><founder></founder></p>\r\n<p>一个挂在开县政风行风投票评议网的公式：满意率=(非常满意&times;100%+满意&times;90%+基本满意&times;70%+不满意&times;50%)&divide;得票总数&times;100%。</p>\r\n<p>网友认为这个公式暗藏玄机：如100名群众给受评的部门、公用企业单位投票时，如非常满意、满意、基本满意都是0票，不满意得票100票，那按公式计算为：满意率=(0&times;100%+0&times;90%+0&times;70%+100&times;50%)&divide;100&times;100%，即群众满意率为50%。</p>\r\n<p>这个公式在网上已挂了14天。昨天，本报记者就此采访开县纪委，得到的回应是：网络公司搞错了。随后，该县对该公式作了更改。</p>\r\n<p><strong>网曝年终考核有猫腻</strong></p>\r\n<p>1月1日，网友&ldquo;虎猫&rdquo;在大渝网上发帖称，开县纪委对该县各部门的年终考核有猫腻。</p>\r\n<p>&ldquo;虎猫&rdquo;所说的&ldquo;猫腻&rdquo;，藏于一个计算公式中。他称，开县纪委请广大群众对各部门、公用企业单位的服务投票，选项有非常满意、满意、基本满意、不满意四项。计算群众满意率的公式为：满意率=(非常满意&times;100%+满意&times;90%+基本满意&times;70%+不满意&times;50%)&divide;得票总数&times;100%。</p>\r\n<p>&ldquo;虎猫&rdquo;说，如果一个部门有100票不满意，非常满意、满意、基本满意都是0票，按该公式计算，该单位群众的满意率为50%，不满意率为50%。</p>\r\n<p>明明是100%的不满意，咋变成50%的不满意？&ldquo;虎猫&rdquo;质疑：这样的计算，如何能反映社情民意？</p>\r\n<p><strong>调查</strong></p>\r\n<p><strong>满意率被公式提升</strong></p>\r\n<p>昨天中午11点过，记者登录开县政风行风投票评议网，发现该网确有&ldquo;虎猫&rdquo;所说的公式。</p>\r\n<p>该网请广大群众对197个部门、17个公用企业单位投票，评它们的服务质量。投票时间从2010年12月20日起，到2011年1月15日止。</p>\r\n<p>记者随机查看网上的投票情况，发现受评部门和企业的满意率经公式计算后，纷纷提升。该县环保局环境监测站的&ldquo;工作作风&rdquo;，非常满意、满意、基本满意均为0票，不满意9票，按公式计算，其满意率竟为50%；县发改委&ldquo;信息公开&rdquo;一项，非常满意76票，满意2票，基本满意2票，这三个选项相加共80票，而不满意85票。但按该公式计算，群众满意率超过70%。</p>\r\n<p><strong>回应</strong></p>\r\n<p><strong>网络公司搞错了</strong></p>\r\n<p>昨天中午约12点，记者联系上负责这次网上政风、行风投票评比的开县纪委常委、监察局副局长刘丰。刘丰称，该行评页面，是委托一家网络公司制作的，可能是网络公司出了错。</p>\r\n<p>刘丰随后让具体负责此事的县纪委监察局纠风室主任杨人萍与记者联系。杨人萍称，网络公司在制作时，将公式搞错了；制作出的页面，网络公司未交给他们审核，便挂在网上。</p>\r\n<p>广大群众已投了14天的票，这个公式也被悬挂于网上14天。有网友质疑，难道相关部门在14天里，都没能看出这个公式有错？杨人萍表示：&ldquo;确实存在工作上的疏忽。&rdquo;</p>\r\n<p><strong>出错不影响评比</strong></p>\r\n<p>有网友担心，这个公式恐让民意遭到&ldquo;暗算&rdquo;。对此，杨人萍表示，该公式不会影响评比结果。&ldquo;我县规定，我们是评分，而不是评满意率。&rdquo;杨人萍说：&ldquo;受评的部门和公用企业，如果评分达不到85分，将会受到处理。&rdquo;</p>\r\n<p>他还称，群众网评并不是此次行评的全部内容。行评总分值为100分，分为四项：群众网评得分，占总分值的20%；党代表、人大代表、政协委员评分，占总分值的20%；基层代表评分，占总分值的20%；部门和公用企业单位直接的服务对象评分，占总分值的40%。</p>\r\n<p>昨天下午，开县迅速将网上的计算公式作了更改。其为：测评得分=(非常满意&times;1+满意&times;0.9+基本满意&times;0.7+不满意&times;0.5)&divide;得票总数&times;100。</p>\r\n<p>记者&nbsp;聂超</p>\r\n<p><strong>相关新闻</strong></p>\r\n<p><strong>垫江政府网一栏目&nbsp;为何两年半没更新？</strong></p>\r\n<p>在元旦节前，有网友在天涯重庆论坛发帖，称垫江县人民政府网上的&ldquo;政府会议&rdquo;栏目，有近两年半没更新。</p>\r\n<p>发帖者在网上发了网页截图。截图显示，最后更新时间为2008年8月14日，内容为《十五届县政府第24次常务会议纪要》；该栏目的其余内容，上网时间均为2005年、2006年。</p>\r\n<p>&ldquo;垫江政府几年都没有开过会啦？&rdquo;有网友质疑。</p>\r\n<p>昨天，垫江县政府对此回应称，2008年之后，按上级要求，县政府常务会议纪要不再以这种方式公开。目前，该县政府网正准备取消该栏目。</p>', null, null, null);
INSERT INTO `jc_content_txt` VALUES ('60', '<p class=\"f_center\" style=\"text-align: center\"><img id=\"{19784176-6C2D-4CF2-9341-7DC7A4D3317D}\" border=\"0\" hspace=\"0\" alt=\"黄山徽州区\" align=\"center\" src=\"http://img1.cache.netease.com/catchpic/7/79/7931444CE63DB1A06E34AEC5DC1AFCF5.jpg\" /><br />\r\n这是网络上对此次招聘事件的转载（1月1日摄）</p>\r\n<p>新华网合肥1月3日电&nbsp; 在网络上引起热议的安徽黄山徽州区招聘事件有了最新进展。徽州区招聘工作领导组负责人3日对新华社&ldquo;中国网事&rdquo;记者表示，除了原定于1月3日进行的面试已经在2日公告取消外，此次事业单位招聘方案目前也已经全部终止。徽州区将积极主动按照最新公布的《安徽省事业单位公开招聘人员暂行办法》要求，完善招聘工作，重新组织实施。</p>\r\n<p>12月24日，安徽省黄山市当地一论坛上，网名为&ldquo;徽州人&rdquo;的一名网友发帖称，黄山市徽州区事业单位招聘为领导子女专设，引起了网民热议。</p>\r\n<p>针对网民的批评和质疑，徽州区人社局局长胡志成在接受&ldquo;中国网事&rdquo;记者采访时否认了&ldquo;因人设岗&rdquo;的说法。他说，此次招聘户籍限定是因为山区乡镇工作条件差，工资待遇低，过去就出现过外地人应聘后很短时间就辞职的现象，而招收本区户籍的人员更具有稳定性，能更安心地开展工作。同时，大专以上学历就可以满足工作需要。</p>\r\n<p>全程参与此次招聘监督的徽州区监察局副局长洪光武3日也告诉记者，制卷、监考、阅卷等各个环节都严格按照国家事业单位人员招聘有关政策执行，并在纪检监察部门的监督下进行。由于试题较难，考生分数普遍偏低，但这并不能说明招聘的考生知识少、素质低、能力差。</p>\r\n<p>2011年1月2日，黄山市徽州区人力资源和社会保障局发布《公告》，取消了原定于1月3日进行的此次事业单位招聘工作人员的面试工作，表示尽快按照《暂行办法》要求进一步完善招聘工作。</p>\r\n<p>记者了解到，徽州区发布、实施《关于公开招聘事业单位工作人员的通知》是在2010年12月20日。在实施过程中，安徽省委组织部、省人力资源和社会保障厅出台《安徽省事业单位公开招聘人员暂行办法》（简称《暂行办法》），并于2010年12月29日在安徽省人力资源和社会保障厅网站全文公布。</p>', null, null, null);
INSERT INTO `jc_content_txt` VALUES ('61', '<p class=\"f_center\" style=\"text-align: center\"><img alt=\"屠宰场视频曝生猪注水 被拍方称遭诬陷\" src=\"http://img1.cache.netease.com/catchpic/E/E5/E5D5CF6AF9508A768B5F6C91D7DCF534.jpg\" /></p>\r\n<p class=\"f_center\">被打伤的看门人马福贵 记者 冀强 摄</p>\r\n<p class=\"f_center\" style=\"text-align: center\"><img alt=\"屠宰场视频曝生猪注水 被拍方称遭诬陷\" src=\"http://img1.cache.netease.com/catchpic/8/8C/8C12FB783ED8DE962CDFD1EDF585D47D.jpg\" /></p>\r\n<p class=\"f_center\" style=\"text-align: center\"><img alt=\"屠宰场视频曝生猪注水 被拍方称遭诬陷\" src=\"http://img1.cache.netease.com/catchpic/7/76/768D8619887D62F856C62FC0653ED953.jpg\" /></p>\r\n<p>\r\n<script language=\"javascript\" type=\"text/javascript\">\r\n								if(picResCount>0){\r\n									document.getElementById(\"picres\").style.display=\"block\";\r\n									document.write(\"</p><p>\");\r\n								}\r\n 			 				</script>\r\n</p>\r\n<p><founder></founder></p>\r\n<p>日前，记者收到了淄博一市民送来的屠宰场&ldquo;注水肉&rdquo;视频。据视频提供者杨先生介绍，这是在淄博市高青县一家生猪定点屠宰场强行拍摄的，内容是该屠宰场涉嫌制作注水猪肉。在两段时长总计达9分钟的<a href=\"http://v.163.com/\"><font color=\"#1e50a2\">视频</font></a>中，一根塑料水管被人粗暴的插入生猪嘴中，水不停地从猪嘴里溢出&hellip;山东商报&nbsp;记者&nbsp;冀强&nbsp;山东新闻网&nbsp;记者&nbsp;高太明&nbsp;联动报道</p>\r\n<p><strong>神秘视频曝光</strong></p>\r\n<p><strong>活猪注水场面</strong></p>\r\n<p>根据视频内容，记者日前来到了淄博高青县实地调查采访，却听到了多种不同的声音：被拍视频的厂家说是被人&ldquo;诬陷&rdquo;了，当地主管部门称拍摄者是&ldquo;自导自演&rdquo;，警方则表示视频拍摄者属&ldquo;团伙犯罪&rdquo;，目前已有两人被刑拘。</p>\r\n<p><strong>神秘视频曝光</strong></p>\r\n<p><strong>活猪注水场面</strong></p>\r\n<p>&ldquo;这可能是最震撼的注水肉视频了，他们注水的过程，被我们抓了个现形。&rdquo;把视频交给记者时，淄博市民杨先生神秘地对记者说。</p>\r\n<p>在第一段长达3分多钟的视频中，先是有几名工人在猪圈里忙碌，几头猪被吊在绳子上。也许是发现有人拍摄，工人们迅速将被吊起的猪放下，纷纷离开。随后，镜头转向地面，一根根散落在地上的塑料水管正在冒水。在猪圈的一角，两个塑料瓶被拍入镜头，视频中传出一个声音：&ldquo;这是药&rdquo;。</p>\r\n<p>另一段长达6分钟的视频画面比较凌乱，嘈杂的声音中，一头猪被铁钩勾住嘴，往上呈45度角吊着。随着镜头的推进，另几头被吊着的活猪出现在画面中，有人往其中一头猪嘴里插进一根塑料水管，水不停地从猪嘴里流出。视频的最后显示，屠宰场几名工作人员被手持长棍的人控制在室外，他们蹲在地上，被人用手电照着逐个辨认，其中一人被称为&ldquo;老板&rdquo;。</p>\r\n<p>视频提供者杨先生介绍说，自己也是在高青县做生猪屠宰生意的，这两段视频是在当地另一家企业&mdash;&mdash;腾达定点屠宰场拍摄的。&ldquo;他们好几年来一直做这种黑心生意，低价往外批发猪肉，把我们挤兑的没有办法。无奈之下，我们才出此下策，2010年12月17日凌晨强行翻墙进入腾达场内拍摄的，希望能够惩治他们。&rdquo;</p>\r\n<p><strong>B</strong></p>\r\n<p><strong>被拍摄方称</strong></p>\r\n<p><strong>&ldquo;遭人诬陷&rdquo;</strong></p>\r\n<p>&ldquo;三年来，我们就没做过一次这种缺德事！我们纯属被人诬陷。&rdquo;在淄博高青县腾达定点屠宰场，负责人孙增双手抱在胸前，气呼呼地说。</p>\r\n<p>据孙增介绍，他就是事发当晚出现在视频中的那名&ldquo;老板&rdquo;。&ldquo;当时我正在被窝里睡觉呢，有人破门而入，把我从被窝里拎出来了。&rdquo;孙增介绍说，被几个人架到屠宰车间时，他才发现自己的工人都被控制了。&ldquo;来的人气势汹汹，带着棍棒砍刀，大约有二三十口人吧。&rdquo;等那些人全部撤出厂区后，才打电话报了警。</p>\r\n<p>在高青县医院，记者见到了最早听到狗叫外出查看的看门人马福贵，他指着被缝了八针、诊断为颧骨粉碎性骨折的面部告诉记者：&ldquo;在北墙外我遇到两名年轻人，他们自称是&lsquo;逮兔子的&rsquo;，话刚说完，我就被他们用棍子重重的打倒在地上了。&rdquo;</p>\r\n<p>&ldquo;我们清楚是谁闯入厂区来拍摄视频。&rdquo;孙增介绍说，当晚翻墙、砸开门锁后强闯厂区的是另一家名为湾头的生猪屠宰场的老板和工人。&ldquo;因为同行，我们存在竞争关系。几年来他们一直竞争不过我们，提出和我们合并工厂也被拒绝，所以才想出这个损招来诬陷我们。&rdquo;</p>\r\n<p><strong>主管部门称视频是&ldquo;自导自演&rdquo;</strong></p>\r\n<p>&ldquo;任何一个对屠宰行业有了解的人看了视频后，都会觉得这是拍摄者自导自演。&rdquo;对于注水肉视频一事，当地生猪定点屠宰领导小组的牵头单位&mdash;&mdash;高青县财委负责人这样表示。</p>\r\n<p>记者从高青县畜牧兽医局获悉，目前高青县只有两家定点屠宰场，一家是腾达屠宰场，另一家是湾头屠宰场。按照高青县财委的说法，在这段视频曝光当天上午，他们就紧急约见了腾达和湾头两家屠宰企业的相关负责人。</p>\r\n<p>&ldquo;我们对这件事也很重视，毕竟关乎全县的猪肉食品安全。&rdquo;高青县财委表示，根据对视频的分析和双方负责人的交代以及相关证据，他们认为这段视频不是现场的真实拍摄，而是一段自导自演的视频。</p>\r\n<p>&ldquo;腾达现在占据了高青县90%以上的生猪屠宰市场，三年来共屠宰生猪14万头，从未出现过任何食品安全事故，也从未有过消费者或猪肉经营户针对该场的投诉现象，在业界有着不错的口碑。如果有问题的话，早就被发现了。&rdquo;高青县财委介绍说：&ldquo;反观湾头，因为诸多原因，他们的生意一直一般。再加上我们通过视频掌握的一些证据，我们认为这段视频是因为湾头正面竞争不过腾达，而采取的一种极端手段。&rdquo;</p>\r\n<p>高青县生猪定点屠宰指挥小组有关负责人告诉记者，视频曝光后，他们在全县展开了检查，并未发现有注水肉流入市场，视频中出现的几头&ldquo;灌水猪&rdquo;已经被无公害处理。</p>\r\n<p><strong>警方称部分拍摄者已被刑拘</strong></p>\r\n<p>记者了解到，目前高青县公安局已经对此案立案侦查。一名姓冯的副局长在接受本报记者采访时表示，视频拍摄者强行闯入腾达场内，并打伤员工的行为属于&ldquo;团伙犯罪&rdquo;，目前已经刑拘了两名当晚在外&ldquo;把风&rdquo;的犯罪嫌疑人，因此案正在侦破，具体情节并不方便透露。</p>\r\n<p>而对于视频的中&ldquo;注水&rdquo;的真伪，警方表示犯罪嫌疑人还未全部归案，视频的真伪还不能最终确定。</p>\r\n<p><strong>当地派人入场督查</strong></p>\r\n<p><strong>确保猪肉安全供应</strong></p>\r\n<p><strong>E</strong></p>\r\n<p>在视频曝光后，高清县委县政府在2010年12月17日晚连夜召开了会议，专题研究注水肉问题。由于暂时无法排除嫌疑，腾达屠宰场已经被责令&ldquo;一边生产，一边整改&rdquo;。</p>\r\n<p>记者了解到，当晚会议决定在未查清事实之前，当地主管部门加强对生猪市场的监督检查力度，在腾达、湾头两家屠宰企业各安排两名监督检疫人员，从晚八点至次日凌晨五点进行全程督查。同时，还要求两家企业晚上不允许关闭大门，以便随时接受检查。既保证当地的猪肉不断档供应，又保障大家吃上放心肉。</p>\r\n<p><strong>两厂家互指对方</strong></p>\r\n<p><strong>不正当竞争</strong></p>\r\n<p>采访中记者了解到，腾达和湾头两家生猪定点屠宰场除了在生意上互不相让以外，也在嘴皮子上打起了官司，互相指责对方不正当竞争。</p>\r\n<p>此前在将视频提供给记者时，杨先生曾对记者表示，之所以采取&ldquo;不场面&rdquo;的办法拍摄这段视频，主要是因为&ldquo;被逼的&rdquo;。杨先生对记者说，自己的几个亲戚2007年10月份开始经营湾头定点屠宰场。刚起步时效益还可以，但是因为腾达长年来生产了大量的注水猪肉，并且通过社会上的一些势力控制当地肉市，所以给当地的猪肉市场造成了严重冲击。杨先生说，很多人都去当地的相关部门反映过，但是都没有足够的证据来证明&ldquo;腾达所生产的就是注水肉&rdquo;。杨先生介绍说：&ldquo;目前来说，正常的毛猪价格一般在6.7元/斤-6.8元/斤左右，要是除去猪下货、猪皮等杂物，猪肉批发价格一般要在每斤8.8元左右才能看到利润。但现在腾达的肉批发价格却是7.5元/斤，照这个价格别说是保本了，他们厂每斤要赔1.5元左右，铁定是注水了。&rdquo;</p>\r\n<p>在采访中，腾达的负责人孙增则告诉记者，湾头方面杨先生的说法根本就是颠倒黑白。&ldquo;真正用社会闲杂人员扰乱市场的是他们，正面竞争不过我们，湾头两年前就开始出损招。&rdquo;孙增表示，目前腾达方面的猪肉出场价一般在每斤8.8元左右，走的是薄利多销的路子。&ldquo;虽然单头猪的利润不高，但每天我们能宰杀近百头猪，总利润还是比较可观的。&rdquo;</p>\r\n<p>为了验证腾达方面的说法，记者随后多次拨打湾头定点屠宰场相关人员的电话，但均无人接听。</p>', null, null, null);
INSERT INTO `jc_content_txt` VALUES ('62', '<p><strong>作者：</strong><span style=\"font-weight: bold\">郑渝川</span></p>\r\n<p>历时一年程序，深圳市第二次保障性住房终审结果在2010年12月31日开始公示，相应名单悄然出现在深圳市住建局官网，有5293户过关、1092户被剔除。</p>\r\n<p>此次公示时间为2010年12月31日至今年1月14日，将节假日算在公示&ldquo;15个工作日&rdquo;的范畴，受到普遍怀疑和批评。记者调查发现，此次最终公示的内容里，并没有通过者的财产和收入信息；许多街道办因为元旦放假，也未挂出辖区终审结果。深圳市住宅售房管理服务中心主要官员，拒绝对采访记者解释相关问题。</p>\r\n<p>深圳市民、网民还提出了其他质疑：涉嫌违反计划生育政策的申请户获批，家住豪宅跨区、跨街道申请保障房的申请户大量存在，已住保障房的二次申请，等等。（1月2日《深圳晚报》）</p>\r\n<p>2010年3月下旬、10月下旬，深圳市第二次保障性住房初审、复审名单的公示，均引发强烈质疑。由于网民不懈穷追、媒体给力调查，&ldquo;豪宅门&rdquo;、&ldquo;豪车门&rdquo;、&ldquo;零资产&rdquo;、&ldquo;公务员&lsquo;假冒&rsquo;临时工&rdquo;等真相现世，已经严重削弱了深圳保障性住房分配的公信力，相关主管部门和一些街道、社区机构对疑难问题的解答，更是沦为坊间笑谈。</p>\r\n<p>从2010年最后一天晚上&ldquo;秘密&rdquo;挂上官网、以凑满15个公示日的终审结果来看，初审、复审过程中暴露出的许多程序性问题，并未能得到对应的完善解决&mdash;&mdash;市民质疑的违反计划生育政策申请户、豪宅申请户、已享受保障房的申请户二次申请等情况，是在该名单复审时就已经被媒体曝光过的问题。时隔两月，深圳市住建局、深圳市住宅售房管理服务中心对这些问题不作有效性释疑，也不予更正，显然是对民意和媒体监督的蔑视。</p>\r\n<p>更离谱的是，初审、复审名单中，由于申请户财产和收入信息受到普遍怀疑，不少&ldquo;零资产&rdquo;家庭事后被证明所言不实，此番终审名单中居然就不再公开这方面信息。深圳市住宅售房管理服务中心主要官员拒绝对此问题作出回答，或不接记者采访电话的做法，都在一步步坐实外界的忧虑和猜测。这难道不是心虚的表现？</p>\r\n<p>2010年7月开始实施的《深圳市保障性住房条例》，第九章&ldquo;法律责任&rdquo;中有多个条款对骗购、骗租保障性住房行为进行了界定，并明确要求将其纳入不良行为记载，向社会公开。此番终审名单公布，相关公告却不披露被剔除的1092户违反保障性住房政策的具体做法，以及主管部门依照《条例》给予的处罚，这岂不是自己立法、并且自己带头违法？</p>', null, null, null);
INSERT INTO `jc_content_txt` VALUES ('63', '<p>&nbsp;&nbsp;&nbsp; 2010年，不少政府部门在公共决策之前开始征集民意。上周，中国青年报社会调查中心对1655人进行的一项调查显示：84.5%的人首选&ldquo;存在走过场现象&rdquo;，其次是&ldquo;有的征集缺乏对公众的及时反馈&rdquo;(70.3%)，&ldquo;民意征集与政策制定脱节&rdquo;排在第三位(69.8%)。63.7%的人认为部分民意征集&ldquo;随意性大，缺乏统计和分析&rdquo;。（12月29日《中国青年报》）<br />\r\n<br />\r\n　　公共政策与公众利益休戚相关，征集民意、倾听民生是公共决策的必备环节。今年以来，车船税立法、拆迁条例修改、北京治理交通拥堵等民意征集活动，引起了公众的广泛关注和参与。无论是保障决策的科学性与民主性，还是回应高涨的公民意识，民调都当越来越给力、其权重也当越来越加量。<br />\r\n<br />\r\n　　遗憾的是，尽管民调的舞台是搭起来了，但&ldquo;演出流程&rdquo;远远未曾到位，有的是扯两嗓子虚与委蛇，有的是架起喇叭大搞&ldquo;假唱&rdquo;&hellip;&hellip;不仅让民调沦为形式主义的&ldquo;新代言&rdquo;，反而消弭了政府公信力。有几个核心问题越来越成为困扰民调质地的关键：一是逻辑上的正当性，现在的民调，往往是职能部门自己设置议题，然后自己再去调研，再然后自己公布结果，最后还是自己拿出决策&mdash;&mdash;&ldquo;一人操刀&rdquo;的民调、尤其是很可能出现&ldquo;不同声音&rdquo;的民调，如何保证其客观性与真实性？譬如吉林省永吉县人民政府网所做的一项关于&ldquo;满意度&rdquo;的民意调查中，就只有两个选项&mdash;&mdash;&ldquo;满意&rdquo;或者&ldquo;非常满意&rdquo;；二是操作上的科学性，民调越来越多，但是专业性堪忧，样卷设计、抽样方式、数理分析、意见权重分配等，对结果都起着至关重要的作用，粗放型的民调操作不仅不能有效汲取民间智慧，很可能在议题上横生出很多枝节、折损民调的效率，没有严谨而专业的民调设计，就不会有精确而有效的民调结果；三是民调要有宽泛的适用度，不能在制度设计基本完成之后，更不能成为试探民意的幌子，而应该贯穿公共决策的每个环节和整个过程，因为政策的稳定性是相对的，成熟的民意可以随时为失衡的政策校准。<br />\r\n<br />\r\n　　谁也不能臆断公共政策的民调就是&ldquo;走过场&rdquo;而已，但类似&ldquo;逢听必涨&rdquo;听证会般的民调，在现实生活中也是屡见不鲜。要让&ldquo;被走过场&rdquo;的民调硬气起来，关键还得在程序的公正与透明上下功夫：一方面，我们可以借鉴美国《纽约时报》社会调查中心、芝加哥大学全国民意研究中心、非营利组织皮尤(PEW)研究中心和商业性的盖洛普公司等，由政府委托独立第三方机构征集民意、解读民意；另一方面，决策需要对征集过来的民意有更透明、更细致的回应，呵护公民参与民调的热情与信心，即便是反对的声音，也当分清比重，予以说明。<br />\r\n<br />\r\n　　民调是现代公共治理的一个&ldquo;小锦囊&rdquo;，只有让有理有利有节的民调硬气起来，公民的民主参与才会与公共政策良性互动，公共利益才能在看得见的博弈中走向最大化。</p>', null, null, null);
INSERT INTO `jc_content_txt` VALUES ('64', '<p><strong>作者：</strong><span style=\"font-weight: bold\">王石川</span></p>\r\n<p>12月27日，湖南省衡阳市衡南县松江镇一辆送小学生上学的三轮车坠河。据该县党政门户网站发布的事故通告，截至当晚6时30分许，事故共造成14名小学生死亡，6人受伤。事故车辆司机已被公安机关控制。（12月28日《羊城晚报》）</p>\r\n<p>每个公民的非正常死亡都让人黯然，而小学生的殒亡则尤其让人叹惜，短暂的人生画卷尚未铺开，便已戛然而止，留给家人的又将是多么撕心裂肺的挣扎与痛切。12&middot;27校车事故的真相有待调查，但不能不关注我们的校车安全。</p>\r\n<p>此起校车坠河事件早已埋下了伏笔。其实，所谓的校车，就是一辆农用三轮车而已，只能乘坐七八个人，却被塞进了20名学生；而且，车子改装后车厢外加了门栓，车辆行驶时一般是从外面拴着的，所以坠河后孩子无法逃生自救。还有一处细节不能不提，发生事故的车是由家长自己联系的，学校并没有配备校车。学校为何不配备校车而由家长凑钱雇车？这也许牵扯到很多层面的问题，但显然与教育投入不足有关。</p>\r\n<p>今年7月1日起，我国首部专门规范小学生校车安全的强制性国家标准《专用小学生校车安全技术条件》就已实施。该国标可圈可点，比如规定，学生座位必装安全带，还要装有类似飞机&ldquo;黑匣子&rdquo;的汽车行驶记录仪等等。在这种语境中，为何仍有大量不合格校车？</p>\r\n<p>央视主持人白岩松说他很羡慕美国到处都有黄色的校车：其一，政府出钱养校车；其二，校车要求是最安全的。很多年前美国也发生过桥梁垮塌事件，在交通高峰期塌的，60多辆车掉下去，死伤无数，其中有一辆黄色的校车，只轻伤了几个孩子，没有一人死亡，因为校车太结实了；其三，校车令行禁止，校车停下来时，会弹出一个STOP的牌子，两个方向马路上的汽车必须在25米外全部停下，什么时候孩子全下完了，司机把STOP的牌子收起来了，两边的车才可以通行，谁如果违反了规则，或者敢去超车，将被法律严惩。</p>', null, null, null);
INSERT INTO `jc_content_txt` VALUES ('65', '<p>&ldquo;2010年度汉字盘点&rdquo;评选正在进行中，目前&ldquo;涨&rdquo;遥遥领先，超过半数。这不是偶然的，因为&ldquo;面粉涨价了，汽油涨价了，羽绒服涨价了&hellip;&hellip;除了工资，身边的一切几乎都涨价了&rdquo;，面对这样的形势，靠工薪或做点小买卖为生的普通老百姓该如何应对？有人开出了药方&mdash;&mdash;&ldquo;以勤奋工作赶超物价涨幅&rdquo;（12月 27日《工人日报》）。<br />\r\n<br />\r\n&nbsp;&nbsp;&nbsp; 这个药方让人感到哭笑不得，因为这简直是等于在对溺水者说，你要靠自己的努力挣扎来确保自己免于被淹死，虽然笔者并不愿意揣测别人的动机，但还是从这张药方当中，嗅出了一点站着说话不腰疼的味道。<br />\r\n<br />\r\n&nbsp;&nbsp;&nbsp; 普通老百姓靠勤奋工作，无论如何是追不上物价涨幅的。原因很简单，目前的通货膨胀，主要是由两个原因造成的：一是货币投放量过多，对普通老百姓来说，其面临的问题就如同面对漫过堤坝的洪水一样，除非能够抓到一块木板或者救生圈什么的，否则的话再&ldquo;勤奋&rdquo;的扑腾都无济于事；二是贫富差距太大，既得利益阶层手里掌握着大量剩余资金，也就是热钱。这些热钱由于规模特别巨大，所以完全可以操控任何一种商品的价格，用来炒房，则把全民都变成了房奴；用来炒&ldquo;蒜&rdquo;，则&ldquo;蒜你狠&rdquo;，用来炒姜，则&ldquo;姜你军&rdquo;&hellip;&hellip;价格动辄几倍地往上涨。面对这样的滔天巨浪，普通老百姓毫无博弈能力。&ldquo;勤奋工作&rdquo;有什么用呢？什么用也没有。<br />\r\n<br />\r\n&nbsp;&nbsp;&nbsp; &ldquo;以勤奋工作赶超物价涨幅&rdquo;的论调，其实还暗含了对大部分普通民众的蔑视和讽刺：似乎他们是一群不愿意勤奋工作，只知道抱怨的人。但事实上，那些无力应对物价上涨的人&mdash;&mdash;无论是起早贪黑的小商小贩，还是拖着&ldquo;亚健康&rdquo;的身体，生活在&ldquo;过劳死&rdquo;阴影下的一般白领&mdash;&mdash;都是我们这个社会最勤奋的阶层，游手好闲的恰恰是无须担心通胀的既得利益阶层。&ldquo;以勤奋工作赶超物价涨幅&rdquo;的论调，在客观上还把通胀所带来的民生问题，推到了通胀的受害者头上，似乎他们的一切苦难，都是他们不愿意&ldquo;勤奋工作&rdquo;造成的，强词夺理，莫此为甚！<br />\r\n<br />\r\n&nbsp;&nbsp;&nbsp; 通胀问题根本上是一个宏观经济政策问题，因此也应该通过政府的宏观调控来解决，各国皆然，从来没有哪个国家是靠号召民众通过&ldquo;勤奋工作&rdquo;来应对通胀的。就中国目前的具体情况而言，我认为应该尽快推出保值储蓄以稳定人心，打消民众的通胀预期，同时收紧货币，防堵热钱，严厉打击哄抬物价的投机行为，对低收入民众给予物价补贴，如此才能够有效遏制通胀，同时把通胀对一般民众生活的不利影响，降至最低。而只要人民能够安居乐业，免除了后顾之忧，则 &ldquo;勤奋工作&rdquo;也就是自然而然的事了。<br />\r\n&nbsp;</p>', null, null, null);
INSERT INTO `jc_content_txt` VALUES ('66', '<p>12月15日中国社科院公布的《2011年中国社会形势分析与预测》蓝皮书，警示伪城市化牺牲农民利益。<br />\r\n<br />\r\n　　城市化的标志是缩小城乡剪刀差、提高全体国民尤其是低收入阶层的生活质量，而不是以拥有农村或者城市户籍为标志，不是以是否住上楼房为标志。<br />\r\n<br />\r\n　　目前新一轮城市化中，农民上楼运动方兴未艾，对此我们应该保持足够的警惕。土地作为目前中国增值最快的资产品，地方政府有足够的动力将农民土地转为国有，在商品化开发之后谋求暴利。<br />\r\n<br />\r\n　　第一轮对农民的土地剥夺催肥了地方财政。据中共中央党校研究室副主任周天勇先生的估算，改革开放以来，通过低价征用制度，从农民手中转移的利益大约有15万亿人民币，而卖地补偿给农民的不到其中的5%。<br />\r\n<br />\r\n　　许多农民因征地而致贫，形成4000万失地、失保和失业农民。鉴于第一轮征地潮对农民的大规模剥夺，我们必须警惕正在紧锣密鼓推进的第二轮征地潮，以城市化为名再行剥夺农民之实。<br />\r\n<br />\r\n　　目前一些地方推进的农民上楼运动，保障农民利益主要体现在让农民拥有农业公司股权、获得城市最低保障等。农民成为市民，在城乡区别大的地区是天大的恩赐，但所有这些保障背后的实质是，农民肯定无法享受到土地作为资产品溢价的权利，转而拥有从土地转换来的公司股权、分红权，鉴于土地溢价远远高于入股公司的分红，公司前景莫测，农民对于公司的管理权与建言权存疑，农民土地折股效果很难说一定能成功。<br />\r\n<br />\r\n　　也有成功的例子，今年玛纳斯县乐土驿镇周家庄村&ldquo;乐源&rdquo;农业专业合作社给农民按股权比例分红，各利益群体相安无事，因为在当地不存在城市化过程中土地溢价的前提，农民乐意入股合作社换取分红权。但在城市郊区、矿产与林业等资源较为丰富的地区，连公务员都将自己的户口迁回农村寻求厚利，农民不能获得土地与资源溢价，尖锐的利益冲突此起彼伏。<br />\r\n<br />\r\n　　如江苏省宜兴市官林镇政府征用2800亩农地空置五年，对失地农民又不做合理补偿，当地部分农民生计所迫，2008年2月22日开始在被地方政府强行征用的土地上复耕，这些被征用的土地主要建度假村、高尔夫球场、豪华别墅，本身是国务院明令禁止的。而江苏常州北港街道邹家村委江墅村农民，不满政府&ldquo;先用后征&rdquo;的违规征用土地，也没有按照法律法规给予失地农民补偿，于2008年2月29日发生冲突。一连串的事件，说明在圈地过程中存在着&ldquo;土地吃人&rdquo;的现实。<br />\r\n<br />\r\n　　据中央农村工作领导小组副组长、办公室主任陈锡文的估计，2006年以来，中国新增的数千万城镇人口中，真正转为城市居民的农民工可谓凤毛麟角。一些地方政府以统筹城乡发展或新农村建设的名义，在农民的承包地和宅基地上打主意，意图通过村庄撤并、擅自扩大城乡建设用地增减挂钩的范围等，侵害农民的土地权利。<br />\r\n<br />\r\n　　城市化过程如果不幸沦落为新圈地运动，有可能造成城市赤贫阶层，向城市输送源源不断的无消费能力与专门技术的低端产业工人。健康的城市化过程，会在土地流转与工业化的过程中，通过土地财富的再分配，造就一批拥有基本消费能力的中产收入阶层。当农民得到土地权证，并且这份权证足以让他们以中产阶层的身份进入工业化时代，当有领导人敦促农民不要轻易出售土地证以获得最丰厚的土地溢价时，这样的城市化进程才能培养中国最急需的中产阶层与中高端技术工人。<br />\r\n<br />\r\n　　中国目前紧锣密鼓的城市化进程，事实上是1949年之后的另一次土改。当年的土改是将土地分到农民手中，公社时期前后则是将土地集中国有化，现在的土改主要是将集体土地重新流入市场进行财富再分配。<br />\r\n<br />\r\n　　无论用何种方式，剥夺土地制造贫困阶层的办法都无助于中国的经济，无助于中国中产收入社会的壮大。无论怎么样的土改，必须有利于农民的利益，有利于工业化与城市化的进程，有利于财富为民所用。</p>', null, null, null);
INSERT INTO `jc_content_txt` VALUES ('112', '<p>2010年12月27日，几位来自东北的宇通客户因为及时提到了车，在宇通大厦楼上的餐厅推杯换盏，喜形于色，还有一些来自天南海北的客户不得不选择在专门针对客户营业的宇通大厦客房里入住，等待提车的消息。</p>\r\n<p>过去的一年，这样的热闹场景一直在宇通大厦内上演。年产销4万辆的成绩相对于乘用车企业来说微不足道，但足以保证<a href=\"http://quotes.money.163.com/0600066.html\">宇通客车</a>稳住客车行业的第一把交椅。</p>\r\n<p>在宇通客车总裁汤玉祥看来，客车市场对于中国汽车行业来说是小众市场，仅凭客车产品并不足以保证宇通客车未来的发展和壮大，宇通也在考虑在适当的时候扩展业务的范围。</p>\r\n<p>&ldquo;宇通对于未来3~5年有着清晰的规划，可以肯定的是，宇通绝不会开展轿车业务。&rdquo;汤玉祥在接受《每日经济新闻》记者（以下简称NBD）采访时表示。</p>\r\n<p><strong>考虑拓展轻型客车</strong></p>\r\n<p><strong>NBD</strong>：宇通实现了年产销4万辆，您觉得这一成绩对于客车行业的意义是什么？</p>\r\n<p><strong>汤玉祥</strong>：今年整个客车行业大概产销14万~15万辆，基础是中国经济发展的需要。宇通产销4万台，行业实现了一定的集中度，同时科学合理性提高，原来我们的集中度太低，导致行业发展不健康。</p>\r\n<p><strong>NBD</strong>：宇通2010年销量同比增长1万多辆，导致现在产能出现不足，是不是年初做计划时对2010年市场的预判有点保守？</p>\r\n<p><strong>汤玉祥</strong>：预判保守是一方面，我们没想到行业会有这么高的增长，但是我们的产能不是一天两天能建立起来的。2007年我们已经计划要把产能扩展至5万辆，但由于各种原因没有实现这一目标。</p>\r\n<p><strong>NBD</strong>：乘用车企业纷纷公布&ldquo;十二五&rdquo;规划，宇通有类似的规划么？</p>\r\n<p><strong>汤玉祥</strong>：宇通没有&ldquo;十二五&rdquo;规划，但对未来3年有一个短期的规划。客车这部分我们准备做到5万辆，加一部分<a href=\"http://quotes.money.163.com/1399941.html\">新能源</a>或者专用车可能会到6万台。为了配合这一目标的实现，我们准备再建5条生产线。</p>\r\n<p><strong>NBD</strong>：有消息说金龙正在筹划做轿车，宇通会拓展轿车业务吗？</p>\r\n<p><strong>汤玉祥</strong>：我们绝不会做轿车，但的确考虑过业务的拓展，比如轻型客车等等。</p>\r\n<p><strong>NBD</strong>：客车行业通常都是B2B的营销模式，这导致客车企业不太重视品牌建设，宇通在品牌打造方面是否有计划？</p>\r\n<p><strong>汤玉祥</strong>：品牌溢价是由市场决定的，不是我们自己来决定的。品牌建设有一个过程，虽然我们在行业内用户的知名度很高，但我感觉现在宇通还没到&ldquo;吹牛&rdquo;的时间。不过我们会陆续加大品牌推广方面的投入，比如央视的广告投放。</p>\r\n<p><strong>今年客车市场不乐观</strong></p>\r\n<p><strong>NBD</strong>：宇通的产品生命周期是怎样规划的？</p>\r\n<p><strong>汤玉祥</strong>：宇通车型更新的速度要快过乘用车，我们的产品生命周期大概在3~5年。</p>\r\n<p><strong>NBD</strong>：您对客车行业未来的发展是否作过预测?</p>\r\n<p><strong>汤玉祥</strong>：我认为客车行业会随着中国运输和全球运输的需要而发展，比如针对国内下一步公交优先、交通拥堵的问题，我们肯定会做好配合。还有一个趋势是，下一步行业集中度会逐渐提高，管理水平和工艺能力会逐步提高，宇通要起到引领行业的作用，并逐渐与国外企业接轨。</p>\r\n<p><strong>NBD</strong>：您怎么看待2011年的汽车市场？</p>\r\n<p><strong>汤玉祥：</strong>今年客车市场，以及卡车市场都不乐观。目前我们面临的最大困难就是产能不足，产能限制了我们的增长速度。有需求和订单，但是无法生产那么多车，这是很痛苦的。我认为今年的客车市场格局还会延续去年的状态。</p>\r\n<p><strong>新能源技术远未成熟</strong></p>\r\n<p><strong>NBD</strong>：包括宇通在内的国内客车企业都很重视出口，且这一块竞争非常激烈，宇通有什么样的策略？</p>\r\n<p><strong>汤玉祥</strong>：目前客车出口的确存在不规范竞争，出现了海外竞争国内化的现象，使得我们的整体出口降低了10%~20%。不规范竞争会损害中国产品的形象，因此客车出口需要严格的管理。宇通的出口采取经销和直销相结合的模式，而且以经销居多，即寻找海外销售合作伙伴。</p>\r\n<p><strong>NBD</strong>：海外业务占宇通销量的比重是多少？</p>\r\n<p><strong>汤玉祥</strong>：目前最多30%，我不会让这个比例增长到40%，因为海外市场稳定性很差，不稳定性会直接影响我们的出口业务，进而影响宇通整体的经营业绩。</p>\r\n<p><strong>NBD</strong>：目前宇通在海外有几家工厂，未来会扩大规模么？</p>\r\n<p><strong>汤玉祥</strong>：我们目前在伊朗和古巴有工厂，未来不会再增加海外工厂，主要是我们现在做海外市场的时间还很短，只有五六年。而且稳定的海外市场太少，还不具备进一步扩张的基础。</p>\r\n<p><strong>NBD：</strong>现在新能源汽车很热，宇通有什么新能源规划？</p>\r\n<div class=\"gg200x300\">&nbsp;</div>\r\n<p><strong>汤玉祥</strong>：其实我们在10年前就已经开始新能源方面的规划，但目前中国新能源技术远远没有达到成熟的程度。因此我们虽然一直在开展新能源产品方面的研究，但并没有过多地对外宣传。</p>\r\n<p><strong>NBD</strong>：宇通已经在新乡开始了新能源客车的示范运行？</p>\r\n<p><strong>汤玉祥</strong>：是的，我认为新能源汽车的应用应该从公共交通开始，而且会率先得到快速发展。我们的示范运行严格按照国家标准，在相对较大的城市进行尝试，希望通过实际运行提高我们的技术水平。</p>', null, null, null);
INSERT INTO `jc_content_txt` VALUES ('115', '<p>据知情人士周一表示，美国著名社交网站Facebook已经从<a href=\"http://quotes.money.163.com/usstock/hq/GS.html\">高盛</a>集团和德国的一家投资公司Digital Sky Technologies手中获得了5亿美元的投资。</p>\r\n<p>在该交易中，高盛和DST对Facebook的估值达到了500亿美元，超过了eBay、<a href=\"http://quotes.money.163.com/usstock/hq/YHOO.html\">雅虎</a>、<a href=\"http://quotes.money.163.com/usstock/hq/TWX.html\">时代华纳</a>等公司的市值。</p>\r\n<p>此次与高盛达成的交易预示着Facebook的不断壮大。这些新的资金将使Facebook在争取优秀员工、开发新产品和进行潜在的收购上具备更多的弹药。此次投资还将允许老股东，包括Facebook的员工，套现至少部分股份。</p>\r\n<p>在此项交易进行的同时，美国证券交易委员会已经开始对日益受欢迎的私募股权市场中互联网公司的股份交易展开了调查，其中包括Facebook和Twttter等。一些专家表示，该调查的重点是查明某些公司是否不正当地使用私营市场以回避公开信息披露。</p>\r\n<p>尽管Facebook的高管拒绝让公司上市，但是此次投资将会增加Facebook在此方面的压力。<a href=\"http://quotes.money.163.com/usstock/hq/MSFT.html\">微软</a>公司和<a href=\"http://quotes.money.163.com/usstock/hq/GOOG.html\">谷歌</a>的股票就曾在私营市场大受欢迎，这最终迫使它们公开上市。</p>\r\n<div class=\"gg200x300\">&nbsp;</div>\r\n<p>至今，Facebook的首席执行官马克&middot;扎克伯格仍排出了公司公开上市或出售的可能。但熟悉此次筹资活动的消息人士称，Facebook的董事会已经有意在2012年考虑出售该公司。</p>\r\n<p>此次交易可能会激起人们对Facebook在公开市场的市值的讨论。尽管该公司未公布具体财务信息，但分析师预计该公司是盈利的，并且每年的营收预计可达20亿美元。</p>\r\n<p>参与该交易谈判的人士表示，根据协议条款，高盛已经向Facebook投资了4.5亿美元，而俄罗斯投资公司DST已经投资了5000万美元。</p>', null, null, null);
INSERT INTO `jc_content_txt` VALUES ('116', '<p>热闹的2010年过去了，伴随着各式各样的盘点，给力的，V5的，淡定&hellip;&hellip;</p>\r\n<p>在2010年，很多人经历了一次标志性的选择在腾讯和360之间，这是一个艰难的选择；2010，很多人也经历了一次标志性的选择写微博。</p>\r\n<p>辞旧迎新，因为有了微博，而多了一种形式和角度。中国银行业协会首席经济学家巴曙松说了，微博不错，省去了给许多朋友发新年短信的成本。而原新浪网 CEO、现点击科技总裁王志东则在微博上表述自己的新年：&ldquo;新年第一天，晚上就想干一件最无聊的事情。结果呆想了一整晚都不知道该干吗，然后想困了，然后 睡了。&rdquo;</p>\r\n<p>封存2010，走好2011，有人梳理自己的生命意识，有人静定生慧，一起看微博上的财经大佬的新年经历，热闹之外也有冷思考</p>\r\n<p><strong>李东生黄酒会晓波</strong></p>\r\n<p>2011年1月1日，微博上来了个李东生，也就是TCL集团股份有限公司董事长，他自称&ldquo;致力于中国电子产业发展的老兵&rdquo;。一时间粉丝窜至万余人， 其中一位是TCL集团品牌管理中心总经理梁启春，他说&ldquo;有失远迎&rdquo;，李东生自己说明：&ldquo;受曹国伟（新浪CEO）邀请。&rdquo;有人说&ldquo;起步太晚&rdquo;，李东生说&ldquo;今 天开博，今后努力&rdquo;。他的夫人、普乐普公关公司总裁魏雪在微博上为他宣传，&ldquo;东生也学着戴上围脖了。&rdquo;</p>\r\n<p>果然，1月2日，李东生写微博一直发到1月3日的凌晨。他和<a href=\"http://hkquotes.money.163.com/html/000268.html\">金蝶国际</a>软件集团董事局主席徐少春沟通了高尔夫球技，他和华工的师弟师妹叙旧话新，他也遭遇了微博失灵之惑。</p>\r\n<p>他思去念新：&ldquo;我们确实和三星、索尼这些国际企业有差距，但这种差距过去十年在不断缩小；我相信再有十年，中国企业就有能力和跨国企业全面抗衡。&rdquo;</p>\r\n<p>他还感叹了2010年的最后一天，&ldquo;在北京家里，和吴晓波（财经作家）温上黄酒聊了大半天，回顾了企业这30年的沟沟坎坎。国家要强大一定要有强大 的经济支撑，而强大的经济需要强大的企业。晓波说&lsquo;这些年各种诱惑很多，能坚守做实业的不多了。这是我最佩服你的。&rsquo;　30年，我抱定实业报国的理想，今 后也义无反顾。&rdquo;</p>\r\n<p>魏雪在微博上是这样描述的：&ldquo;北京很冷，零下10度，吴晓波老师一早冒着寒风来到家里，我温了黄酒，晓波老师和我先生聊创业历程，产业未来，相谈甚欢。&rdquo;</p>\r\n<p><strong>王巍的酒茶咖啡牌</strong></p>\r\n<p>元旦之夜，中华全国工商业联合会并购公会会长王巍在微博上感叹：&ldquo;三里屯北街的商店群已经开业，几乎全球最时尚的高端品牌都入驻了。十年前还是低档酒吧，现在变化真大。忽然想起二十年前在纽约过元旦的晚上，无法想象中国会有这样的地方。&rdquo;</p>\r\n<p>对于三天假期，王巍在1月2日的深夜用微博记录，&ldquo;下午被约出去打牌，双扣。当年在哈巴雪山上向山友学会的，每年爬山时都用打牌来应对高山反应和闲 暇时光。先定的一家佛家茶馆，佛乐扰人，茶也极贵。后到上岛咖啡，主人甚至提供纸牌。打了两圈，均大胜，兆头不错。在沈计靓汤吃晚饭。回来换电脑，从索尼 到<a href=\"http://quotes.money.163.com/usstock/hq/AAPL.html\">苹果</a>机，新年礼物。明日还有一天逍遥，乐也。&rdquo;</p>\r\n<p><strong>李瑜三亚奇遇记</strong></p>\r\n<p>1月又至，去年1月，禹容网络创始人CEO、前<a href=\"http://quotes.money.163.com/usstock/hq/GAME.html\">盛大游戏</a>CEO兼董事李瑜辞职与丈夫一起创办禹容网络，元旦假日，全家在三亚度假，李瑜还在微博上写下三亚的奇遇很多圈里圈外的朋友，江苏五星投资控股集团董事长汪建国是其中之一，汪建国也在微博上发布了一起晚餐的图片。</p>\r\n<p>对此巧遇，零点研究咨询集团董事长袁岳(<a href=\"http://yuanyueblog.blog.163.com/\">博客</a>)也在微博上提议：&ldquo;如果我们与一群企业家或者一群白领相约出行，是一种社交也是一种学习，旅行是比读书更棒的学习方法呢。&rdquo;</p>\r\n<p><strong>潘海东继续&ldquo;爱问</strong>&rdquo;</p>\r\n<p>2010年12月31日，互动百科CEO潘海东在微博上以自嘲的方式来总结和畅想：&ldquo;爱互动百科，爱wiki；爱说不靠谱，爱问李彦宏，也爱&lsquo;知识奴隶&rsquo;的玻璃贴；我学系统工程，也拍时尚杂志；我不是潘总，我是海东。&rdquo;</p>\r\n<p>海东就是海东，经典总要继续。2011年1月2日，他在微博上开始揭露<a href=\"http://quotes.money.163.com/usstock/hq/BIDU.html\">百度</a>上公开的代孕广告。</p>\r\n<p><strong>地产大佬在国外</strong></p>\r\n<p>元旦假期，SOHO中国董事长潘石屹和夫人张欣在英国，北京时间2011年1月1日零时，&ldquo;我们在伦敦的守基阿芬第灵墓前，为中国祈祷、为朋友们祈 祷，为家人祈祷。&rdquo;接着，去朋友家做客，发美食微博，不亦乐乎，只是，小潘的手机出了点儿问题，&ldquo;不知是不是新年短信太多的缘故，我的手机今天彻底&lsquo;死 机&rsquo;了。只能等到回国再修了。&rdquo;</p>\r\n<p>&ldquo;2011年第一缕阳光，风急浪高&hellip;&hellip;&rdquo;深圳万科股份有限公司董事长王石在日本，他是去考察日本的建筑，谈的最多的是设计师安藤忠雄，经常在微博上 发美景美图的王石，常常是在旅途中，时值新年，他自己澄清：&ldquo;万科的董事长并不是天天旅游，还要上网看资料，回信息；召开董事会、股东大会、必要的应酬等 等。&rdquo;</p>\r\n<p><strong>三个男人回家</strong></p>\r\n<p>元旦当日，前Google全球副总裁兼中国区总裁、现创新工场CEO李开复在微博上贴出&ldquo;三个孙女陪奶奶（我妈妈）打麻将&rdquo;的照片，&ldquo;孙女每次见到奶奶，都要送奶奶一件玩具。&rdquo;</p>\r\n<div class=\"gg200x300\">&nbsp;</div>\r\n<p>1月2日，4399游戏董事长、著名天使投资人蔡文胜在微博上记下&ldquo;父亲的生日&rdquo;，&ldquo;今天是父亲的生日，回老家探望父母。我们一家有兄 弟姐妹四个加孩子们共十几个人，平时大家都居住在不同城市，很难得全部到齐了。我知道父母亲最开心的并不是给他们多少财物，而是一家人能经常聚会，聊聊 天，谈谈家常。照片（蔡文胜微博上有贴图）是父母亲和我哥哥两个孩子，妹妹两个孩子，左右二边是我的两个孩子。&rdquo;</p>\r\n<p>因为母亲生病，华远集团总裁任志强的新年有点儿累，&ldquo;新年第一天，最让全家人都高兴的事是母亲可以开口说话了。看来术后的情况良好。&rdquo;</p>\r\n<p>2010年的最后一天，任志强这样记录，&ldquo;今天是姐姐和嫂子的生日。一大家人晚上在一起聚餐。尽管昨晚一直忙到今早，哥哥，嫂子，老婆，妹妹，妹夫 们都睡眼蒙眬，但母亲的手术成功还是让大家暂时缓解了紧张的心情。姐姐为了母亲的病，刚从德国飞回北京，还在倒时差。加上下一代十多人排班，轮流去医院。 希望能岁岁平安。&rdquo;</p>', null, null, null);
INSERT INTO `jc_content_txt` VALUES ('117', '<p>刚刚从美国读书回来的许丽准备重新装修房子，她整理出一大批闲置的二手物品，衣服、饰品、包包，甚至还有一个装猫咪用的篮子。</p>\r\n<p>如何处置它们成了一件让人头痛的事。按照美国的惯例，她登录了分类信息网站，在网上填写买卖信息，并留下联系方式，希望能够很快将杂物处理掉。</p>\r\n<p>不到两天许丽就将猫篮卖给了一个打电话来的男生，20元钱的售价，让对方兴奋不已，毕竟，一个质量过得去的猫篮，最起码也要上百元。</p>\r\n<p>除了二手物品的交换，许丽发现，她要&ldquo;过渡&rdquo;租房、买辆二手车以及找个钟点工的愿望都能通过这个网站实现。它就像一个海量信息发布的聚合平台一样。</p>\r\n<p>只找所有人需求中的最大公约数，挑出最普遍的那部分需求，这在许丽登录的百姓网的CEO王建硕看来，是分类信息网站安身立命的基础。</p>\r\n<p>&ldquo;分类广告是人类的基本需求，只是现在把原本放在平面媒体上的分类信息搬到互联网上而已，&lsquo;在线分类＋社区互动&rsquo;给了分类广告新的生存平台。&rdquo;</p>\r\n<p>提供网民生活领域的分类信息，定位本地化的生活应用服务，这就需要分类信息网站能有大而全的信息量。然而，承载这个庞大信息量的平台却简单得出乎想 象。王建硕将百姓网的模式，解读为&ldquo;只有四个网页&rdquo;，即首页、目录、信息填写、发布，但就是在这样一个简单的组合背后却是已达到年千万元级的收入规模。</p>\r\n<p><strong>分类网站大浪淘沙</strong></p>\r\n<p>10多年前，美国人克瑞格发明了一种网络表格，将各种信息在网上进行分类，给用户提供交易买卖、房屋租赁、求职招聘、求助救济等服务，　10年后， 克瑞格的公司craigslist网站年创利润已超过1000万美元，而craigslist就是分类信息网站。显然，中国的人多地广给分类信息市场的拓 展带去了更大的想象力。但在国内分类信息网站方兴未艾之时，美国的<a href=\"http://quotes.money.163.com/usstock/hq/EBAY.html\">eBay</a> ECG已成为了全球最大的分类网站集团，年收入超10亿美元。</p>\r\n<p>2005年，觊觎中国分类市场的eBay把其在该领域的第一枚中国棋子放在了客齐集身上（百姓网前身），王建硕至今仍记得5年前客齐集刚成立时，每天发布的信息只有个位数，网站浏览量更是少得可怜，对市场的培育远未开始。</p>\r\n<p>但是这一波浪潮来得很快，由于进入门槛低，在2005￣2006年之间国内分类信息网站已迅速膨胀到几千家，就连门户大哥们<a href=\"http://quotes.money.163.com/usstock/hq/SINA.html\">新浪</a>、<a href=\"http://quotes.money.163.com/usstock/hq/SOHU.html\">搜狐</a>、网易、腾讯都陆续推出了自己的分类频道。用户使用习惯及市场规模正在逐渐确立。</p>\r\n<p>然而，这并非是一个能赚快钱的行当。在经历2008年￣2009年金融危机寒冬后，散伙者、转行者比比皆是，剩下的客齐集、58同城网与赶集网仍然 固守阵地。尔后，从eBay阵营中分拆出来的客齐集正式改名为百姓网，王建硕也就此结束了其外资在华职业经理人的身份，开始自主操盘百姓网。</p>\r\n<p>谈及经历的这波浪潮，王建硕坦言这其中最大的门槛在于时间。谁能清晰地固守自有的模式，即抓住互联网的本源把分散的信息集合起来并让其流动。</p>\r\n<p>然而，要想在大浪淘沙中生存下来，分类信息网站背后的资本实力其实也不容小觑。自2008年以来，百姓网已经历两轮融资，首轮来自金沙江创投，第二轮则吸引了曾投资Twitter、Second Life等互联网新兴模式的美国VC标杆资本。</p>\r\n<p><strong>百姓网的&ldquo;固执&rdquo;</strong></p>\r\n<p>一位投资人告诉记者，规模是分类信息类网站拉开与竞争对手差距的首要前提，核心价值在于引导用户形成一定的使用黏性。</p>\r\n<p>王建硕显然也明白个中道理，大浪淘沙之后，他开始总结分类信息网站立足的基本前提，他将下一个竞争点归结于是建立在规模化基础上的一种服务比拼。</p>\r\n<p>目前房产、工作、二手车买卖、物品交易为百姓网浏览量最大的类目，虽然早有专业的房地产交易网站、招聘网站，甚至是淘宝在前，王建硕却认为百姓网与它们没有任何的竞争冲突。</p>\r\n<p>他向记者举例，比如招聘，只找需求量大的工种，厨师、服务员、工人、快递等等。&ldquo;招聘工人的数量永远比招聘程序员要多得多，企业在专业招聘网站上能招到CFO／CTO，但很少有企业会想去那里招一个普通的工人。&rdquo;他说。</p>\r\n<p>王建硕一再强调，百姓网的作用只是提供一个在本地能方便发布和查找信息的途径，最后要求能见面交易。&ldquo;一旦不是同城，不是面对面交易，不是最基本的核心需求，就是其他那些B2C网站该干的事了。&rdquo;</p>\r\n<p>但是，一个成立已有5年的互联网企业迄今为止却只有29名员工，其中绝大部分负责产品、运营和质量控制。这29人的产出却并不少。资料显示，目前百 姓网覆盖347个城市，每月浏览量近10亿次，每月新增信息量超过300万条。但与竞争对手每月砸上百万美元用于营销，建立遍布全国的销售团队相比，王建 硕却并不认同这种商业推广方式，坚持口碑效应。</p>\r\n<p>他给记者算了一笔账，维持一个销售团队运作的单人成本在2000￣3000元／月，一百通销售电话中可能就只能成交一单，这也就意味着单个付费用户的支出必须在2000元／月以上，才能维系销售团队的运作。</p>\r\n<p>&ldquo;目前百姓网每一个类目信息都按发布时间的新鲜度排序，但用户可通过支付一定费用使自己信息置顶，付费用户最便宜的是10元／30天，最贵则为300元／7天。&rdquo;他说，&ldquo;低价是因为没有销售团队，就无需将这部分的开支转嫁到用户身上。&rdquo;</p>\r\n<div class=\"gg200x300\">&nbsp;</div>\r\n<p>但一位接触过分类信息网站的业内人士告诉记者，口口相传的这种营销模式只适合于创业初期，一旦企业步入成长阶段，就有可能拖垮其试图快速前进的步伐。分类信息网站真正的价值其实与其他互联网同行并无区别，即网站的有效点击率与成交量。</p>\r\n<p>然而，王建硕却并不在乎。&ldquo;现在是分类广告网站最初期阶段，这行不是靠钱砸出的游戏，相反现阶段用户是否喜欢，能促成多少量的成交是关键。&rdquo;</p>\r\n<p>易观国际分析师任洋辉认为，现阶段分类信息网站信息同质性高，用户对网站的黏性较低。</p>\r\n<p>&ldquo;在信息严重同质的环境下，分类信息网站用户互动性不强、用户的应用体验不足都是目前制约着分类信息网站发展的问题。&rdquo;任洋辉说。</p>', null, null, null);
INSERT INTO `jc_content_txt` VALUES ('172', '<p>【基本介绍】<br />\r\n无需付费购买，到官方指定下载地址下载安装后即可以使用 <br />\r\n具有灵活点播的功能，随点随看，时间自由掌握<br />\r\n操作简单，界面简洁明了<br />\r\n掌握最先进的P2SP传输技术，传输速度更快，更节省带宽 <br />\r\n占用CPU、内存、带宽等系统资源占用少，不影响其它操作。 <br />\r\n支持多种视频文件格式 <br />\r\n播放流畅，首次连接速度快 <br />\r\n采用最新解码技术，使网络观看拖动无延时，达到播放本地文件的效果<br />\r\n最高清画面，支持网络高清点播，最高码率达到1300。 <br />\r\n采用脉冲式连接和自动重连策略，保证用户稳定、流畅的观看。</p>', null, null, null);
INSERT INTO `jc_content_txt` VALUES ('173', '<p>【基本介绍】<br />\r\n千千静听是一款完全免费的音乐播放软件，拥有自主研发的全新音频引擎，集播放、音效、转换、歌词等众多功能于一身。其小巧精致、操作简捷、功能强大的特点，深得用户喜爱，被网友评为中国十大优秀软件之一，并且成为目前国内最受欢迎的音乐播放软件。<br />\r\n<br />\r\n【软件特色】<br />\r\n拥有自主研发的全新音频引擎，支持DirectSound、Kernel Streaming和ASIO等高级音频流输出方式、64比特混音、AddIn插件扩展技术，具有资源占用低、运行效率高，扩展能力强等特点。<br />\r\n<br />\r\n千千静听支持几乎所有常见的音频格式，包括MP/mp3PRO、AAC/AAC+、M4A/MP4、WMA、APE、MPC、OGG、WAVE、CD、 FLAC、RM、TTA、AIFF、AU等音频格式以及多种MOD和MIDI音乐，以及AVI、VCD、DVD等多种视频文件中的音频流，还支持CUE音轨索引文件。<br />\r\n<br />\r\n通过简单便捷的操作，可以在多种音频格式之间进行轻松转换，包括上述所有格式（以及CD或DVD中的音频流）到WAVE、MP3、APE、WMA等格式的转换；通过基于COM接口的AddIn插件或第三方提供的命令行编码器还能支持更多格式的播放</p>', null, null, null);
INSERT INTO `jc_content_txt` VALUES ('174', '<p>【基本介绍】<br />\r\n&nbsp;&nbsp;&nbsp; &nbsp;&nbsp;&nbsp;Google Chrome(谷歌浏览器)是由Google开发的一款可让您更快速、轻松且安全地使用网络的浏览器，它的设计超级简洁，使用起来更加方便。<br />\r\n<br />\r\n【软件特点】<br />\r\n1、更好的插件稳定性和性能，特别是视频方面。<br />\r\n2、速度更快。相比于第一个测试版，JavaScript V8引擎的SunSpider测试成绩已经加快了40％，V8测试成绩也提高了50％，今后还会继续改进。<br />\r\n3、书签管理器和隐私控制。通过书签导入、导出，可以在Chrome和其它浏览器之间轻松切换，另外管理大量书签也更简单了。<br />\r\n&nbsp;</p>', null, null, null);
INSERT INTO `jc_content_txt` VALUES ('176', '<p>今年1月份，泰国曼谷上空出现了十年以来的首次日食，这是一架飞机在日食背景下映衬出来的情景。宋卡太子大学（PrinceofSongklaUniversity）的萨克什恩&middot;布恩瑟温介绍称，在泰国上空，此次日环食遮住了太阳57%至80%的区域，因地理位置不同，泰国各省份所看到的遮盖区域也不尽相同。</p>', null, null, null);
INSERT INTO `jc_content_txt` VALUES ('177', '<p><span class=\"cDGray\"><font color=\"#727171\">这些旖旎的风景，从一个侧面反映出了气候对地球环境的影响。</font></span><a class=\"cDRed\" href=\"http://news.163.com/photoview/05RQ0001/11765.html\"><font color=\"#ba2636\">[</font></a></p>', null, null, null);
INSERT INTO `jc_content_txt` VALUES ('178', '<p>11月9日，美国洛杉矶，池谷&mdash;村上彗星划过夜空。</p>', null, null, null);
INSERT INTO `jc_content_txt` VALUES ('179', '<p><span class=\"cDGray\"><font color=\"#727171\">微观世界摄影大赛公布2010年获奖者名单,展示了一场视觉盛宴。</font></span><a class=\"cDRed\" href=\"http://news.163.com/photoview/05RQ0001/11433.html\"><font color=\"#ba2636\">[</font></a></p>', null, null, null);
INSERT INTO `jc_content_txt` VALUES ('180', '<p><span class=\"cDGray\"><font color=\"#727171\">这些怪异的冰川洞穴中环境温度有时会低至-20度以下</font></span></p>', null, null, null);
INSERT INTO `jc_content_txt` VALUES ('181', '<p><span class=\"cDGray\"><font color=\"#727171\">在微距摄影师约翰&middot;霍尔门看来，昆虫隐藏着数不清的魅力。</font></span></p>', null, null, null);
INSERT INTO `jc_content_txt` VALUES ('182', '<p><span class=\"cDGray\"><font color=\"#727171\">对于数百万美国人来说，秋天是狩猎季节的开始。</font></span></p>', null, null, null);
INSERT INTO `jc_content_txt` VALUES ('183', '<p>据英国《每日邮报》报道，英国艺术家阿德里安&middot;格雷在海滩上利用石头创造出令人惊奇的艺术作品。</p>', null, null, null);
INSERT INTO `jc_content_txt` VALUES ('184', '<p>当地时间8月26日，由印度尼西亚和美国科学家组成的探险小组宣布，他们利用无人遥控潜水器在对印尼苏拉威西岛附近的卡维奥巴拉特海底火山勘测时，意外发现一批新的海洋生物。</p>', null, null, null);
INSERT INTO `jc_content_txt` VALUES ('185', '<p>2010年9月，&ldquo;机器宇航员2号&rdquo;将有可能前往国际空间站。该机器人成员的主要工作任务在于执行国际空间站中危险及重复的太空作业，以节省人手和时间使得空间站的其他宇航员可以从事其他太空研究工作</p>', null, null, null);
INSERT INTO `jc_content_txt` VALUES ('186', '<p>2010年6月25日世界捕鲸委员会（IWC）年度大会在摩洛哥阿迪加尔闭幕，这次原本旨在达成新的捕鲸管理法规的国际努力最终无果而终。这意味着，日本依然可以&ldquo;科研捕鲸&rdquo;的借口每年捕杀1500头鲸，其中包括在南大洋鲸类禁猎区捕鲸。日本打着&ldquo;科研捕鲸&rdquo;的幌子行&ldquo;商业捕鲸&rdquo;之实，为达到自己的商业目的、政治目的，日本面对国际反对舆论仍有自己强硬的理由，从另一个角度来看，这些&ldquo;理由&rdquo;是如此不堪一击，甚至充满了欺骗和谎言。</p>', null, null, null);
INSERT INTO `jc_content_txt` VALUES ('187', '<p>6月23日第四十届格拉斯顿伯里音乐节在英国格拉斯顿伯里的沃西农场开幕。由奶农迈克尔&middot;伊维斯于1970年创办的音乐节，如今已成为欧洲最大的音乐节。(</p>', null, null, null);
INSERT INTO `jc_content_txt` VALUES ('188', '<p>2011年在全球各地逐渐揭开面纱，庆贺新年伊始是世界各国各地区的普遍习俗，各地民众纷纷以各种庆祝活动迎接新年的到来。</p>', null, null, null);
INSERT INTO `jc_content_txt` VALUES ('226', '<p>大家好！今天专家答疑9:30开始，专家是好买基金(微博)研究中心研究总监乐嘉庆(微博)，敬请关注！</p>\r\n<p>[网 友] 游客314390的提问:专家你好：我定投了富国天惠、国投瑞银稳健、华夏优势均亏损，要停止定投吗</p>\r\n<p>[乐嘉庆] 你好，从你持有的基金来看在，这3只基金其实都还不错，近期的亏损很有可能是受市场普跌环境的影响，从这些基金的基金经理以及长期表现来看，还是可以继续持有。 [09:44:38]</p>\r\n<p>[网 友] 游客980176的提问:老师，我从08年开始定投国泰金龙行业，每月1000，现在的收益有8%%uFF0C是否该继续，还可以如何优化？</p>\r\n<p>[乐嘉庆] 你好，国泰金龙上涨动力一般，建议可以等市场反弹的时候市场逢高赎回。 [09:56:25]</p>\r\n<p>[网 友] 游客208717的提问:你好，我每月定投嘉实300和嘉实服务各200，华夏优势300，现在想多投一点，请问哪支基金适合多投？</p>\r\n<p>[乐嘉庆] 你好，嘉实服务比较合适。 [10:08:48]</p>\r\n<p>[网 友] 游客104574的提问:乐老师您好！富国天惠与富国天成买哪个好</p>\r\n<p>[乐嘉庆] 你好，富国天惠的基金经理比较喜欢长期稳定增长的成长股，富国天成的基金经理在选股的时候比较偏重基本面，从规模上来看，富国天惠要大于富国天成，管理的难度肯定也大于富国天成。 [10:21:34]</p>\r\n<p>[网 友] 游客746349的提问:乐总您好：已经定投富国天惠、诺安灵活配置、华安宝利、国投瑞银稳健增长半年，都处于亏损。问1：在4支中留2支，在沪深300选1支，大成标准普尔500，做1个组合；问2，现在买那个债券基金好？请推荐</p>\r\n<p>[乐嘉庆] 你好，其实这4只都不错，今年的亏损受市场普跌的影响较大，一定要留的话可以考虑一下诺安灵活配置和华安宝利。做组合的话建议留一个指数型基金就好了，嘉实沪深300不错，可以考虑。短期债市累及了不少的不利因素，因此短线投资者需要适当规避风险，尚未建仓的建议暂缓建仓步伐。如果投资期限在6个月以上的话，仍建议选择买长久期的信用债。 [10:46:15]</p>\r\n<p>[网 友] 游客136917的提问:乐总您好。泰达红利、国泰金鹰、国泰稳健、嘉实优质、汇添富价值、广发聚丰、诺安配置。选三只中长期有定投价值的基金。老师建议下。谢谢</p>\r\n<p>[乐嘉庆] 你好，从中长期的持有期来看，诺安灵活配置、嘉实价值优势和国泰稳健都不错。 [10:49:20]</p>\r\n<p>[网 友] 游客104574的提问:乐老师您好！富国天惠与富国天成想定投，买哪个好，谢谢！</p>\r\n<p>[乐嘉庆] 你好，已回答。 [10:49:32]</p>\r\n<p>[网 友] 游客611571的提问:金鹰中小盘亏损严重，还有救吗？现在都不敢补仓了？</p>\r\n<p>[乐嘉庆] 你好，金鹰中小盘主要的重仓股票并没有变化，跌无可跌之时建议耐心持有。 [10:54:37]</p>\r\n<p>[网 友] 游客989011的提问:乐总，未来定投五年以上，是定投普通指数基金还是etf指数基金好，你比较看好那个，帮我推荐两个能覆盖大中小市值的指数基金，我是激进型的 谢谢</p>\r\n<p>[乐嘉庆] 你好，首先，指数型基金不适合做长期定投，市场十年一梦回到原点，并且指数型的基金是被动复制指数的，若你是激进型风格的话，建议可以买一些偏股型基金或者混合型基金。 [11:06:56]</p>\r\n<p>[网 友] 游客168396的提问:老师好，易方达增强回报今年表现不佳，为什么专家都推荐，乐老师怎样看这只基金。</p>\r\n<p>[乐嘉庆] 你好，今年基金表现受市场影响普遍不佳，虽然这只基金今年以来收益跌破零，但在同类型债券基金中表现仍是比较好的，并且从历史业绩来看，这只基金也很不错，建议可以给与关注。 [11:14:15]</p>\r\n<p>[网 友] 游客705227的提问:乐总您好！请您分析一下151006富国天惠为何近段时间下跌如此多，是否与规模发展太快或其它原因。富国天惠还有投资价值吗？麻烦您指导一下。谢谢！</p>\r\n<p>[乐嘉庆] 你好，不可否认，规模的快速发展会给管理带来一定的困难，再一方面，近期的市场表现也不佳，股市的下跌对基金的净值会产生一定的影响。不过从基金经理人来看，富国天惠的基金经理经验丰富，对个股的研究也比较深入，可以继续持有，但建议需谨慎一些。 [11:17:11]</p>\r\n<p>[网 友] 游客104720的提问:你好，今天加仓有风险吗？我想加仓300基金？</p>\r\n<p>[乐嘉庆] 你好，不管你在何时进行投资，投资是一定会伴随相应的风险的，目前的点位是已经比较低了，可以考虑开始逐渐布局，但近期的市场日仍较震荡，建议慢慢来，不要操之过急。<br />\r\n&nbsp;</p>', null, null, null);
INSERT INTO `jc_content_type` VALUES ('1', '普通', '100', '100', '0', '0');
INSERT INTO `jc_content_type` VALUES ('2', '图文', '143', '98', '1', '0');
INSERT INTO `jc_content_type` VALUES ('3', '焦点', '280', '200', '1', '0');
INSERT INTO `jc_content_type` VALUES ('4', '头条', '0', '0', '0', '0');
INSERT INTO `jc_contenttag` VALUES ('34', '7129', '0');
INSERT INTO `jc_contenttag` VALUES ('34', '7130', '1');
INSERT INTO `jc_contenttag` VALUES ('34', '7131', '2');
INSERT INTO `jc_contenttag` VALUES ('34', '7132', '3');
INSERT INTO `jc_contenttag` VALUES ('34', '7133', '4');
INSERT INTO `jc_contenttag` VALUES ('34', '7134', '5');
INSERT INTO `jc_contenttag` VALUES ('34', '7135', '6');
INSERT INTO `jc_contenttag` VALUES ('34', '7136', '7');
INSERT INTO `jc_contenttag` VALUES ('35', '7137', '0');
INSERT INTO `jc_contenttag` VALUES ('35', '7138', '1');
INSERT INTO `jc_contenttag` VALUES ('35', '7139', '2');
INSERT INTO `jc_contenttag` VALUES ('35', '7140', '3');
INSERT INTO `jc_contenttag` VALUES ('35', '7141', '4');
INSERT INTO `jc_contenttag` VALUES ('35', '7142', '5');
INSERT INTO `jc_contenttag` VALUES ('35', '7141', '6');
INSERT INTO `jc_contenttag` VALUES ('35', '7143', '7');
INSERT INTO `jc_contenttag` VALUES ('35', '7144', '8');
INSERT INTO `jc_contenttag` VALUES ('36', '7145', '0');
INSERT INTO `jc_contenttag` VALUES ('36', '7146', '1');
INSERT INTO `jc_contenttag` VALUES ('36', '7147', '2');
INSERT INTO `jc_contenttag` VALUES ('36', '7148', '3');
INSERT INTO `jc_contenttag` VALUES ('36', '7149', '4');
INSERT INTO `jc_contenttag` VALUES ('36', '7150', '5');
INSERT INTO `jc_contenttag` VALUES ('37', '7151', '0');
INSERT INTO `jc_contenttag` VALUES ('37', '7152', '1');
INSERT INTO `jc_contenttag` VALUES ('37', '7153', '2');
INSERT INTO `jc_contenttag` VALUES ('37', '7154', '3');
INSERT INTO `jc_contenttag` VALUES ('37', '7155', '4');
INSERT INTO `jc_contenttag` VALUES ('37', '7156', '5');
INSERT INTO `jc_contenttag` VALUES ('37', '7157', '6');
INSERT INTO `jc_contenttag` VALUES ('37', '7158', '7');
INSERT INTO `jc_contenttag` VALUES ('38', '7159', '0');
INSERT INTO `jc_contenttag` VALUES ('38', '7160', '1');
INSERT INTO `jc_contenttag` VALUES ('38', '7161', '2');
INSERT INTO `jc_contenttag` VALUES ('38', '7162', '3');
INSERT INTO `jc_contenttag` VALUES ('38', '7163', '4');
INSERT INTO `jc_contenttag` VALUES ('38', '7164', '5');
INSERT INTO `jc_contenttag` VALUES ('38', '7165', '6');
INSERT INTO `jc_contenttag` VALUES ('38', '7166', '7');
INSERT INTO `jc_contenttag` VALUES ('39', '7167', '0');
INSERT INTO `jc_contenttag` VALUES ('39', '7168', '1');
INSERT INTO `jc_contenttag` VALUES ('39', '7169', '2');
INSERT INTO `jc_contenttag` VALUES ('39', '7170', '3');
INSERT INTO `jc_contenttag` VALUES ('39', '7171', '4');
INSERT INTO `jc_contenttag` VALUES ('39', '7172', '5');
INSERT INTO `jc_contenttag` VALUES ('39', '7173', '6');
INSERT INTO `jc_contenttag` VALUES ('39', '7174', '7');
INSERT INTO `jc_contenttag` VALUES ('39', '7175', '8');
INSERT INTO `jc_contenttag` VALUES ('39', '7159', '9');
INSERT INTO `jc_contenttag` VALUES ('39', '7165', '10');
INSERT INTO `jc_contenttag` VALUES ('39', '7176', '11');
INSERT INTO `jc_contenttag` VALUES ('40', '7151', '0');
INSERT INTO `jc_contenttag` VALUES ('40', '7177', '1');
INSERT INTO `jc_contenttag` VALUES ('40', '7178', '2');
INSERT INTO `jc_contenttag` VALUES ('40', '7179', '3');
INSERT INTO `jc_contenttag` VALUES ('40', '7180', '4');
INSERT INTO `jc_contenttag` VALUES ('40', '7181', '5');
INSERT INTO `jc_contenttag` VALUES ('40', '7182', '6');
INSERT INTO `jc_contenttag` VALUES ('41', '7183', '0');
INSERT INTO `jc_contenttag` VALUES ('41', '7184', '1');
INSERT INTO `jc_contenttag` VALUES ('41', '7185', '2');
INSERT INTO `jc_contenttag` VALUES ('41', '7186', '3');
INSERT INTO `jc_contenttag` VALUES ('41', '7187', '4');
INSERT INTO `jc_contenttag` VALUES ('41', '7188', '5');
INSERT INTO `jc_contenttag` VALUES ('41', '7189', '6');
INSERT INTO `jc_contenttag` VALUES ('41', '7190', '7');
INSERT INTO `jc_contenttag` VALUES ('41', '7191', '8');
INSERT INTO `jc_contenttag` VALUES ('42', '7192', '0');
INSERT INTO `jc_contenttag` VALUES ('42', '7193', '1');
INSERT INTO `jc_contenttag` VALUES ('42', '7194', '2');
INSERT INTO `jc_contenttag` VALUES ('42', '7195', '3');
INSERT INTO `jc_contenttag` VALUES ('42', '7196', '4');
INSERT INTO `jc_contenttag` VALUES ('42', '7197', '5');
INSERT INTO `jc_contenttag` VALUES ('42', '7198', '6');
INSERT INTO `jc_contenttag` VALUES ('42', '7158', '7');
INSERT INTO `jc_contenttag` VALUES ('42', '7199', '8');
INSERT INTO `jc_contenttag` VALUES ('43', '7192', '0');
INSERT INTO `jc_contenttag` VALUES ('43', '7200', '1');
INSERT INTO `jc_contenttag` VALUES ('43', '7201', '2');
INSERT INTO `jc_contenttag` VALUES ('43', '7202', '3');
INSERT INTO `jc_contenttag` VALUES ('43', '7203', '4');
INSERT INTO `jc_contenttag` VALUES ('43', '7204', '5');
INSERT INTO `jc_contenttag` VALUES ('44', '7205', '0');
INSERT INTO `jc_contenttag` VALUES ('44', '7159', '1');
INSERT INTO `jc_contenttag` VALUES ('44', '7206', '2');
INSERT INTO `jc_contenttag` VALUES ('44', '7207', '3');
INSERT INTO `jc_contenttag` VALUES ('44', '7208', '4');
INSERT INTO `jc_contenttag` VALUES ('44', '7209', '5');
INSERT INTO `jc_contenttag` VALUES ('44', '7210', '6');
INSERT INTO `jc_contenttag` VALUES ('45', '7159', '0');
INSERT INTO `jc_contenttag` VALUES ('45', '7211', '1');
INSERT INTO `jc_contenttag` VALUES ('45', '7212', '2');
INSERT INTO `jc_contenttag` VALUES ('45', '7213', '3');
INSERT INTO `jc_contenttag` VALUES ('45', '7214', '4');
INSERT INTO `jc_contenttag` VALUES ('45', '7215', '5');
INSERT INTO `jc_contenttag` VALUES ('45', '7216', '6');
INSERT INTO `jc_contenttag` VALUES ('46', '7192', '0');
INSERT INTO `jc_contenttag` VALUES ('46', '7217', '1');
INSERT INTO `jc_contenttag` VALUES ('46', '7218', '2');
INSERT INTO `jc_contenttag` VALUES ('46', '7219', '3');
INSERT INTO `jc_contenttag` VALUES ('46', '7220', '4');
INSERT INTO `jc_contenttag` VALUES ('46', '7221', '5');
INSERT INTO `jc_contenttag` VALUES ('46', '7222', '6');
INSERT INTO `jc_contenttag` VALUES ('46', '7223', '7');
INSERT INTO `jc_contenttag` VALUES ('46', '7224', '8');
INSERT INTO `jc_contenttag` VALUES ('47', '7225', '0');
INSERT INTO `jc_contenttag` VALUES ('47', '7226', '1');
INSERT INTO `jc_contenttag` VALUES ('47', '7227', '2');
INSERT INTO `jc_contenttag` VALUES ('47', '7228', '3');
INSERT INTO `jc_contenttag` VALUES ('47', '7229', '4');
INSERT INTO `jc_contenttag` VALUES ('47', '7230', '5');
INSERT INTO `jc_contenttag` VALUES ('47', '7231', '6');
INSERT INTO `jc_contenttag` VALUES ('48', '7152', '0');
INSERT INTO `jc_contenttag` VALUES ('48', '7232', '1');
INSERT INTO `jc_contenttag` VALUES ('48', '7233', '2');
INSERT INTO `jc_contenttag` VALUES ('48', '7234', '3');
INSERT INTO `jc_contenttag` VALUES ('48', '7235', '4');
INSERT INTO `jc_contenttag` VALUES ('48', '7236', '5');
INSERT INTO `jc_contenttag` VALUES ('48', '7237', '6');
INSERT INTO `jc_contenttag` VALUES ('48', '7238', '7');
INSERT INTO `jc_contenttag` VALUES ('49', '7145', '0');
INSERT INTO `jc_contenttag` VALUES ('49', '7147', '1');
INSERT INTO `jc_contenttag` VALUES ('49', '7239', '2');
INSERT INTO `jc_contenttag` VALUES ('49', '7148', '3');
INSERT INTO `jc_contenttag` VALUES ('49', '7149', '4');
INSERT INTO `jc_contenttag` VALUES ('49', '7150', '5');
INSERT INTO `jc_contenttag` VALUES ('49', '7180', '6');
INSERT INTO `jc_contenttag` VALUES ('49', '7240', '7');
INSERT INTO `jc_contenttag` VALUES ('49', '7241', '8');
INSERT INTO `jc_contenttag` VALUES ('49', '7242', '9');
INSERT INTO `jc_contenttag` VALUES ('49', '7243', '10');
INSERT INTO `jc_contenttag` VALUES ('49', '7244', '11');
INSERT INTO `jc_contenttag` VALUES ('54', '7245', '0');
INSERT INTO `jc_contenttag` VALUES ('54', '7246', '1');
INSERT INTO `jc_contenttag` VALUES ('54', '7247', '2');
INSERT INTO `jc_contenttag` VALUES ('54', '7248', '3');
INSERT INTO `jc_contenttag` VALUES ('54', '7249', '4');
INSERT INTO `jc_contenttag` VALUES ('54', '7250', '5');
INSERT INTO `jc_contenttag` VALUES ('55', '7251', '0');
INSERT INTO `jc_contenttag` VALUES ('55', '7252', '1');
INSERT INTO `jc_contenttag` VALUES ('55', '7253', '2');
INSERT INTO `jc_contenttag` VALUES ('55', '7254', '3');
INSERT INTO `jc_contenttag` VALUES ('55', '7255', '4');
INSERT INTO `jc_contenttag` VALUES ('55', '7256', '5');
INSERT INTO `jc_contenttag` VALUES ('55', '7257', '6');
INSERT INTO `jc_contenttag` VALUES ('56', '7258', '0');
INSERT INTO `jc_contenttag` VALUES ('56', '7259', '1');
INSERT INTO `jc_contenttag` VALUES ('56', '7260', '2');
INSERT INTO `jc_contenttag` VALUES ('56', '7261', '3');
INSERT INTO `jc_contenttag` VALUES ('56', '7262', '4');
INSERT INTO `jc_contenttag` VALUES ('56', '7263', '5');
INSERT INTO `jc_contenttag` VALUES ('56', '7264', '6');
INSERT INTO `jc_contenttag` VALUES ('56', '7265', '7');
INSERT INTO `jc_contenttag` VALUES ('56', '7266', '8');
INSERT INTO `jc_contenttag` VALUES ('56', '7267', '9');
INSERT INTO `jc_contenttag` VALUES ('57', '7268', '0');
INSERT INTO `jc_contenttag` VALUES ('57', '7269', '1');
INSERT INTO `jc_contenttag` VALUES ('57', '7270', '2');
INSERT INTO `jc_contenttag` VALUES ('57', '7271', '3');
INSERT INTO `jc_contenttag` VALUES ('57', '7272', '4');
INSERT INTO `jc_contenttag` VALUES ('57', '7273', '5');
INSERT INTO `jc_contenttag` VALUES ('57', '7274', '6');
INSERT INTO `jc_contenttag` VALUES ('57', '7260', '7');
INSERT INTO `jc_contenttag` VALUES ('57', '7275', '8');
INSERT INTO `jc_contenttag` VALUES ('57', '7276', '9');
INSERT INTO `jc_contenttag` VALUES ('57', '7277', '10');
INSERT INTO `jc_contenttag` VALUES ('58', '7278', '0');
INSERT INTO `jc_contenttag` VALUES ('58', '7279', '1');
INSERT INTO `jc_contenttag` VALUES ('58', '7280', '2');
INSERT INTO `jc_contenttag` VALUES ('58', '7281', '3');
INSERT INTO `jc_contenttag` VALUES ('58', '7282', '4');
INSERT INTO `jc_contenttag` VALUES ('58', '7283', '5');
INSERT INTO `jc_contenttag` VALUES ('58', '7284', '6');
INSERT INTO `jc_contenttag` VALUES ('58', '7285', '7');
INSERT INTO `jc_contenttag` VALUES ('58', '7286', '8');
INSERT INTO `jc_contenttag` VALUES ('58', '7287', '9');
INSERT INTO `jc_contenttag` VALUES ('58', '7288', '10');
INSERT INTO `jc_contenttag` VALUES ('58', '7289', '11');
INSERT INTO `jc_contenttag` VALUES ('59', '7290', '0');
INSERT INTO `jc_contenttag` VALUES ('59', '7291', '1');
INSERT INTO `jc_contenttag` VALUES ('59', '7292', '2');
INSERT INTO `jc_contenttag` VALUES ('59', '7293', '3');
INSERT INTO `jc_contenttag` VALUES ('59', '7294', '4');
INSERT INTO `jc_contenttag` VALUES ('59', '7295', '5');
INSERT INTO `jc_contenttag` VALUES ('59', '7296', '6');
INSERT INTO `jc_contenttag` VALUES ('59', '7297', '7');
INSERT INTO `jc_contenttag` VALUES ('59', '7298', '8');
INSERT INTO `jc_contenttag` VALUES ('60', '7299', '0');
INSERT INTO `jc_contenttag` VALUES ('60', '7300', '1');
INSERT INTO `jc_contenttag` VALUES ('60', '7301', '2');
INSERT INTO `jc_contenttag` VALUES ('60', '7302', '3');
INSERT INTO `jc_contenttag` VALUES ('60', '7303', '4');
INSERT INTO `jc_contenttag` VALUES ('60', '7304', '5');
INSERT INTO `jc_contenttag` VALUES ('60', '7305', '6');
INSERT INTO `jc_contenttag` VALUES ('60', '7305', '7');
INSERT INTO `jc_contenttag` VALUES ('60', '7306', '8');
INSERT INTO `jc_contenttag` VALUES ('60', '7307', '9');
INSERT INTO `jc_contenttag` VALUES ('60', '7308', '10');
INSERT INTO `jc_contenttag` VALUES ('61', '7309', '0');
INSERT INTO `jc_contenttag` VALUES ('61', '7310', '1');
INSERT INTO `jc_contenttag` VALUES ('61', '7311', '2');
INSERT INTO `jc_contenttag` VALUES ('61', '7312', '3');
INSERT INTO `jc_contenttag` VALUES ('61', '7313', '4');
INSERT INTO `jc_contenttag` VALUES ('61', '7314', '5');
INSERT INTO `jc_contenttag` VALUES ('62', '7315', '0');
INSERT INTO `jc_contenttag` VALUES ('62', '7316', '1');
INSERT INTO `jc_contenttag` VALUES ('62', '7317', '2');
INSERT INTO `jc_contenttag` VALUES ('62', '7318', '3');
INSERT INTO `jc_contenttag` VALUES ('62', '7319', '4');
INSERT INTO `jc_contenttag` VALUES ('63', '7320', '0');
INSERT INTO `jc_contenttag` VALUES ('63', '7321', '1');
INSERT INTO `jc_contenttag` VALUES ('63', '7322', '2');
INSERT INTO `jc_contenttag` VALUES ('63', '7323', '3');
INSERT INTO `jc_contenttag` VALUES ('63', '7324', '4');
INSERT INTO `jc_contenttag` VALUES ('63', '7325', '5');
INSERT INTO `jc_contenttag` VALUES ('63', '7326', '6');
INSERT INTO `jc_contenttag` VALUES ('64', '7327', '0');
INSERT INTO `jc_contenttag` VALUES ('64', '7324', '1');
INSERT INTO `jc_contenttag` VALUES ('64', '7328', '2');
INSERT INTO `jc_contenttag` VALUES ('64', '7329', '3');
INSERT INTO `jc_contenttag` VALUES ('65', '7330', '0');
INSERT INTO `jc_contenttag` VALUES ('65', '7331', '1');
INSERT INTO `jc_contenttag` VALUES ('65', '7332', '2');
INSERT INTO `jc_contenttag` VALUES ('65', '7333', '3');
INSERT INTO `jc_contenttag` VALUES ('65', '7334', '4');
INSERT INTO `jc_contenttag` VALUES ('65', '7335', '5');
INSERT INTO `jc_contenttag` VALUES ('66', '7336', '0');
INSERT INTO `jc_contenttag` VALUES ('66', '7337', '1');
INSERT INTO `jc_contenttag` VALUES ('66', '7186', '2');
INSERT INTO `jc_contenttag` VALUES ('66', '7338', '3');
INSERT INTO `jc_contenttag` VALUES ('66', '7339', '4');
INSERT INTO `jc_contenttag` VALUES ('66', '7340', '5');
INSERT INTO `jc_contenttag` VALUES ('66', '7341', '6');
INSERT INTO `jc_contenttag` VALUES ('66', '7342', '7');
INSERT INTO `jc_contenttag` VALUES ('66', '7343', '8');
INSERT INTO `jc_contenttag` VALUES ('112', '7344', '0');
INSERT INTO `jc_contenttag` VALUES ('112', '7345', '1');
INSERT INTO `jc_contenttag` VALUES ('112', '7346', '2');
INSERT INTO `jc_contenttag` VALUES ('112', '7347', '3');
INSERT INTO `jc_contenttag` VALUES ('112', '7348', '4');
INSERT INTO `jc_contenttag` VALUES ('112', '7349', '5');
INSERT INTO `jc_contenttag` VALUES ('112', '7350', '6');
INSERT INTO `jc_contenttag` VALUES ('115', '7351', '0');
INSERT INTO `jc_contenttag` VALUES ('115', '7352', '1');
INSERT INTO `jc_contenttag` VALUES ('115', '7353', '2');
INSERT INTO `jc_contenttag` VALUES ('115', '7354', '3');
INSERT INTO `jc_contenttag` VALUES ('115', '7355', '4');
INSERT INTO `jc_contenttag` VALUES ('115', '7356', '5');
INSERT INTO `jc_contenttag` VALUES ('115', '7353', '6');
INSERT INTO `jc_contenttag` VALUES ('116', '7357', '0');
INSERT INTO `jc_contenttag` VALUES ('116', '7358', '1');
INSERT INTO `jc_contenttag` VALUES ('116', '7359', '2');
INSERT INTO `jc_contenttag` VALUES ('116', '7360', '3');
INSERT INTO `jc_contenttag` VALUES ('116', '7361', '4');
INSERT INTO `jc_contenttag` VALUES ('116', '7362', '5');
INSERT INTO `jc_contenttag` VALUES ('116', '7363', '6');
INSERT INTO `jc_contenttag` VALUES ('117', '7364', '0');
INSERT INTO `jc_contenttag` VALUES ('117', '7365', '1');
INSERT INTO `jc_contenttag` VALUES ('117', '7366', '2');
INSERT INTO `jc_contenttag` VALUES ('117', '7292', '3');
INSERT INTO `jc_contenttag` VALUES ('117', '7367', '4');
INSERT INTO `jc_contenttag` VALUES ('117', '7368', '5');
INSERT INTO `jc_contenttag` VALUES ('117', '7369', '6');
INSERT INTO `jc_contenttag` VALUES ('117', '7370', '7');
INSERT INTO `jc_contenttag` VALUES ('117', '7262', '8');
INSERT INTO `jc_contenttag` VALUES ('117', '7371', '9');
INSERT INTO `jc_contenttag` VALUES ('172', '7372', '0');
INSERT INTO `jc_contenttag` VALUES ('173', '7373', '0');
INSERT INTO `jc_contenttag` VALUES ('173', '7374', '1');
INSERT INTO `jc_contenttag` VALUES ('174', '7375', '0');
INSERT INTO `jc_contenttag` VALUES ('174', '7376', '1');
INSERT INTO `jc_contenttag` VALUES ('174', '7377', '2');
INSERT INTO `jc_contenttag` VALUES ('176', '7268', '0');
INSERT INTO `jc_contenttag` VALUES ('176', '7378', '1');
INSERT INTO `jc_contenttag` VALUES ('176', '7379', '2');
INSERT INTO `jc_contenttag` VALUES ('176', '7380', '3');
INSERT INTO `jc_contenttag` VALUES ('176', '7200', '4');
INSERT INTO `jc_contenttag` VALUES ('176', '7381', '5');
INSERT INTO `jc_contenttag` VALUES ('176', '7382', '6');
INSERT INTO `jc_contenttag` VALUES ('176', '7383', '7');
INSERT INTO `jc_contenttag` VALUES ('177', '7384', '0');
INSERT INTO `jc_contenttag` VALUES ('177', '7382', '1');
INSERT INTO `jc_contenttag` VALUES ('177', '7385', '2');
INSERT INTO `jc_contenttag` VALUES ('177', '7386', '3');
INSERT INTO `jc_contenttag` VALUES ('177', '7387', '4');
INSERT INTO `jc_contenttag` VALUES ('178', '7388', '0');
INSERT INTO `jc_contenttag` VALUES ('178', '7389', '1');
INSERT INTO `jc_contenttag` VALUES ('178', '7390', '2');
INSERT INTO `jc_contenttag` VALUES ('178', '7391', '3');
INSERT INTO `jc_contenttag` VALUES ('178', '7392', '4');
INSERT INTO `jc_contenttag` VALUES ('179', '7393', '0');
INSERT INTO `jc_contenttag` VALUES ('179', '7394', '1');
INSERT INTO `jc_contenttag` VALUES ('179', '7395', '2');
INSERT INTO `jc_contenttag` VALUES ('179', '7396', '3');
INSERT INTO `jc_contenttag` VALUES ('179', '7397', '4');
INSERT INTO `jc_contenttag` VALUES ('179', '7398', '5');
INSERT INTO `jc_contenttag` VALUES ('179', '7399', '6');
INSERT INTO `jc_contenttag` VALUES ('180', '7400', '0');
INSERT INTO `jc_contenttag` VALUES ('180', '7401', '1');
INSERT INTO `jc_contenttag` VALUES ('180', '7402', '2');
INSERT INTO `jc_contenttag` VALUES ('180', '7403', '3');
INSERT INTO `jc_contenttag` VALUES ('181', '7404', '0');
INSERT INTO `jc_contenttag` VALUES ('182', '7268', '0');
INSERT INTO `jc_contenttag` VALUES ('182', '7405', '1');
INSERT INTO `jc_contenttag` VALUES ('182', '7406', '2');
INSERT INTO `jc_contenttag` VALUES ('182', '7407', '3');
INSERT INTO `jc_contenttag` VALUES ('183', '7408', '0');
INSERT INTO `jc_contenttag` VALUES ('183', '7409', '1');
INSERT INTO `jc_contenttag` VALUES ('183', '7410', '2');
INSERT INTO `jc_contenttag` VALUES ('183', '7411', '3');
INSERT INTO `jc_contenttag` VALUES ('184', '7412', '0');
INSERT INTO `jc_contenttag` VALUES ('184', '7413', '1');
INSERT INTO `jc_contenttag` VALUES ('184', '7414', '2');
INSERT INTO `jc_contenttag` VALUES ('184', '7415', '3');
INSERT INTO `jc_contenttag` VALUES ('185', '7416', '0');
INSERT INTO `jc_contenttag` VALUES ('185', '7417', '1');
INSERT INTO `jc_contenttag` VALUES ('185', '7418', '2');
INSERT INTO `jc_contenttag` VALUES ('185', '7419', '3');
INSERT INTO `jc_contenttag` VALUES ('185', '7420', '4');
INSERT INTO `jc_contenttag` VALUES ('185', '7421', '5');
INSERT INTO `jc_contenttag` VALUES ('186', '7422', '0');
INSERT INTO `jc_contenttag` VALUES ('186', '7251', '1');
INSERT INTO `jc_contenttag` VALUES ('186', '7423', '2');
INSERT INTO `jc_contenttag` VALUES ('186', '7424', '3');
INSERT INTO `jc_contenttag` VALUES ('186', '7425', '4');
INSERT INTO `jc_contenttag` VALUES ('187', '7426', '0');
INSERT INTO `jc_contenttag` VALUES ('187', '7427', '1');
INSERT INTO `jc_contenttag` VALUES ('187', '7428', '2');
INSERT INTO `jc_contenttag` VALUES ('187', '7429', '3');
INSERT INTO `jc_contenttag` VALUES ('187', '7430', '4');
INSERT INTO `jc_contenttag` VALUES ('187', '7431', '5');
INSERT INTO `jc_contenttag` VALUES ('187', '7432', '6');
INSERT INTO `jc_contenttag` VALUES ('188', '7433', '0');
INSERT INTO `jc_contenttag` VALUES ('188', '7434', '1');
INSERT INTO `jc_contenttag` VALUES ('188', '7435', '2');
INSERT INTO `jc_contenttag` VALUES ('188', '7436', '3');
INSERT INTO `jc_contenttag` VALUES ('188', '7437', '4');
INSERT INTO `jc_contenttag` VALUES ('188', '7438', '5');
INSERT INTO `jc_contenttag` VALUES ('188', '7358', '6');
INSERT INTO `jc_contenttag` VALUES ('189', '7439', '0');
INSERT INTO `jc_contenttag` VALUES ('189', '7440', '1');
INSERT INTO `jc_contenttag` VALUES ('189', '7441', '2');
INSERT INTO `jc_contenttag` VALUES ('189', '7442', '3');
INSERT INTO `jc_contenttag` VALUES ('189', '7443', '4');
INSERT INTO `jc_contenttag` VALUES ('189', '7444', '5');
INSERT INTO `jc_contenttag` VALUES ('189', '7445', '6');
INSERT INTO `jc_contenttag` VALUES ('189', '7446', '7');
INSERT INTO `jc_contenttag` VALUES ('189', '7447', '8');
INSERT INTO `jc_contenttag` VALUES ('189', '7448', '9');
INSERT INTO `jc_contenttag` VALUES ('190', '7438', '0');
INSERT INTO `jc_contenttag` VALUES ('190', '7449', '1');
INSERT INTO `jc_contenttag` VALUES ('190', '7450', '2');
INSERT INTO `jc_contenttag` VALUES ('190', '7451', '3');
INSERT INTO `jc_contenttag` VALUES ('190', '7452', '4');
INSERT INTO `jc_contenttag` VALUES ('191', '7453', '0');
INSERT INTO `jc_contenttag` VALUES ('191', '7454', '1');
INSERT INTO `jc_contenttag` VALUES ('191', '7455', '2');
INSERT INTO `jc_contenttag` VALUES ('191', '7456', '3');
INSERT INTO `jc_contenttag` VALUES ('191', '7457', '4');
INSERT INTO `jc_contenttag` VALUES ('191', '7458', '5');
INSERT INTO `jc_contenttag` VALUES ('191', '7459', '6');
INSERT INTO `jc_contenttag` VALUES ('191', '7460', '7');
INSERT INTO `jc_contenttag` VALUES ('192', '7461', '0');
INSERT INTO `jc_contenttag` VALUES ('192', '7462', '1');
INSERT INTO `jc_contenttag` VALUES ('192', '7463', '2');
INSERT INTO `jc_contenttag` VALUES ('192', '7464', '3');
INSERT INTO `jc_contenttag` VALUES ('192', '7465', '4');
INSERT INTO `jc_contenttag` VALUES ('192', '7466', '5');
INSERT INTO `jc_contenttag` VALUES ('193', '7461', '0');
INSERT INTO `jc_contenttag` VALUES ('193', '7462', '1');
INSERT INTO `jc_contenttag` VALUES ('193', '7463', '2');
INSERT INTO `jc_contenttag` VALUES ('193', '7464', '3');
INSERT INTO `jc_contenttag` VALUES ('193', '7465', '4');
INSERT INTO `jc_contenttag` VALUES ('193', '7466', '5');
INSERT INTO `jc_contenttag` VALUES ('194', '7461', '0');
INSERT INTO `jc_contenttag` VALUES ('194', '7462', '1');
INSERT INTO `jc_contenttag` VALUES ('194', '7463', '2');
INSERT INTO `jc_contenttag` VALUES ('194', '7464', '3');
INSERT INTO `jc_contenttag` VALUES ('194', '7465', '4');
INSERT INTO `jc_contenttag` VALUES ('194', '7466', '5');
INSERT INTO `jc_contenttag` VALUES ('195', '7461', '0');
INSERT INTO `jc_contenttag` VALUES ('195', '7462', '1');
INSERT INTO `jc_contenttag` VALUES ('195', '7463', '2');
INSERT INTO `jc_contenttag` VALUES ('195', '7464', '3');
INSERT INTO `jc_contenttag` VALUES ('195', '7465', '4');
INSERT INTO `jc_contenttag` VALUES ('195', '7466', '5');
INSERT INTO `jc_contenttag` VALUES ('196', '7461', '0');
INSERT INTO `jc_contenttag` VALUES ('196', '7462', '1');
INSERT INTO `jc_contenttag` VALUES ('196', '7463', '2');
INSERT INTO `jc_contenttag` VALUES ('196', '7464', '3');
INSERT INTO `jc_contenttag` VALUES ('196', '7465', '4');
INSERT INTO `jc_contenttag` VALUES ('196', '7466', '5');
INSERT INTO `jc_contenttag` VALUES ('197', '7461', '0');
INSERT INTO `jc_contenttag` VALUES ('197', '7462', '1');
INSERT INTO `jc_contenttag` VALUES ('197', '7463', '2');
INSERT INTO `jc_contenttag` VALUES ('197', '7464', '3');
INSERT INTO `jc_contenttag` VALUES ('197', '7465', '4');
INSERT INTO `jc_contenttag` VALUES ('197', '7466', '5');
INSERT INTO `jc_contenttag` VALUES ('198', '7461', '0');
INSERT INTO `jc_contenttag` VALUES ('198', '7462', '1');
INSERT INTO `jc_contenttag` VALUES ('198', '7463', '2');
INSERT INTO `jc_contenttag` VALUES ('198', '7464', '3');
INSERT INTO `jc_contenttag` VALUES ('198', '7465', '4');
INSERT INTO `jc_contenttag` VALUES ('198', '7466', '5');
INSERT INTO `jc_contenttag` VALUES ('209', '7467', '0');
INSERT INTO `jc_contenttag` VALUES ('209', '7311', '1');
INSERT INTO `jc_contenttag` VALUES ('210', '7468', '0');
INSERT INTO `jc_contenttag` VALUES ('210', '7469', '1');
INSERT INTO `jc_contenttag` VALUES ('210', '7311', '2');
INSERT INTO `jc_contenttag` VALUES ('210', '7470', '3');
INSERT INTO `jc_contenttag` VALUES ('211', '7468', '0');
INSERT INTO `jc_contenttag` VALUES ('211', '7469', '1');
INSERT INTO `jc_contenttag` VALUES ('211', '7311', '2');
INSERT INTO `jc_contenttag` VALUES ('211', '7470', '3');
INSERT INTO `jc_contenttag` VALUES ('212', '7471', '0');
INSERT INTO `jc_contenttag` VALUES ('212', '7472', '1');
INSERT INTO `jc_contenttag` VALUES ('212', '7473', '2');
INSERT INTO `jc_contenttag` VALUES ('212', '7311', '3');
INSERT INTO `jc_contenttag` VALUES ('213', '7311', '0');
INSERT INTO `jc_contenttag` VALUES ('213', '7474', '1');
INSERT INTO `jc_contenttag` VALUES ('213', '7475', '2');
INSERT INTO `jc_contenttag` VALUES ('213', '7476', '3');
INSERT INTO `jc_contenttag` VALUES ('214', '7477', '0');
INSERT INTO `jc_contenttag` VALUES ('214', '7478', '1');
INSERT INTO `jc_contenttag` VALUES ('214', '7479', '2');
INSERT INTO `jc_contenttag` VALUES ('214', '7311', '3');
INSERT INTO `jc_contenttag` VALUES ('214', '7474', '4');
INSERT INTO `jc_contenttag` VALUES ('215', '7480', '0');
INSERT INTO `jc_contenttag` VALUES ('215', '7481', '1');
INSERT INTO `jc_contenttag` VALUES ('215', '7482', '2');
INSERT INTO `jc_contenttag` VALUES ('216', '7468', '0');
INSERT INTO `jc_contenttag` VALUES ('217', '7483', '0');
INSERT INTO `jc_contenttag` VALUES ('217', '7484', '1');
INSERT INTO `jc_contenttag` VALUES ('217', '7485', '2');
INSERT INTO `jc_contenttag` VALUES ('218', '7311', '0');
INSERT INTO `jc_contenttag` VALUES ('218', '7474', '1');
INSERT INTO `jc_contenttag` VALUES ('218', '7486', '2');
INSERT INTO `jc_contenttag` VALUES ('218', '7487', '3');
INSERT INTO `jc_contenttag` VALUES ('219', '7488', '0');
INSERT INTO `jc_contenttag` VALUES ('220', '7489', '0');
INSERT INTO `jc_contenttag` VALUES ('220', '7468', '1');
INSERT INTO `jc_contenttag` VALUES ('220', '7490', '2');
INSERT INTO `jc_contenttag` VALUES ('220', '7491', '3');
INSERT INTO `jc_contenttag` VALUES ('223', '7492', '0');
INSERT INTO `jc_contenttag` VALUES ('223', '7493', '1');
INSERT INTO `jc_contenttag` VALUES ('224', '7492', '0');
INSERT INTO `jc_contenttag` VALUES ('224', '7494', '1');
INSERT INTO `jc_contenttag` VALUES ('225', '7453', '0');
INSERT INTO `jc_contenttag` VALUES ('225', '7454', '1');
INSERT INTO `jc_contenttag` VALUES ('225', '7455', '2');
INSERT INTO `jc_contenttag` VALUES ('225', '7456', '3');
INSERT INTO `jc_contenttag` VALUES ('226', '7495', '0');
INSERT INTO `jc_contenttag` VALUES ('226', '7496', '1');
INSERT INTO `jc_contenttag` VALUES ('226', '7497', '2');
INSERT INTO `jc_contenttag` VALUES ('226', '7498', '3');
INSERT INTO `jc_contenttag` VALUES ('226', '7499', '4');
INSERT INTO `jc_contenttag` VALUES ('226', '7500', '5');
INSERT INTO `jc_contenttag` VALUES ('226', '7501', '6');
INSERT INTO `jc_contenttag` VALUES ('226', '7502', '7');
INSERT INTO `jc_friendlink` VALUES ('1', '1', '1', 'JEECMS官网', 'http://www.jeecms.com', null, 'jeecms@163.com', 'JEECMS是JavaEE版网站管理系统（Java Enterprise Edition Content Manage System）的简称。Java凭借其强大、稳定、安全、高效等多方面的优势，一直是企业级应用的首选。', '3', '1', '1');
INSERT INTO `jc_friendlink` VALUES ('2', '1', '1', 'JEEBBS论坛', 'http://bbs.jeecms.com', null, 'jeecms@163.com', 'JEEBBS论坛', '2', '1', '10');
INSERT INTO `jc_friendlink` VALUES ('3', '1', '2', '京东商城', 'http://www.360buy.com/', '/u/cms/www/201112/1910271036lr.gif', '', '', '2', '1', '10');
INSERT INTO `jc_friendlink` VALUES ('4', '1', '2', '当当网', 'http://www.dangdang.com/', '/u/cms/www/201112/191408344rwj.gif', '', '', '0', '1', '10');
INSERT INTO `jc_friendlink` VALUES ('5', '1', '2', '亚马逊', 'http://www.amazon.cn/', '/u/cms/www/201112/19141012lh2q.gif', '', '', '0', '1', '10');
INSERT INTO `jc_friendlink` VALUES ('6', '1', '2', 'ihush', 'http://www.ihush.com/', '/u/cms/www/201112/19141255yrfb.gif', '', '', '0', '1', '10');
INSERT INTO `jc_friendlink` VALUES ('7', '1', '2', '名品打折', 'http://temai.dazhe.cn', '/u/cms/www/201112/19141401rp2d.gif', '', '', '0', '1', '10');
INSERT INTO `jc_friendlink` VALUES ('8', '1', '2', '优品', 'http://temai.dazhe.cn', '/u/cms/www/201112/191415078pzs.gif', '', '', '1', '1', '10');
INSERT INTO `jc_friendlink_ctg` VALUES ('1', '1', '文字链接', '1');
INSERT INTO `jc_friendlink_ctg` VALUES ('2', '1', '品牌专区（图片链接）', '2');
INSERT INTO `jc_group` VALUES ('1', '普通会员', '10', '1', '1', '4096', '1024', 'jpg,jpeg,gif,png,bmp', '1');
INSERT INTO `jc_group` VALUES ('2', '高级组', '10', '1', '1', '0', '0', '', '0');
INSERT INTO `jc_group` VALUES ('3', '内部会员', '10', '1', '1', '0', '0', '', '0');
INSERT INTO `jc_group` VALUES ('4', '企业会员', '10', '1', '0', '4096', '1024', 'jpg,gif,jpeg,png', '0');
INSERT INTO `jc_group` VALUES ('5', '餐饮企业', '10', '1', '1', '4096', '1024', 'jpg,gif,jpeg,png', '0');
INSERT INTO `jc_guestbook` VALUES ('1', '1', '1', '1', null, '127.0.0.1', '2011-01-04 10:08:18', null, '1', '1');
INSERT INTO `jc_guestbook` VALUES ('2', '1', '1', '1', null, '192.168.0.1', '2011-01-04 14:45:45', null, '1', '1');
INSERT INTO `jc_guestbook` VALUES ('3', '1', '1', '1', null, '192.168.0.1', '2011-01-04 14:46:24', null, '1', '1');
INSERT INTO `jc_guestbook` VALUES ('4', '1', '1', '1', null, '192.168.0.1', '2011-01-04 14:52:41', null, '1', '1');
INSERT INTO `jc_guestbook_ctg` VALUES ('1', '1', '普通', '1', '普通留言');
INSERT INTO `jc_guestbook_ext` VALUES ('1', '湖南未来一周仍维持低温雨雪天气', '湖南未来一周仍维持低温雨雪天气', null, null, null, null);
INSERT INTO `jc_guestbook_ext` VALUES ('2', '范冰冰退出娱乐圈', '范冰冰退出娱乐圈', null, null, null, null);
INSERT INTO `jc_guestbook_ext` VALUES ('3', 'JEECMS v3.0.2正式版发布', '终于发布了', null, null, null, null);
INSERT INTO `jc_guestbook_ext` VALUES ('4', '多重压力将影响整体衣柜发展', '据悉，2010年下半年以来，衣柜企业整体销售形势不容乐观。不少企业下滑幅度高达60%，在一些主流卖场里，即使排名前十名的企业也未必能盈利。在这种情况下，企业纷纷打出了涨价牌，实属无奈之举。', '1111111111', null, null, null);
INSERT INTO `jc_keyword` VALUES ('1', null, '内容管理系统', '<a href=\"http://www.jeecms.com/\" target=\"_blank\">内容管理系统</a>', '0');

INSERT INTO `jc_log` VALUES ('2', '1', null, '1', '2011-12-20 10:43:54', '127.0.0.1', '/jeeadmin/jeecms/login.do', '登录成功', null);
INSERT INTO `jc_log` VALUES ('3', '1', null, '1', '2011-12-20 10:53:46', '127.0.0.1', '/jeeadmin/jeecms/login.do', '登录成功', null);
INSERT INTO `jc_log` VALUES ('4', '1', '1', '3', '2011-12-20 11:03:56', '127.0.0.1', '/jeeadmin/jeecms/channel/o_update.do', '修改栏目', 'id=11;name=国内新闻');
INSERT INTO `jc_log` VALUES ('5', '1', '1', '3', '2011-12-20 11:06:16', '127.0.0.1', '/jeeadmin/jeecms/channel/o_update.do', '修改栏目', 'id=11;name=国内新闻');
INSERT INTO `jc_log` VALUES ('6', '1', '1', '3', '2011-12-20 11:19:55', '127.0.0.1', '/jeeadmin/jeecms/channel/o_update.do', '修改栏目', 'id=11;name=国内新闻');
INSERT INTO `jc_log` VALUES ('7', '1', '1', '3', '2011-12-20 11:20:22', '127.0.0.1', '/jeeadmin/jeecms/channel/o_update.do', '修改栏目', 'id=11;name=国内新闻');
INSERT INTO `jc_log` VALUES ('8', '1', null, '1', '2011-12-20 14:11:35', '127.0.0.1', '/jeeadmin/jeecms/login.do', '登录成功', null);
INSERT INTO `jc_log` VALUES ('9', '1', '1', '3', '2011-12-20 14:12:13', '127.0.0.1', '/jeeadmin/jeecms/channel/o_update.do', '修改栏目', 'id=12;name=国际新闻');
INSERT INTO `jc_log` VALUES ('10', '1', '1', '3', '2011-12-20 14:17:22', '127.0.0.1', '/jeeadmin/jeecms/channel/o_update.do', '修改栏目', 'id=43;name=文娱体育');
INSERT INTO `jc_log` VALUES ('11', '1', '1', '3', '2011-12-20 14:19:54', '127.0.0.1', '/jeeadmin/jeecms/channel/o_update.do', '修改栏目', 'id=43;name=文娱体育');
INSERT INTO `jc_log` VALUES ('12', '1', '1', '3', '2011-12-20 14:20:04', '127.0.0.1', '/jeeadmin/jeecms/channel/o_update.do', '修改栏目', 'id=12;name=国际新闻');
INSERT INTO `jc_log` VALUES ('13', '1', '1', '3', '2011-12-20 14:33:27', '127.0.0.1', '/jeeadmin/jeecms/channel/o_update.do', '修改栏目', 'id=1;name=新闻');
INSERT INTO `jc_log` VALUES ('14', '1', '1', '3', '2011-12-20 14:34:11', '127.0.0.1', '/jeeadmin/jeecms/channel/o_update.do', '修改栏目', 'id=1;name=新闻');
INSERT INTO `jc_log` VALUES ('15', '1', '1', '3', '2011-12-20 14:34:17', '127.0.0.1', '/jeeadmin/jeecms/channel/o_update.do', '修改栏目', 'id=11;name=国内新闻');
INSERT INTO `jc_log` VALUES ('16', '1', '1', '3', '2011-12-20 14:35:03', '127.0.0.1', '/jeeadmin/jeecms/channel/o_update.do', '修改栏目', 'id=11;name=国内新闻');

INSERT INTO `jc_log` VALUES ('18', '1', null, '1', '2011-12-20 14:44:55', '127.0.0.1', '/jeeadmin/jeecms/login.do', '登录成功', null);
INSERT INTO `jc_log` VALUES ('19', '1', '1', '3', '2011-12-20 14:50:52', '127.0.0.1', '/jeeadmin/jeecms/group/o_save.do', '增加会员组', 'id=3;name=内部会员');
INSERT INTO `jc_log` VALUES ('20', '1', '1', '3', '2011-12-20 14:50:59', '127.0.0.1', '/jeeadmin/jeecms/group/o_update.do', '修改会员组', 'id=3;name=内部会员');
INSERT INTO `jc_log` VALUES ('21', '1', '1', '3', '2011-12-20 14:57:04', '127.0.0.1', '/jeeadmin/jeecms/member/o_save.do', '增加会员', 'id=6;username=javacoo');
INSERT INTO `jc_log` VALUES ('22', '1', null, '1', '2011-12-20 15:01:48', '127.0.0.1', '/jeeadmin/jeecms/login.do', '登录成功', null);

INSERT INTO `jc_log` VALUES ('24', '1', null, '1', '2011-12-20 15:14:34', '127.0.0.1', '/jeeadmin/jeecms/login.do', '登录成功', null);
INSERT INTO `jc_log` VALUES ('25', '1', '1', '3', '2011-12-20 15:23:29', '127.0.0.1', '/jeeadmin/jeecms/member/o_save.do', '增加会员', 'id=9;username=9527');
INSERT INTO `jc_log` VALUES ('26', '1', '1', '3', '2011-12-20 15:26:11', '127.0.0.1', '/jeeadmin/jeecms/member/o_save.do', '增加会员', 'id=10;username=朋友多珍重');
INSERT INTO `jc_log` VALUES ('27', '1', '1', '3', '2011-12-20 15:26:17', '127.0.0.1', '/jeeadmin/jeecms/member/o_update.do', '更新会员', 'id=10;username=我是传奇');
INSERT INTO `jc_log` VALUES ('28', '1', '1', '3', '2011-12-20 15:26:33', '127.0.0.1', '/jeeadmin/jeecms/member/o_update.do', '更新会员', 'id=10;username=我是传奇');
INSERT INTO `jc_log` VALUES ('29', '1', null, '1', '2011-12-20 15:28:30', '127.0.0.1', '/jeeadmin/jeecms/login.do', '登录成功', null);
INSERT INTO `jc_log` VALUES ('30', '1', '1', '3', '2011-12-20 15:28:58', '127.0.0.1', '/jeeadmin/jeecms/member/o_save.do', '增加会员', 'id=12;username=美丽紫香');
INSERT INTO `jc_log` VALUES ('31', '1', '1', '3', '2011-12-20 15:29:05', '127.0.0.1', '/jeeadmin/jeecms/member/o_update.do', '更新会员', 'id=12;username=美丽紫香');
INSERT INTO `jc_log` VALUES ('32', '1', '1', '3', '2011-12-20 15:29:31', '127.0.0.1', '/jeeadmin/jeecms/member/o_save.do', '增加会员', 'id=13;username=Eric平常心');
INSERT INTO `jc_log` VALUES ('33', '1', '1', '3', '2011-12-20 15:29:57', '127.0.0.1', '/jeeadmin/jeecms/member/o_save.do', '增加会员', 'id=14;username=kaizen');
INSERT INTO `jc_log` VALUES ('34', '1', '1', '3', '2011-12-20 15:30:10', '127.0.0.1', '/jeeadmin/jeecms/member/o_save.do', '增加会员', 'id=15;username=spring');
INSERT INTO `jc_log` VALUES ('35', '1', '1', '3', '2011-12-20 15:30:27', '127.0.0.1', '/jeeadmin/jeecms/member/o_save.do', '增加会员', 'id=16;username=starsea');
INSERT INTO `jc_log` VALUES ('36', '1', '1', '3', '2011-12-20 15:30:43', '127.0.0.1', '/jeeadmin/jeecms/member/o_save.do', '增加会员', 'id=17;username=Tryn.Guo');
INSERT INTO `jc_log` VALUES ('37', '1', '1', '3', '2011-12-20 15:31:00', '127.0.0.1', '/jeeadmin/jeecms/member/o_save.do', '增加会员', 'id=18;username=xxcat');
INSERT INTO `jc_log` VALUES ('38', '1', '1', '3', '2011-12-20 15:31:18', '127.0.0.1', '/jeeadmin/jeecms/member/o_save.do', '增加会员', 'id=19;username=丑牛乖乖');
INSERT INTO `jc_log` VALUES ('39', '1', '1', '3', '2011-12-20 15:31:33', '127.0.0.1', '/jeeadmin/jeecms/member/o_save.do', '增加会员', 'id=20;username=乐融融');
INSERT INTO `jc_log` VALUES ('40', '1', '1', '3', '2011-12-20 15:31:49', '127.0.0.1', '/jeeadmin/jeecms/member/o_save.do', '增加会员', 'id=21;username=依然珍惜');
INSERT INTO `jc_log` VALUES ('41', '1', '1', '3', '2011-12-20 15:32:03', '127.0.0.1', '/jeeadmin/jeecms/member/o_save.do', '增加会员', 'id=22;username=兜兜');
INSERT INTO `jc_log` VALUES ('42', '1', '1', '3', '2011-12-20 15:32:08', '127.0.0.1', '/jeeadmin/jeecms/member/o_update.do', '更新会员', 'id=22;username=兜兜');
INSERT INTO `jc_log` VALUES ('43', '1', '1', '3', '2011-12-20 15:32:22', '127.0.0.1', '/jeeadmin/jeecms/member/o_save.do', '增加会员', 'id=23;username=单刀直入');
INSERT INTO `jc_log` VALUES ('44', '1', '1', '3', '2011-12-20 15:32:35', '127.0.0.1', '/jeeadmin/jeecms/member/o_save.do', '增加会员', 'id=24;username=司马青衫');
INSERT INTO `jc_log` VALUES ('45', '1', '1', '3', '2011-12-20 15:33:09', '127.0.0.1', '/jeeadmin/jeecms/member/o_save.do', '增加会员', 'id=26;username=呼叫转移');
INSERT INTO `jc_log` VALUES ('46', '1', '1', '3', '2011-12-20 15:33:24', '127.0.0.1', '/jeeadmin/jeecms/member/o_save.do', '增加会员', 'id=27;username=心欣涟漪');
INSERT INTO `jc_log` VALUES ('47', '1', '1', '3', '2011-12-20 15:33:39', '127.0.0.1', '/jeeadmin/jeecms/member/o_save.do', '增加会员', 'id=28;username=我不是我');
INSERT INTO `jc_log` VALUES ('48', '1', '1', '3', '2011-12-20 15:33:58', '127.0.0.1', '/jeeadmin/jeecms/member/o_save.do', '增加会员', 'id=29;username=林宝坚尼');
INSERT INTO `jc_log` VALUES ('49', '1', '1', '3', '2011-12-20 15:34:30', '127.0.0.1', '/jeeadmin/jeecms/member/o_save.do', '增加会员', 'id=31;username=汉子');
INSERT INTO `jc_log` VALUES ('50', '1', '1', '3', '2011-12-20 15:34:47', '127.0.0.1', '/jeeadmin/jeecms/member/o_save.do', '增加会员', 'id=32;username=沿途迷le路');
INSERT INTO `jc_log` VALUES ('51', '1', '1', '3', '2011-12-20 15:35:06', '127.0.0.1', '/jeeadmin/jeecms/member/o_save.do', '增加会员', 'id=33;username=消失的冷清');
INSERT INTO `jc_log` VALUES ('52', '1', '1', '3', '2011-12-20 15:35:21', '127.0.0.1', '/jeeadmin/jeecms/member/o_save.do', '增加会员', 'id=34;username=火山');
INSERT INTO `jc_log` VALUES ('53', '1', '1', '3', '2011-12-20 15:35:39', '127.0.0.1', '/jeeadmin/jeecms/member/o_save.do', '增加会员', 'id=35;username=猪猪侠');
INSERT INTO `jc_log` VALUES ('54', '1', '1', '3', '2011-12-20 15:35:52', '127.0.0.1', '/jeeadmin/jeecms/member/o_save.do', '增加会员', 'id=36;username=苹果Mars');
INSERT INTO `jc_log` VALUES ('55', '1', '1', '3', '2011-12-20 15:36:08', '127.0.0.1', '/jeeadmin/jeecms/member/o_save.do', '增加会员', 'id=37;username=追梦天涯');
INSERT INTO `jc_log` VALUES ('56', '1', '1', '3', '2011-12-20 15:36:23', '127.0.0.1', '/jeeadmin/jeecms/member/o_save.do', '增加会员', 'id=38;username=闲趣');
INSERT INTO `jc_log` VALUES ('57', '1', '1', '3', '2011-12-20 15:36:44', '127.0.0.1', '/jeeadmin/jeecms/member/o_save.do', '增加会员', 'id=39;username=飞花逐月');
INSERT INTO `jc_log` VALUES ('58', '1', null, '1', '2011-12-20 15:38:50', '127.0.0.1', '/jeeadmin/jeecms/login.do', '登录成功', null);
INSERT INTO `jc_log` VALUES ('59', '1', null, '1', '2011-12-20 21:40:48', '127.0.0.1', '/jeeadmin/jeecms/login.do', '登录成功', null);
INSERT INTO `jc_log` VALUES ('60', '1', null, '1', '2011-12-20 22:03:36', '127.0.0.1', '/jeeadmin/jeecms/login.do', '登录成功', null);
INSERT INTO `jc_log` VALUES ('61', '1', null, '1', '2011-12-20 22:31:18', '127.0.0.1', '/jeeadmin/jeecms/login.do', '登录成功', null);
INSERT INTO `jc_log` VALUES ('62', '1', null, '1', '2011-12-20 22:39:02', '127.0.0.1', '/jeeadmin/jeecms/login.do', '登录成功', null);
INSERT INTO `jc_log` VALUES ('63', '1', '1', '3', '2011-12-20 22:39:16', '127.0.0.1', '/jeeadmin/jeecms/scheduler/o_update.do', '修改采集', 'id=13;name=中华美食网-川菜');
INSERT INTO `jc_log` VALUES ('64', '1', '1', '3', '2011-12-20 22:46:32', '127.0.0.1', '/jeeadmin/jeecms/acquisition/o_save.do', '增加采集', 'id=2;name=新浪-国内新闻');
INSERT INTO `jc_log` VALUES ('65', '1', null, '1', '2011-12-21 08:20:48', '127.0.0.1', '/jeeadmin/jeecms/login.do', '登录成功', null);
INSERT INTO `jc_log` VALUES ('66', '1', null, '1', '2011-12-21 08:34:21', '127.0.0.1', '/jeeadmin/jeecms/login.do', '登录成功', null);
INSERT INTO `jc_log` VALUES ('67', '1', '1', '3', '2011-12-21 08:36:45', '127.0.0.1', '/jeeadmin/jeecms/acquisition/o_update.do', '修改采集', 'id=2;name=新浪-国内新闻');
INSERT INTO `jc_log` VALUES ('68', '1', '1', '3', '2011-12-21 08:36:52', '127.0.0.1', '/jeeadmin/jeecms/acquisition/o_update.do', '修改采集', 'id=2;name=新浪-国内新闻');
INSERT INTO `jc_log` VALUES ('69', '1', '1', '3', '2011-12-21 08:37:08', '127.0.0.1', '/jeeadmin/jeecms/acquisition/o_update.do', '修改采集', 'id=2;name=新浪-国内新闻');
INSERT INTO `jc_log` VALUES ('70', '1', '1', '3', '2011-12-21 08:38:18', '127.0.0.1', '/jeeadmin/jeecms/acquisition/o_update.do', '修改采集', 'id=2;name=新浪-国内新闻');
INSERT INTO `jc_log` VALUES ('71', '1', '1', '3', '2011-12-21 08:38:44', '127.0.0.1', '/jeeadmin/jeecms/acquisition/o_save.do', '增加采集', 'id=3;name=fdfd');
INSERT INTO `jc_log` VALUES ('72', '1', '1', '3', '2011-12-21 08:39:11', '127.0.0.1', '/jeeadmin/jeecms/acquisition/o_update.do', '修改采集', 'id=3;name=fdfd');
INSERT INTO `jc_log` VALUES ('73', '1', '1', '3', '2011-12-21 08:39:14', '127.0.0.1', '/jeeadmin/jeecms/acquisition/o_delete.do', '删除采集', 'id=3;name=fdfd');
INSERT INTO `jc_log` VALUES ('74', '1', '1', '3', '2011-12-21 08:39:45', '127.0.0.1', '/jeeadmin/jeecms/scheduler/o_delete.do', '删除任务', 'id=13;name=中华美食网-川菜');
INSERT INTO `jc_log` VALUES ('75', '1', '1', '3', '2011-12-21 08:40:03', '127.0.0.1', '/jeeadmin/jeecms/scheduler/o_update.do', '修改采集', 'id=11;name=采集本地');
INSERT INTO `jc_log` VALUES ('76', '1', '1', '3', '2011-12-21 08:40:17', '127.0.0.1', '/jeeadmin/jeecms/scheduler/o_update.do', '修改采集', 'id=11;name=采集本地');
INSERT INTO `jc_log` VALUES ('77', '1', '1', '3', '2011-12-21 08:55:31', '127.0.0.1', '/jeeadmin/jeecms/acquisition/o_save.do', '增加采集', 'id=4;name=本地采集');
INSERT INTO `jc_log` VALUES ('78', '1', null, '1', '2011-12-21 09:11:13', '127.0.0.1', '/jeeadmin/jeecms/login.do', '登录成功', null);
INSERT INTO `jc_log` VALUES ('79', '1', null, '1', '2011-12-21 09:21:55', '127.0.0.1', '/jeeadmin/jeecms/login.do', '登录成功', null);
INSERT INTO `jc_log` VALUES ('80', '1', '1', '3', '2011-12-21 09:46:02', '127.0.0.1', '/jeeadmin/jeecms/acquisition/o_update.do', '修改采集', 'id=4;name=本地采集');
INSERT INTO `jc_log` VALUES ('81', '1', null, '1', '2011-12-21 10:25:31', '127.0.0.1', '/jeeadmin/jeecms/login.do', '登录成功', null);
INSERT INTO `jc_log` VALUES ('82', '1', '1', '3', '2011-12-21 10:39:32', '127.0.0.1', '/jeeadmin/jeecms/acquisition/o_delete_history.do', '删除采集历史', 'id=24;name=方便大家创建类似功能的模型,现已增加模型复制功能');
INSERT INTO `jc_log` VALUES ('83', '1', '1', '3', '2011-12-21 10:39:32', '127.0.0.1', '/jeeadmin/jeecms/acquisition/o_delete_history.do', '删除采集历史', 'id=23;name=李开复：谷歌中国市场份额两年增长一倍');
INSERT INTO `jc_log` VALUES ('84', '1', '1', '3', '2011-12-21 10:39:32', '127.0.0.1', '/jeeadmin/jeecms/acquisition/o_delete_history.do', '删除采集历史', 'id=22;name=央视：PHPWIND南京站长大会---互联网精英为中国互联网发展献计策');
INSERT INTO `jc_log` VALUES ('85', '1', '1', '3', '2011-12-21 10:39:32', '127.0.0.1', '/jeeadmin/jeecms/acquisition/o_delete_history.do', '删除采集历史', 'id=21;name=百度百科：admin5图王');
INSERT INTO `jc_log` VALUES ('86', '1', '1', '3', '2011-12-21 10:39:32', '127.0.0.1', '/jeeadmin/jeecms/acquisition/o_delete_history.do', '删除采集历史', 'id=20;name=熊晓鸽：怎样拿到他的钱？');
INSERT INTO `jc_log` VALUES ('87', '1', '1', '3', '2011-12-21 10:39:32', '127.0.0.1', '/jeeadmin/jeecms/acquisition/o_delete_history.do', '删除采集历史', 'id=19;name=阿飞的财富之旅Chinaz.com');
INSERT INTO `jc_log` VALUES ('88', '1', '1', '3', '2011-12-21 10:39:32', '127.0.0.1', '/jeeadmin/jeecms/acquisition/o_delete_history.do', '删除采集历史', 'id=18;name=方便大家创建类似功能的模型,现已增加模型复制功能');
INSERT INTO `jc_log` VALUES ('89', '1', '1', '3', '2011-12-21 10:39:33', '127.0.0.1', '/jeeadmin/jeecms/acquisition/o_delete_history.do', '删除采集历史', 'id=17;name=李开复：谷歌中国市场份额两年增长一倍');
INSERT INTO `jc_log` VALUES ('90', '1', '1', '3', '2011-12-21 10:39:33', '127.0.0.1', '/jeeadmin/jeecms/acquisition/o_delete_history.do', '删除采集历史', 'id=16;name=央视：PHPWIND南京站长大会---互联网精英为中国互联网发展献计策');
INSERT INTO `jc_log` VALUES ('91', '1', '1', '3', '2011-12-21 10:39:33', '127.0.0.1', '/jeeadmin/jeecms/acquisition/o_delete_history.do', '删除采集历史', 'id=15;name=百度百科：admin5图王');
INSERT INTO `jc_log` VALUES ('92', '1', '1', '3', '2011-12-21 10:39:33', '127.0.0.1', '/jeeadmin/jeecms/acquisition/o_delete_history.do', '删除采集历史', 'id=14;name=阿飞的财富之旅Chinaz.com');
INSERT INTO `jc_log` VALUES ('93', '1', '1', '3', '2011-12-21 10:39:33', '127.0.0.1', '/jeeadmin/jeecms/acquisition/o_delete_history.do', '删除采集历史', 'id=13;name=熊晓鸽：怎样拿到他的钱？');
INSERT INTO `jc_log` VALUES ('94', '1', '1', '3', '2011-12-21 10:39:33', '127.0.0.1', '/jeeadmin/jeecms/acquisition/o_delete_history.do', '删除采集历史', 'id=12;name=方便大家创建类似功能的模型,现已增加模型复制功能');
INSERT INTO `jc_log` VALUES ('95', '1', '1', '3', '2011-12-21 10:39:33', '127.0.0.1', '/jeeadmin/jeecms/acquisition/o_delete_history.do', '删除采集历史', 'id=11;name=李开复：谷歌中国市场份额两年增长一倍');
INSERT INTO `jc_log` VALUES ('96', '1', '1', '3', '2011-12-21 10:39:33', '127.0.0.1', '/jeeadmin/jeecms/acquisition/o_delete_history.do', '删除采集历史', 'id=10;name=央视：PHPWIND南京站长大会---互联网精英为中国互联网发展献计策');
INSERT INTO `jc_log` VALUES ('97', '1', '1', '3', '2011-12-21 10:39:33', '127.0.0.1', '/jeeadmin/jeecms/acquisition/o_delete_history.do', '删除采集历史', 'id=9;name=百度百科：admin5图王');
INSERT INTO `jc_log` VALUES ('98', '1', '1', '3', '2011-12-21 10:39:33', '127.0.0.1', '/jeeadmin/jeecms/acquisition/o_delete_history.do', '删除采集历史', 'id=8;name=熊晓鸽：怎样拿到他的钱？');
INSERT INTO `jc_log` VALUES ('99', '1', '1', '3', '2011-12-21 10:39:33', '127.0.0.1', '/jeeadmin/jeecms/acquisition/o_delete_history.do', '删除采集历史', 'id=7;name=阿飞的财富之旅Chinaz.com');
INSERT INTO `jc_log` VALUES ('100', '1', '1', '3', '2011-12-21 10:39:33', '127.0.0.1', '/jeeadmin/jeecms/acquisition/o_delete_history.do', '删除采集历史', 'id=6;name=方便大家创建类似功能的模型,现已增加模型复制功能');
INSERT INTO `jc_log` VALUES ('101', '1', '1', '3', '2011-12-21 10:39:33', '127.0.0.1', '/jeeadmin/jeecms/acquisition/o_delete_history.do', '删除采集历史', 'id=5;name=李开复：谷歌中国市场份额两年增长一倍');
INSERT INTO `jc_log` VALUES ('102', '1', '1', '3', '2011-12-21 10:39:37', '127.0.0.1', '/jeeadmin/jeecms/acquisition/o_delete_history.do', '删除采集历史', 'id=4;name=央视：PHPWIND南京站长大会---互联网精英为中国互联网发展献计策');
INSERT INTO `jc_log` VALUES ('103', '1', '1', '3', '2011-12-21 10:39:37', '127.0.0.1', '/jeeadmin/jeecms/acquisition/o_delete_history.do', '删除采集历史', 'id=3;name=百度百科：admin5图王');
INSERT INTO `jc_log` VALUES ('104', '1', '1', '3', '2011-12-21 10:39:37', '127.0.0.1', '/jeeadmin/jeecms/acquisition/o_delete_history.do', '删除采集历史', 'id=2;name=熊晓鸽：怎样拿到他的钱？');
INSERT INTO `jc_log` VALUES ('105', '1', '1', '3', '2011-12-21 10:39:37', '127.0.0.1', '/jeeadmin/jeecms/acquisition/o_delete_history.do', '删除采集历史', 'id=1;name=阿飞的财富之旅Chinaz.com');
INSERT INTO `jc_log` VALUES ('106', '1', null, '1', '2011-12-21 10:45:41', '127.0.0.1', '/jeeadmin/jeecms/login.do', '登录成功', null);
INSERT INTO `jc_log` VALUES ('107', '1', null, '1', '2011-12-21 11:14:47', '127.0.0.1', '/jeeadmin/jeecms/login.do', '登录成功', null);
INSERT INTO `jc_log` VALUES ('108', '1', '1', '3', '2011-12-21 11:15:55', '127.0.0.1', '/jeeadmin/jeecms/acquisition/o_delete_history.do', '删除采集历史', 'id=48;name=方便大家创建类似功能的模型,现已增加模型复制功能');
INSERT INTO `jc_log` VALUES ('109', '1', '1', '3', '2011-12-21 11:15:55', '127.0.0.1', '/jeeadmin/jeecms/acquisition/o_delete_history.do', '删除采集历史', 'id=47;name=李开复：谷歌中国市场份额两年增长一倍');
INSERT INTO `jc_log` VALUES ('110', '1', '1', '3', '2011-12-21 11:15:55', '127.0.0.1', '/jeeadmin/jeecms/acquisition/o_delete_history.do', '删除采集历史', 'id=46;name=央视：PHPWIND南京站长大会---互联网精英为中国互联网发展献计策');
INSERT INTO `jc_log` VALUES ('111', '1', '1', '3', '2011-12-21 11:15:55', '127.0.0.1', '/jeeadmin/jeecms/acquisition/o_delete_history.do', '删除采集历史', 'id=45;name=百度百科：admin5图王');
INSERT INTO `jc_log` VALUES ('112', '1', '1', '3', '2011-12-21 11:15:55', '127.0.0.1', '/jeeadmin/jeecms/acquisition/o_delete_history.do', '删除采集历史', 'id=44;name=阿飞的财富之旅Chinaz.com');
INSERT INTO `jc_log` VALUES ('113', '1', '1', '3', '2011-12-21 11:15:55', '127.0.0.1', '/jeeadmin/jeecms/acquisition/o_delete_history.do', '删除采集历史', 'id=43;name=熊晓鸽：怎样拿到他的钱？');
INSERT INTO `jc_log` VALUES ('114', '1', '1', '3', '2011-12-21 11:15:55', '127.0.0.1', '/jeeadmin/jeecms/acquisition/o_delete_history.do', '删除采集历史', 'id=42;name=方便大家创建类似功能的模型,现已增加模型复制功能');
INSERT INTO `jc_log` VALUES ('115', '1', '1', '3', '2011-12-21 11:15:55', '127.0.0.1', '/jeeadmin/jeecms/acquisition/o_delete_history.do', '删除采集历史', 'id=41;name=李开复：谷歌中国市场份额两年增长一倍');
INSERT INTO `jc_log` VALUES ('116', '1', '1', '3', '2011-12-21 11:15:55', '127.0.0.1', '/jeeadmin/jeecms/acquisition/o_delete_history.do', '删除采集历史', 'id=40;name=央视：PHPWIND南京站长大会---互联网精英为中国互联网发展献计策');
INSERT INTO `jc_log` VALUES ('117', '1', '1', '3', '2011-12-21 11:15:55', '127.0.0.1', '/jeeadmin/jeecms/acquisition/o_delete_history.do', '删除采集历史', 'id=39;name=百度百科：admin5图王');
INSERT INTO `jc_log` VALUES ('118', '1', '1', '3', '2011-12-21 11:15:55', '127.0.0.1', '/jeeadmin/jeecms/acquisition/o_delete_history.do', '删除采集历史', 'id=38;name=熊晓鸽：怎样拿到他的钱？');
INSERT INTO `jc_log` VALUES ('119', '1', '1', '3', '2011-12-21 11:15:55', '127.0.0.1', '/jeeadmin/jeecms/acquisition/o_delete_history.do', '删除采集历史', 'id=37;name=阿飞的财富之旅Chinaz.com');
INSERT INTO `jc_log` VALUES ('120', '1', '1', '3', '2011-12-21 11:15:55', '127.0.0.1', '/jeeadmin/jeecms/acquisition/o_delete_history.do', '删除采集历史', 'id=36;name=方便大家创建类似功能的模型,现已增加模型复制功能');
INSERT INTO `jc_log` VALUES ('121', '1', '1', '3', '2011-12-21 11:15:55', '127.0.0.1', '/jeeadmin/jeecms/acquisition/o_delete_history.do', '删除采集历史', 'id=35;name=李开复：谷歌中国市场份额两年增长一倍');
INSERT INTO `jc_log` VALUES ('122', '1', '1', '3', '2011-12-21 11:15:55', '127.0.0.1', '/jeeadmin/jeecms/acquisition/o_delete_history.do', '删除采集历史', 'id=34;name=央视：PHPWIND南京站长大会---互联网精英为中国互联网发展献计策');
INSERT INTO `jc_log` VALUES ('123', '1', '1', '3', '2011-12-21 11:15:55', '127.0.0.1', '/jeeadmin/jeecms/acquisition/o_delete_history.do', '删除采集历史', 'id=33;name=百度百科：admin5图王');
INSERT INTO `jc_log` VALUES ('124', '1', '1', '3', '2011-12-21 11:15:55', '127.0.0.1', '/jeeadmin/jeecms/acquisition/o_delete_history.do', '删除采集历史', 'id=32;name=阿飞的财富之旅Chinaz.com');
INSERT INTO `jc_log` VALUES ('125', '1', '1', '3', '2011-12-21 11:15:55', '127.0.0.1', '/jeeadmin/jeecms/acquisition/o_delete_history.do', '删除采集历史', 'id=31;name=熊晓鸽：怎样拿到他的钱？');
INSERT INTO `jc_log` VALUES ('126', '1', '1', '3', '2011-12-21 11:15:55', '127.0.0.1', '/jeeadmin/jeecms/acquisition/o_delete_history.do', '删除采集历史', 'id=30;name=方便大家创建类似功能的模型,现已增加模型复制功能');
INSERT INTO `jc_log` VALUES ('127', '1', '1', '3', '2011-12-21 11:15:55', '127.0.0.1', '/jeeadmin/jeecms/acquisition/o_delete_history.do', '删除采集历史', 'id=29;name=李开复：谷歌中国市场份额两年增长一倍');
INSERT INTO `jc_log` VALUES ('128', '1', '1', '3', '2011-12-21 11:15:59', '127.0.0.1', '/jeeadmin/jeecms/acquisition/o_delete_history.do', '删除采集历史', 'id=28;name=央视：PHPWIND南京站长大会---互联网精英为中国互联网发展献计策');
INSERT INTO `jc_log` VALUES ('129', '1', '1', '3', '2011-12-21 11:15:59', '127.0.0.1', '/jeeadmin/jeecms/acquisition/o_delete_history.do', '删除采集历史', 'id=27;name=百度百科：admin5图王');
INSERT INTO `jc_log` VALUES ('130', '1', '1', '3', '2011-12-21 11:15:59', '127.0.0.1', '/jeeadmin/jeecms/acquisition/o_delete_history.do', '删除采集历史', 'id=26;name=熊晓鸽：怎样拿到他的钱？');
INSERT INTO `jc_log` VALUES ('131', '1', '1', '3', '2011-12-21 11:15:59', '127.0.0.1', '/jeeadmin/jeecms/acquisition/o_delete_history.do', '删除采集历史', 'id=25;name=阿飞的财富之旅Chinaz.com');
INSERT INTO `jc_log` VALUES ('132', '1', null, '1', '2011-12-21 11:24:10', '127.0.0.1', '/jeeadmin/jeecms/login.do', '登录成功', null);
INSERT INTO `jc_log` VALUES ('133', '1', null, '1', '2011-12-21 11:55:36', '127.0.0.1', '/jeeadmin/jeecms/login.do', '登录成功', null);
INSERT INTO `jc_log` VALUES ('134', '1', '1', '3', '2011-12-21 11:56:47', '127.0.0.1', '/jeeadmin/jeecms/acquisition/o_delete_history.do', '删除采集历史', 'id=66;name=方便大家创建类似功能的模型,现已增加模型复制功能');
INSERT INTO `jc_log` VALUES ('135', '1', '1', '3', '2011-12-21 11:56:47', '127.0.0.1', '/jeeadmin/jeecms/acquisition/o_delete_history.do', '删除采集历史', 'id=65;name=李开复：谷歌中国市场份额两年增长一倍');
INSERT INTO `jc_log` VALUES ('136', '1', '1', '3', '2011-12-21 11:56:47', '127.0.0.1', '/jeeadmin/jeecms/acquisition/o_delete_history.do', '删除采集历史', 'id=64;name=央视：PHPWIND南京站长大会---互联网精英为中国互联网发展献计策');
INSERT INTO `jc_log` VALUES ('137', '1', '1', '3', '2011-12-21 11:56:47', '127.0.0.1', '/jeeadmin/jeecms/acquisition/o_delete_history.do', '删除采集历史', 'id=63;name=百度百科：admin5图王');
INSERT INTO `jc_log` VALUES ('138', '1', '1', '3', '2011-12-21 11:56:47', '127.0.0.1', '/jeeadmin/jeecms/acquisition/o_delete_history.do', '删除采集历史', 'id=62;name=熊晓鸽：怎样拿到他的钱？');
INSERT INTO `jc_log` VALUES ('139', '1', '1', '3', '2011-12-21 11:56:47', '127.0.0.1', '/jeeadmin/jeecms/acquisition/o_delete_history.do', '删除采集历史', 'id=61;name=阿飞的财富之旅Chinaz.com');
INSERT INTO `jc_log` VALUES ('140', '1', '1', '3', '2011-12-21 11:56:47', '127.0.0.1', '/jeeadmin/jeecms/acquisition/o_delete_history.do', '删除采集历史', 'id=60;name=方便大家创建类似功能的模型,现已增加模型复制功能');
INSERT INTO `jc_log` VALUES ('141', '1', '1', '3', '2011-12-21 11:56:47', '127.0.0.1', '/jeeadmin/jeecms/acquisition/o_delete_history.do', '删除采集历史', 'id=59;name=李开复：谷歌中国市场份额两年增长一倍');
INSERT INTO `jc_log` VALUES ('142', '1', '1', '3', '2011-12-21 11:56:47', '127.0.0.1', '/jeeadmin/jeecms/acquisition/o_delete_history.do', '删除采集历史', 'id=58;name=央视：PHPWIND南京站长大会---互联网精英为中国互联网发展献计策');
INSERT INTO `jc_log` VALUES ('143', '1', '1', '3', '2011-12-21 11:56:47', '127.0.0.1', '/jeeadmin/jeecms/acquisition/o_delete_history.do', '删除采集历史', 'id=57;name=百度百科：admin5图王');
INSERT INTO `jc_log` VALUES ('144', '1', '1', '3', '2011-12-21 11:56:47', '127.0.0.1', '/jeeadmin/jeecms/acquisition/o_delete_history.do', '删除采集历史', 'id=56;name=熊晓鸽：怎样拿到他的钱？');
INSERT INTO `jc_log` VALUES ('145', '1', '1', '3', '2011-12-21 11:56:47', '127.0.0.1', '/jeeadmin/jeecms/acquisition/o_delete_history.do', '删除采集历史', 'id=55;name=阿飞的财富之旅Chinaz.com');
INSERT INTO `jc_log` VALUES ('146', '1', '1', '3', '2011-12-21 11:56:47', '127.0.0.1', '/jeeadmin/jeecms/acquisition/o_delete_history.do', '删除采集历史', 'id=54;name=方便大家创建类似功能的模型,现已增加模型复制功能');
INSERT INTO `jc_log` VALUES ('147', '1', '1', '3', '2011-12-21 11:56:47', '127.0.0.1', '/jeeadmin/jeecms/acquisition/o_delete_history.do', '删除采集历史', 'id=53;name=李开复：谷歌中国市场份额两年增长一倍');
INSERT INTO `jc_log` VALUES ('148', '1', '1', '3', '2011-12-21 11:56:47', '127.0.0.1', '/jeeadmin/jeecms/acquisition/o_delete_history.do', '删除采集历史', 'id=52;name=央视：PHPWIND南京站长大会---互联网精英为中国互联网发展献计策');
INSERT INTO `jc_log` VALUES ('149', '1', '1', '3', '2011-12-21 11:56:47', '127.0.0.1', '/jeeadmin/jeecms/acquisition/o_delete_history.do', '删除采集历史', 'id=51;name=百度百科：admin5图王');
INSERT INTO `jc_log` VALUES ('150', '1', '1', '3', '2011-12-21 11:56:47', '127.0.0.1', '/jeeadmin/jeecms/acquisition/o_delete_history.do', '删除采集历史', 'id=50;name=熊晓鸽：怎样拿到他的钱？');
INSERT INTO `jc_log` VALUES ('151', '1', '1', '3', '2011-12-21 11:56:47', '127.0.0.1', '/jeeadmin/jeecms/acquisition/o_delete_history.do', '删除采集历史', 'id=49;name=阿飞的财富之旅Chinaz.com');
INSERT INTO `jc_log` VALUES ('152', '1', '1', '3', '2011-12-21 11:57:47', '127.0.0.1', '/jeeadmin/jeecms/scheduler/o_update.do', '修改采集', 'id=11;name=采集本地');
INSERT INTO `jc_log` VALUES ('153', '1', null, '1', '2011-12-21 14:11:34', '127.0.0.1', '/jeeadmin/jeecms/login.do', '登录成功', null);
INSERT INTO `jc_log` VALUES ('154', '1', null, '1', '2011-12-21 14:47:37', '127.0.0.1', '/jeeadmin/jeecms/login.do', '登录成功', null);
INSERT INTO `jc_log` VALUES ('155', '1', '1', '3', '2011-12-21 15:31:16', '127.0.0.1', '/jeeadmin/jeecms/model/o_save.do', '增加模型', 'id=8;name=菜谱');
INSERT INTO `jc_log` VALUES ('156', '1', '1', '3', '2011-12-21 15:33:24', '127.0.0.1', '/jeeadmin/jeecms/model/o_save.do', '增加模型', 'id=9;name=百科');
INSERT INTO `jc_log` VALUES ('157', '1', '1', '3', '2011-12-21 15:35:53', '127.0.0.1', '/jeeadmin/jeecms/model/o_save.do', '增加模型', 'id=10;name=健康');
INSERT INTO `jc_log` VALUES ('158', '1', '1', '3', '2011-12-21 15:38:36', '127.0.0.1', '/jeeadmin/jeecms/model/o_save.do', '增加模型', 'id=11;name=人才');
INSERT INTO `jc_log` VALUES ('159', '1', '1', '3', '2011-12-21 15:41:41', '127.0.0.1', '/jeeadmin/jeecms/model/o_save.do', '增加模型', 'id=12;name=企业');
INSERT INTO `jc_log` VALUES ('160', '1', '1', '3', '2011-12-21 15:43:41', '127.0.0.1', '/jeeadmin/jeecms/model/o_save.do', '增加模型', 'id=13;name=餐厅');
INSERT INTO `jc_log` VALUES ('161', '1', '1', '3', '2011-12-21 15:45:46', '127.0.0.1', '/jeeadmin/jeecms/model/o_save.do', '增加模型', 'id=14;name=商机');
INSERT INTO `jc_log` VALUES ('162', '1', '1', '3', '2011-12-21 15:48:09', '127.0.0.1', '/jeeadmin/jeecms/model/o_update.do', '修改模型', 'id=6;name=视频');
INSERT INTO `jc_log` VALUES ('163', '1', '1', '3', '2011-12-21 15:48:15', '127.0.0.1', '/jeeadmin/jeecms/model/o_update.do', '修改模型', 'id=7;name=产品');
INSERT INTO `jc_log` VALUES ('164', '1', '1', '3', '2011-12-21 15:48:22', '127.0.0.1', '/jeeadmin/jeecms/model/o_update.do', '修改模型', 'id=5;name=图库');
INSERT INTO `jc_log` VALUES ('165', '1', '1', '3', '2011-12-21 15:48:27', '127.0.0.1', '/jeeadmin/jeecms/model/o_update.do', '修改模型', 'id=4;name=下载');
INSERT INTO `jc_log` VALUES ('166', '1', '1', '3', '2011-12-21 15:48:31', '127.0.0.1', '/jeeadmin/jeecms/model/o_update.do', '修改模型', 'id=3;name=作品');
INSERT INTO `jc_log` VALUES ('167', '1', '1', '3', '2011-12-21 15:48:37', '127.0.0.1', '/jeeadmin/jeecms/model/o_update.do', '修改模型', 'id=1;name=新闻');
INSERT INTO `jc_log` VALUES ('168', '1', null, '1', '2011-12-21 16:26:13', '127.0.0.1', '/jeeadmin/jeecms/login.do', '登录成功', null);
INSERT INTO `jc_log` VALUES ('169', '1', '1', '3', '2011-12-21 16:31:14', '127.0.0.1', '/jeeadmin/jeecms/channel/o_update.do', '修改栏目', 'id=1;name=新闻');
INSERT INTO `jc_log` VALUES ('170', '1', '1', '3', '2011-12-21 16:31:40', '127.0.0.1', '/jeeadmin/jeecms/channel/o_update.do', '修改栏目', 'id=46;name=视频');
INSERT INTO `jc_log` VALUES ('171', '1', '1', '3', '2011-12-21 16:32:15', '127.0.0.1', '/jeeadmin/jeecms/channel/o_update.do', '修改栏目', 'id=9;name=下载');
INSERT INTO `jc_log` VALUES ('172', '1', '1', '3', '2011-12-21 16:32:28', '127.0.0.1', '/jeeadmin/jeecms/channel/o_update.do', '修改栏目', 'id=48;name=产品');
INSERT INTO `jc_log` VALUES ('173', '1', null, '1', '2011-12-21 17:38:55', '127.0.0.1', '/jeeadmin/jeecms/login.do', '登录成功', null);
INSERT INTO `jc_log` VALUES ('174', '1', '1', '3', '2011-12-21 17:52:07', '127.0.0.1', '/jeeadmin/jeecms/channel/o_update.do', '修改栏目', 'id=1;name=美食资讯');
INSERT INTO `jc_log` VALUES ('175', '1', '1', '3', '2011-12-21 17:53:33', '127.0.0.1', '/jeeadmin/jeecms/channel/o_update.do', '修改栏目', 'id=42;name=美食图库');
INSERT INTO `jc_log` VALUES ('176', '1', '1', '3', '2011-12-21 17:54:34', '127.0.0.1', '/jeeadmin/jeecms/channel/o_update.do', '修改栏目', 'id=46;name=美食视频');
INSERT INTO `jc_log` VALUES ('177', '1', '1', '3', '2011-12-21 17:59:08', '127.0.0.1', '/jeeadmin/jeecms/channel/o_update.do', '修改栏目', 'id=9;name=美食期刊');
INSERT INTO `jc_log` VALUES ('178', '1', '1', '3', '2011-12-21 18:00:38', '127.0.0.1', '/jeeadmin/jeecms/channel/o_update.do', '修改栏目', 'id=47;name=美食作品');
INSERT INTO `jc_log` VALUES ('179', '1', '1', '3', '2011-12-21 18:01:29', '127.0.0.1', '/jeeadmin/jeecms/channel/o_update.do', '修改栏目', 'id=48;name=美食产品');
INSERT INTO `jc_log` VALUES ('180', '1', '1', '3', '2011-12-21 18:01:46', '127.0.0.1', '/jeeadmin/jeecms/channel/o_update.do', '修改栏目', 'id=47;name=美食作品');
INSERT INTO `jc_log` VALUES ('181', '1', '1', '3', '2011-12-21 18:01:51', '127.0.0.1', '/jeeadmin/jeecms/channel/o_update.do', '修改栏目', 'id=46;name=美食视频');
INSERT INTO `jc_log` VALUES ('182', '1', '1', '3', '2011-12-21 18:01:57', '127.0.0.1', '/jeeadmin/jeecms/channel/o_update.do', '修改栏目', 'id=42;name=美食图库');
INSERT INTO `jc_log` VALUES ('183', '1', '1', '3', '2011-12-21 18:02:30', '127.0.0.1', '/jeeadmin/jeecms/group/o_save.do', '增加会员组', 'id=4;name=企业会员');
INSERT INTO `jc_log` VALUES ('184', '1', '1', '3', '2011-12-21 18:03:21', '127.0.0.1', '/jeeadmin/jeecms/channel/o_update.do', '修改栏目', 'id=48;name=美食产品');
INSERT INTO `jc_log` VALUES ('185', '1', null, '1', '2011-12-21 21:32:15', '127.0.0.1', '/jeeadmin/jeecms/login.do', '登录成功', null);
INSERT INTO `jc_log` VALUES ('186', '1', '1', '3', '2011-12-21 22:04:31', '127.0.0.1', '/jeeadmin/jeecms/channel/o_save.do', '增加栏目', 'id=58;title=美食菜谱');
INSERT INTO `jc_log` VALUES ('187', '1', '1', '3', '2011-12-21 22:07:28', '127.0.0.1', '/jeeadmin/jeecms/channel/o_save.do', '增加栏目', 'id=59;title=食材百科');
INSERT INTO `jc_log` VALUES ('188', '1', '1', '3', '2011-12-21 22:10:11', '127.0.0.1', '/jeeadmin/jeecms/channel/o_save.do', '增加栏目', 'id=60;title=食品企业');
INSERT INTO `jc_log` VALUES ('189', '1', '1', '3', '2011-12-21 22:12:18', '127.0.0.1', '/jeeadmin/jeecms/channel/o_save.do', '增加栏目', 'id=61;title=餐厅餐馆');
INSERT INTO `jc_log` VALUES ('190', '1', '1', '3', '2011-12-21 22:15:04', '127.0.0.1', '/jeeadmin/jeecms/channel/o_save.do', '增加栏目', 'id=62;title=美食人才');
INSERT INTO `jc_log` VALUES ('191', '1', '1', '3', '2011-12-21 22:20:00', '127.0.0.1', '/jeeadmin/jeecms/channel/o_save.do', '增加栏目', 'id=63;title=美食商机');
INSERT INTO `jc_log` VALUES ('192', '1', null, '1', '2011-12-21 22:52:00', '127.0.0.1', '/jeeadmin/jeecms/login.do', '登录成功', null);
INSERT INTO `jc_log` VALUES ('193', '1', '1', '3', '2011-12-21 22:53:20', '127.0.0.1', '/jeeadmin/jeecms/channel/o_save.do', '增加栏目', 'id=64;title=版权与免职');
INSERT INTO `jc_log` VALUES ('194', '1', '1', '3', '2011-12-21 22:53:46', '127.0.0.1', '/jeeadmin/jeecms/channel/o_update.do', '修改栏目', 'id=64;name=版权与免职');
INSERT INTO `jc_log` VALUES ('195', '1', '1', '3', '2011-12-21 22:54:24', '127.0.0.1', '/jeeadmin/jeecms/channel/o_save.do', '增加栏目', 'id=65;title=广告与合作');
INSERT INTO `jc_log` VALUES ('196', '1', '1', '3', '2011-12-21 23:02:30', '127.0.0.1', '/jeeadmin/jeecms/channel/o_update.do', '修改栏目', 'id=11;name=食品行业资讯');
INSERT INTO `jc_log` VALUES ('197', '1', '1', '3', '2011-12-21 23:03:36', '127.0.0.1', '/jeeadmin/jeecms/channel/o_update.do', '修改栏目', 'id=12;name=厨房行业资讯');
INSERT INTO `jc_log` VALUES ('198', '1', '1', '3', '2011-12-21 23:04:18', '127.0.0.1', '/jeeadmin/jeecms/channel/o_update.do', '修改栏目', 'id=13;name=餐饮资讯');
INSERT INTO `jc_log` VALUES ('199', '1', '1', '3', '2011-12-21 23:04:52', '127.0.0.1', '/jeeadmin/jeecms/channel/o_update.do', '修改栏目', 'id=14;name=生活常识');
INSERT INTO `jc_log` VALUES ('200', '1', '1', '3', '2011-12-21 23:06:49', '127.0.0.1', '/jeeadmin/jeecms/channel/o_update.do', '修改栏目', 'id=40;name=烹饪技巧');
INSERT INTO `jc_log` VALUES ('201', '1', '1', '3', '2011-12-21 23:07:44', '127.0.0.1', '/jeeadmin/jeecms/channel/o_update.do', '修改栏目', 'id=41;name=饮食养性');
INSERT INTO `jc_log` VALUES ('202', '1', '1', '3', '2011-12-21 23:07:50', '127.0.0.1', '/jeeadmin/jeecms/channel/o_update.do', '修改栏目', 'id=41;name=饮食养性');
INSERT INTO `jc_log` VALUES ('203', '1', '1', '3', '2011-12-21 23:08:41', '127.0.0.1', '/jeeadmin/jeecms/channel/o_save.do', '增加栏目', 'id=66;title=政策法规');
INSERT INTO `jc_log` VALUES ('204', '1', '1', '3', '2011-12-21 23:09:17', '127.0.0.1', '/jeeadmin/jeecms/channel/o_save.do', '增加栏目', 'id=67;title=消费资讯');
INSERT INTO `jc_log` VALUES ('205', '1', '1', '3', '2011-12-21 23:09:45', '127.0.0.1', '/jeeadmin/jeecms/channel/o_save.do', '增加栏目', 'id=68;title=饮食礼仪');
INSERT INTO `jc_log` VALUES ('206', '1', '1', '3', '2011-12-21 23:10:36', '127.0.0.1', '/jeeadmin/jeecms/channel/o_save.do', '增加栏目', 'id=69;title=美容保健');
INSERT INTO `jc_log` VALUES ('207', '1', '1', '3', '2011-12-21 23:11:10', '127.0.0.1', '/jeeadmin/jeecms/channel/o_save.do', '增加栏目', 'id=70;title=质量安全');
INSERT INTO `jc_log` VALUES ('208', '1', '1', '3', '2011-12-21 23:11:40', '127.0.0.1', '/jeeadmin/jeecms/channel/o_save.do', '增加栏目', 'id=71;title=展会信息');
INSERT INTO `jc_log` VALUES ('209', '1', null, '1', '2011-12-22 08:47:16', '127.0.0.1', '/jeeadmin/jeecms/login.do', '登录成功', null);
INSERT INTO `jc_log` VALUES ('210', '1', '1', '3', '2011-12-22 10:23:04', '127.0.0.1', '/jeeadmin/jeecms/channel/o_save.do', '增加栏目', 'id=72;title=饮食健康');
INSERT INTO `jc_log` VALUES ('211', '1', '1', '3', '2011-12-22 10:36:11', '127.0.0.1', '/jeeadmin/jeecms/channel/o_update.do', '修改栏目', 'id=1;name=美食资讯');
INSERT INTO `jc_log` VALUES ('212', '1', '1', '3', '2011-12-22 10:36:22', '127.0.0.1', '/jeeadmin/jeecms/channel/o_update.do', '修改栏目', 'id=11;name=食品行业资讯');
INSERT INTO `jc_log` VALUES ('213', '1', '1', '3', '2011-12-22 10:37:59', '127.0.0.1', '/jeeadmin/jeecms/channel/o_update.do', '修改栏目', 'id=1;name=美食资讯');
INSERT INTO `jc_log` VALUES ('214', '1', '1', '3', '2011-12-22 10:38:19', '127.0.0.1', '/jeeadmin/jeecms/channel/o_update.do', '修改栏目', 'id=11;name=食品行业资讯');
INSERT INTO `jc_log` VALUES ('215', '1', '1', '3', '2011-12-22 10:39:37', '127.0.0.1', '/jeeadmin/jeecms/site_config/o_base_update.do', '站点基本设置', null);
INSERT INTO `jc_log` VALUES ('216', '1', '1', '3', '2011-12-22 10:40:17', '127.0.0.1', '/jeeadmin/jeecms/site_config/o_base_update.do', '站点基本设置', null);
INSERT INTO `jc_log` VALUES ('217', '1', '1', '3', '2011-12-22 10:42:53', '127.0.0.1', '/jeeadmin/jeecms/channel/o_update.do', '修改栏目', 'id=1;name=美食资讯');
INSERT INTO `jc_log` VALUES ('218', '1', '1', '3', '2011-12-22 10:50:22', '127.0.0.1', '/jeeadmin/jeecms/advertising_space/o_save.do', '增加广告版位', 'id=6;name=中部740广告');
INSERT INTO `jc_log` VALUES ('219', '1', '1', '3', '2011-12-22 10:50:46', '127.0.0.1', '/jeeadmin/jeecms/advertising_space/o_save.do', '增加广告版位', 'id=7;name=右侧广告');
INSERT INTO `jc_log` VALUES ('220', '1', null, '1', '2011-12-22 10:57:34', '127.0.0.1', '/jeeadmin/jeecms/login.do', '登录成功', null);
INSERT INTO `jc_log` VALUES ('221', '1', '1', '3', '2011-12-22 10:59:07', '127.0.0.1', '/jeeadmin/jeecms/channel/o_update.do', '修改栏目', 'id=14;name=生活常识');
INSERT INTO `jc_log` VALUES ('222', '1', '1', '3', '2011-12-22 10:59:28', '127.0.0.1', '/jeeadmin/jeecms/channel/o_update.do', '修改栏目', 'id=13;name=餐饮资讯');
